This is the mail archive of the
gcc-testresults@gcc.gnu.org
mailing list for the GCC project.
Results for 4.3.0 20061124 (experimental) testsuite on x86_64-suse-linux-gnu
- From: ebotcazou at libertysurf dot fr (Eric Botcazou)
- To: gcc-testresults at gcc dot gnu dot org
- Date: Sat, 25 Nov 2006 09:16:10 +0100
- Subject: Results for 4.3.0 20061124 (experimental) testsuite on x86_64-suse-linux-gnu
LAST_UPDATED: Fri Nov 24 14:13:19 UTC 2006 (revision 119153M)
=== acats tests ===
FAIL: cdd2a02
FAIL: cxh1001
=== acats Summary ===
# of expected passes 2313
# of unexpected failures 2
Native configuration is x86_64-suse-linux-gnu
=== gcc tests ===
Running target unix
FAIL: gcc.c-torture/execute/mayalias-2.c compilation, -O3 -g (internal compiler error)
UNRESOLVED: gcc.c-torture/execute/mayalias-2.c execution, -O3 -g
FAIL: gcc.c-torture/execute/mayalias-3.c compilation, -O3 -g (internal compiler error)
UNRESOLVED: gcc.c-torture/execute/mayalias-3.c execution, -O3 -g
XPASS: gcc.dg/cpp/cmdlne-dI-M.c scan-file (^|\\\\n)cmdlne-dI-M.*:[^\\\\n]*cmdlne-dI-M.c
XPASS: gcc.dg/cpp/cmdlne-dM-M.c scan-file (^|\\\\n)cmdlne-dM-M[^\\\\n]*:[^\\\\n]*cmdlne-dM-M.c
FAIL: gcc.dg/20061124-1.c execution test
FAIL: gcc.dg/alias-10.c scan-tree-dump-times Unswitching 1
FAIL: gcc.dg/torture/builtin-sin-mpfr-1.c -O0 (test for excess errors)
FAIL: gcc.dg/torture/builtin-sin-mpfr-1.c -O1 (test for excess errors)
FAIL: gcc.dg/torture/builtin-sin-mpfr-1.c -O2 (test for excess errors)
FAIL: gcc.dg/torture/builtin-sin-mpfr-1.c -O3 -fomit-frame-pointer (test for excess errors)
FAIL: gcc.dg/torture/builtin-sin-mpfr-1.c -O3 -fomit-frame-pointer -funroll-loops (test for excess errors)
FAIL: gcc.dg/torture/builtin-sin-mpfr-1.c -O3 -fomit-frame-pointer -funroll-all-loops -finline-functions (test for excess errors)
FAIL: gcc.dg/torture/builtin-sin-mpfr-1.c -O3 -g (test for excess errors)
FAIL: gcc.dg/torture/builtin-sin-mpfr-1.c -Os (test for excess errors)
WARNING: gcc.dg/torture/fp-int-convert-float128-timode.c -O0 compilation failed to produce executable
WARNING: gcc.dg/torture/fp-int-convert-float128-timode.c -O1 compilation failed to produce executable
WARNING: gcc.dg/torture/fp-int-convert-float128-timode.c -O2 compilation failed to produce executable
WARNING: gcc.dg/torture/fp-int-convert-float128-timode.c -O3 -fomit-frame-pointer compilation failed to produce executable
WARNING: gcc.dg/torture/fp-int-convert-float128-timode.c -O3 -g compilation failed to produce executable
WARNING: gcc.dg/torture/fp-int-convert-float128-timode.c -Os compilation failed to produce executable
WARNING: gcc.dg/torture/fp-int-convert-float128.c -O0 compilation failed to produce executable
WARNING: gcc.dg/torture/fp-int-convert-float128.c -O1 compilation failed to produce executable
WARNING: gcc.dg/torture/fp-int-convert-float128.c -O2 compilation failed to produce executable
WARNING: gcc.dg/torture/fp-int-convert-float128.c -O3 -fomit-frame-pointer compilation failed to produce executable
WARNING: gcc.dg/torture/fp-int-convert-float128.c -O3 -g compilation failed to produce executable
WARNING: gcc.dg/torture/fp-int-convert-float128.c -Os compilation failed to produce executable
FAIL: gcc.dg/tree-ssa/loadpre1.c scan-tree-dump-times Eliminated: 1 1
FAIL: gcc.dg/tree-ssa/loadpre14.c scan-tree-dump-times Eliminated: 1 1
FAIL: gcc.dg/tree-ssa/loadpre15.c scan-tree-dump-times Eliminated: 1 1
FAIL: compiler driver --coverage option(s) (assembler options)
=== gcc Summary ===
# of expected passes 42167
# of unexpected failures 16
# of unexpected successes 2
# of expected failures 120
# of unresolved testcases 2
# of untested testcases 28
# of unsupported tests 410
/home/eric/build/gcc/native/gcc/xgcc version 4.3.0 20061124 (experimental)
=== gfortran tests ===
Running target unix
FAIL: gfortran.dg/csqrt_2.f -O0 execution test
FAIL: gfortran.dg/csqrt_2.f -O1 execution test
FAIL: gfortran.dg/csqrt_2.f -O2 execution test
FAIL: gfortran.dg/csqrt_2.f -O3 -fomit-frame-pointer execution test
FAIL: gfortran.dg/csqrt_2.f -O3 -fomit-frame-pointer -funroll-loops execution test
FAIL: gfortran.dg/csqrt_2.f -O3 -fomit-frame-pointer -funroll-all-loops -finline-functions execution test
FAIL: gfortran.dg/csqrt_2.f -O3 -g execution test
FAIL: gfortran.dg/csqrt_2.f -Os execution test
=== gfortran Summary ===
# of expected passes 15340
# of unexpected failures 8
# of expected failures 7
# of unsupported tests 17
/home/eric/build/gcc/native/gcc/testsuite/gfortran/../../gfortran version 4.3.0 20061124 (experimental)
=== g++ tests ===
Running target unix
XPASS: g++.dg/tree-ssa/ivopts-1.C scan-tree-dump-not &x\\[5\\]
=== g++ Summary ===
# of expected passes 13192
# of unexpected successes 1
# of expected failures 68
# of unsupported tests 104
/home/eric/build/gcc/native/gcc/testsuite/g++/../../g++ version 4.3.0 20061124 (experimental)
=== gnat tests ===
Running target unix
FAIL: gnat.dg/frame_overflow.adb (test for errors, line 12)
FAIL: gnat.dg/frame_overflow.adb (test for errors, line 21)
=== gnat Summary ===
# of expected passes 112
# of unexpected failures 2
=== obj-c++ tests ===
Running target unix
FAIL: obj-c++.dg/bitfield-1.mm (test for excess errors)
FAIL: obj-c++.dg/bitfield-4.mm (test for excess errors)
FAIL: obj-c++.dg/comp-types-10.mm (internal compiler error)
FAIL: obj-c++.dg/comp-types-10.mm (test for excess errors)
FAIL: obj-c++.dg/cxx-ivars-2.mm execution test
FAIL: obj-c++.dg/encode-8.mm execution test
FAIL: obj-c++.dg/gnu-runtime-2.mm (test for excess errors)
FAIL: obj-c++.dg/isa-field-1.mm (test for excess errors)
FAIL: obj-c++.dg/layout-1.mm (test for excess errors)
FAIL: obj-c++.dg/lookup-2.mm (test for excess errors)
WARNING: obj-c++.dg/lookup-2.mm compilation failed to produce executable
FAIL: obj-c++.dg/try-catch-2.mm (test for excess errors)
WARNING: obj-c++.dg/try-catch-2.mm compilation failed to produce executable
FAIL: obj-c++.dg/try-catch-9.mm (internal compiler error)
FAIL: obj-c++.dg/try-catch-9.mm (test for excess errors)
WARNING: obj-c++.dg/try-catch-9.mm compilation failed to produce executable
=== obj-c++ Summary ===
# of expected passes 424
# of unexpected failures 13
# of unsupported tests 13
/home/eric/build/gcc/native/gcc/testsuite/obj-c++/../../g++ version 4.3.0 20061124 (experimental)
=== objc tests ===
Running target unix
=== objc Summary ===
# of expected passes 1760
# of expected failures 7
# of unsupported tests 24
/home/eric/build/gcc/native/gcc/xgcc version 4.3.0 20061124 (experimental)
=== libffi tests ===
Running target unix
=== libffi Summary ===
# of expected passes 1084
# of unsupported tests 8
=== libgomp tests ===
Running target unix
=== libgomp Summary ===
# of expected passes 1544
=== libjava tests ===
Running target unix
=== libjava Summary ===
# of expected passes 7036
# of expected failures 12
# of untested testcases 8
=== libmudflap tests ===
Running target unix
FAIL: libmudflap.cth/pass59-frag.c (test for excess errors)
FAIL: libmudflap.cth/pass59-frag.c (-static -DSTATIC) (test for excess errors)
FAIL: libmudflap.cth/pass59-frag.c (-O2) (test for excess errors)
FAIL: libmudflap.cth/pass59-frag.c (-O3) (test for excess errors)
=== libmudflap Summary ===
# of expected passes 1822
# of unexpected failures 4
=== libstdc++ tests ===
Running target unix
XPASS: 26_numerics/cmath/c99_classification_macros_c.cc (test for excess errors)
XPASS: 27_io/fpos/14320-1.cc execution test
=== libstdc++ Summary ===
# of expected passes 4454
# of unexpected successes 2
# of expected failures 14
Compiler version: 4.3.0 20061124 (experimental)
Platform: x86_64-suse-linux-gnu
configure flags: x86_64-suse-linux --prefix=/home/eric/install/gcc --with-as=/home/eric/build/binutils-2_17-branch/native/gas/as-new --with-ld=/home/eric/build/binutils-2_17-branch/native/ld/ld-new --enable-__cxa_atexit --enable-checking=assert,gc,misc,rtl,rtlflag,runtime,tree --enable-languages=c,ada,c++,fortran,java,objc,obj-c++
BOOT_CFLAGS=-g -O2