This is the mail archive of the
gcc-testresults@gcc.gnu.org
mailing list for the GCC project.
Results for 4.1.2 20061125 (prerelease) testsuite on x86_64-suse-linux-gnu
- From: rschiele at gmail dot com (Robert Schiele)
- To: gcc-testresults at gcc dot gnu dot org
- Date: Sat, 25 Nov 2006 06:28:30 +0100
- Subject: Results for 4.1.2 20061125 (prerelease) testsuite on x86_64-suse-linux-gnu
# Some comments about the system:
# SUSE LINUX 10.1 (X86-64)
# VERSION = 10.1
# bash-3.1-24.3
# binutils-2.16.91.0.5-23.5
# dejagnu-1.4.4-14
# expect-5.43.0-14
# gcc-4.1.0-25
# glibc-2.4-31.1
# kernel-default-2.6.16.21-0.25
# make-3.80-200
# tcl-8.4.12-14
# texinfo-4.8-20
# Linux 2.6.16.21-0.25-default #1 Tue Sep 19 07:26:15 UTC 2006 x86_64 x86_64 x86_64 GNU/Linux
# 6:28am up 56 days 13:06, 14 users, load average: 7.65, 10.36, 8.04
# Using built-in specs.
# Target: x86_64-suse-linux
# Configured with: ../configure --enable-threads=posix --prefix=/usr --with-local-prefix=/usr/local --infodir=/usr/share/info --mandir=/usr/share/man --libdir=/usr/lib64 --libexecdir=/usr/lib64 --enable-languages=c,c++,objc,fortran,java,ada --enable-checking=release --with-gxx-include-dir=/usr/include/c++/4.1.0 --enable-ssp --disable-libssp --enable-java-awt=gtk --enable-gtk-cairo --disable-libjava-multilib --with-slibdir=/lib64 --with-system-zlib --enable-shared --enable-__cxa_atexit --enable-libstdcxx-allocator=new --without-system-libunwind --with-cpu=generic --host=x86_64-suse-linux
# Thread model: posix
# gcc version 4.1.0 (SUSE Linux)
# GNU C Library development release version 2.4 (20060526), by Roland McGrath et al.
# Configured for x86_64-suse-linux.
# Compiled by GNU CC version 4.1.0 (SUSE Linux).
# Compiled on a Linux 2.6.16 system on 2006-05-26.
# Available extensions:
# crypt add-on version 2.1 by Michael Glad and others
# GNU Libidn by Simon Josefsson
# GNU libio by Per Bothner
# NIS(YP)/NIS+ NSS modules 0.19 by Thorsten Kukuk
# Native POSIX Threads Library by Ulrich Drepper et al
# BIND-8.2.3-T5B
# Thread-local storage support included.
# For bug reporting instructions, please see:
# <http://www.gnu.org/software/libc/bugs.html>.
LAST_UPDATED: Sat Nov 25 00:58:54 UTC 2006 (revision 119182)
Native configuration is x86_64-suse-linux-gnu
=== gcc tests ===
Running target unix
FAIL: gcc.dg/20061124-1.c execution test
=== gcc Summary ===
# of expected passes 38781
# of unexpected failures 1
# of expected failures 100
# of untested testcases 28
# of unsupported tests 359
/home/robert/stuff/gcc/build/gcc/xgcc version 4.1.2 20061125 (prerelease)
=== gfortran tests ===
Running target unix
XPASS: gfortran.dg/csqrt_2.f -O0 execution test
XPASS: gfortran.dg/csqrt_2.f -O1 execution test
XPASS: gfortran.dg/csqrt_2.f -O2 execution test
XPASS: gfortran.dg/csqrt_2.f -O3 -fomit-frame-pointer execution test
XPASS: gfortran.dg/csqrt_2.f -O3 -fomit-frame-pointer -funroll-loops execution test
XPASS: gfortran.dg/csqrt_2.f -O3 -fomit-frame-pointer -funroll-all-loops -finline-functions execution test
XPASS: gfortran.dg/csqrt_2.f -O3 -g execution test
XPASS: gfortran.dg/csqrt_2.f -Os execution test
XPASS: gfortran.dg/vect/vect-5.f90 -O scan-tree-dump-times vectorized 2 loops 1
XPASS: gfortran.dg/vect/vect-5.f90 -O scan-tree-dump-times Alignment of access forced using peeling 1
XPASS: gfortran.dg/vect/vect-5.f90 -O scan-tree-dump-times Vectorizing an unaligned access 2
=== gfortran Summary ===
# of expected passes 13482
# of unexpected successes 11
# of expected failures 5
# of unsupported tests 16
/home/robert/stuff/gcc/build/gcc/testsuite/gfortran/../../gfortran version 4.1.2 20061125 (prerelease)
=== g++ tests ===
Running target unix
XPASS: g++.dg/tree-ssa/pr14814.C scan-tree-dump-times &this 0
XPASS: g++.old-deja/g++.other/init5.C execution test
=== g++ Summary ===
# of expected passes 12289
# of unexpected successes 2
# of expected failures 66
# of unsupported tests 98
/home/robert/stuff/gcc/build/gcc/testsuite/g++/../../g++ version 4.1.2 20061125 (prerelease)
=== objc tests ===
Running target unix
=== objc Summary ===
# of expected passes 1692
# of unsupported tests 22
/home/robert/stuff/gcc/build/gcc/xgcc version 4.1.2 20061125 (prerelease)
=== libmudflap tests ===
Running target unix
WARNING: program timed out.
FAIL: libmudflap.cth/pass37-frag.c (-static -DSTATIC) (rerun 1) execution test
WARNING: program timed out.
FAIL: libmudflap.cth/pass37-frag.c (-O2) (rerun 14) execution test
FAIL: libmudflap.cth/pass37-frag.c (-O2) (rerun 14) output pattern test
WARNING: program timed out.
FAIL: libmudflap.cth/pass37-frag.c (-O2) (rerun 15) execution test
FAIL: libmudflap.cth/pass37-frag.c (-O2) (rerun 15) output pattern test
WARNING: program timed out.
FAIL: libmudflap.cth/pass39-frag.c (-O2) (rerun 3) execution test
FAIL: libmudflap.cth/pass39-frag.c (-O2) (rerun 3) output pattern test
WARNING: program timed out.
FAIL: libmudflap.cth/pass39-frag.c (-O2) (rerun 4) execution test
FAIL: libmudflap.cth/pass39-frag.c (-O2) (rerun 4) output pattern test
WARNING: program timed out.
FAIL: libmudflap.cth/pass39-frag.c (-O2) (rerun 6) execution test
FAIL: libmudflap.cth/pass39-frag.c (-O2) (rerun 6) output pattern test
WARNING: program timed out.
FAIL: libmudflap.cth/pass39-frag.c (-O2) (rerun 9) execution test
FAIL: libmudflap.cth/pass39-frag.c (-O2) (rerun 9) output pattern test
WARNING: program timed out.
FAIL: libmudflap.cth/pass39-frag.c (-O3) (rerun 2) execution test
FAIL: libmudflap.cth/pass39-frag.c (-O3) (rerun 2) output pattern test
=== libmudflap Summary ===
# of expected passes 1784
# of unexpected failures 15
=== libstdc++ tests ===
Running target unix
XPASS: 26_numerics/cmath/c99_classification_macros_c.cc (test for excess errors)
XPASS: 27_io/fpos/14320-1.cc execution test
=== libstdc++ Summary ===
# of expected passes 4020
# of unexpected successes 2
# of expected failures 11
# of unsupported tests 13
Compiler version: 4.1.2 20061125 (prerelease)
Platform: x86_64-suse-linux-gnu
configure flags: --enable-threads=posix --prefix=/home/robert/stuff/gcc/inst/gcc412 --libexecdir=/home/robert/stuff/gcc/inst/gcc412/lib --disable-checking --disable-libgcj --with-gxx-include-dir=/home/robert/stuff/gcc/inst/gcc412/include/g++ --with-system-zlib --enable-shared --enable-__cxa_atexit x86_64-suse-linux --enable-languages=c,c++,fortran,objc