This is the mail archive of the
gcc-testresults@gcc.gnu.org
mailing list for the GCC project.
Results for 4.3.0 20061123 (experimental) testsuite on x86_64-redhat-linux-gnu
- From: Grigory Zagorodnev <grigory_zagorodnev at linux dot intel dot com>
- To: gcc-testresults at gcc dot gnu dot org
- Date: Fri, 24 Nov 2006 00:08:15 +0300
- Subject: Results for 4.3.0 20061123 (experimental) testsuite on x86_64-redhat-linux-gnu
LAST_UPDATED: Thu Nov 23 17:25:08 UTC 2006 (revision 119124)
Native configuration is x86_64-redhat-linux-gnu
=== g++ tests ===
Running target unix
XPASS: g++.dg/tree-ssa/ivopts-1.C scan-tree-dump-not &x\[5\]
=== g++ Summary ===
# of expected passes 13191
# of unexpected successes 1
# of expected failures 68
# of unsupported tests 104
/home/testbot/bootstrap/007622/bld/gcc/testsuite/g++/../../g++ version 4.3.0 20061123 (experimental)
=== gcc tests ===
Running target unix
FAIL: gcc.c-torture/execute/mayalias-2.c compilation, -O3 -g (internal compiler error)
UNRESOLVED: gcc.c-torture/execute/mayalias-2.c execution, -O3 -g
FAIL: gcc.c-torture/execute/mayalias-3.c compilation, -O3 -g (internal compiler error)
UNRESOLVED: gcc.c-torture/execute/mayalias-3.c execution, -O3 -g
FAIL: gcc.dg/alias-10.c scan-tree-dump-times Unswitching 1
FAIL: gcc.dg/inline-16.c (test for excess errors)
WARNING: gcc.dg/torture/fp-int-convert-float128-timode.c -O0 compilation failed to produce executable
WARNING: gcc.dg/torture/fp-int-convert-float128-timode.c -O1 compilation failed to produce executable
WARNING: gcc.dg/torture/fp-int-convert-float128-timode.c -O2 compilation failed to produce executable
WARNING: gcc.dg/torture/fp-int-convert-float128-timode.c -O3 -fomit-frame-pointer compilation failed to produce executable
WARNING: gcc.dg/torture/fp-int-convert-float128-timode.c -O3 -g compilation failed to produce executable
WARNING: gcc.dg/torture/fp-int-convert-float128-timode.c -Os compilation failed to produce executable
WARNING: gcc.dg/torture/fp-int-convert-float128.c -O0 compilation failed to produce executable
WARNING: gcc.dg/torture/fp-int-convert-float128.c -O1 compilation failed to produce executable
WARNING: gcc.dg/torture/fp-int-convert-float128.c -O2 compilation failed to produce executable
WARNING: gcc.dg/torture/fp-int-convert-float128.c -O3 -fomit-frame-pointer compilation failed to produce executable
WARNING: gcc.dg/torture/fp-int-convert-float128.c -O3 -g compilation failed to produce executable
WARNING: gcc.dg/torture/fp-int-convert-float128.c -Os compilation failed to produce executable
FAIL: gcc.dg/tree-ssa/loadpre1.c scan-tree-dump-times Eliminated: 1 1
FAIL: gcc.dg/tree-ssa/loadpre14.c scan-tree-dump-times Eliminated: 1 1
FAIL: gcc.dg/tree-ssa/loadpre15.c scan-tree-dump-times Eliminated: 1 1
=== gcc Summary ===
# of expected passes 42112
# of unexpected failures 7
# of expected failures 122
# of unresolved testcases 2
# of untested testcases 28
# of unsupported tests 410
/home/testbot/bootstrap/007622/bld/gcc/xgcc version 4.3.0 20061123 (experimental)
=== gfortran tests ===
Running target unix
FAIL: gfortran.dg/csqrt_2.f -O0 execution test
FAIL: gfortran.dg/csqrt_2.f -O1 execution test
FAIL: gfortran.dg/csqrt_2.f -O2 execution test
FAIL: gfortran.dg/csqrt_2.f -O3 -fomit-frame-pointer execution test
FAIL: gfortran.dg/csqrt_2.f -O3 -fomit-frame-pointer -funroll-loops execution test
FAIL: gfortran.dg/csqrt_2.f -O3 -fomit-frame-pointer -funroll-all-loops -finline-functions execution test
FAIL: gfortran.dg/csqrt_2.f -O3 -g execution test
FAIL: gfortran.dg/csqrt_2.f -Os execution test
=== gfortran Summary ===
# of expected passes 15324
# of unexpected failures 8
# of expected failures 7
# of unsupported tests 17
/home/testbot/bootstrap/007622/bld/gcc/testsuite/gfortran/../../gfortran version 4.3.0 20061123 (experimental)
=== objc tests ===
Running target unix
=== objc Summary ===
# of expected passes 1760
# of expected failures 7
# of unsupported tests 24
/home/testbot/bootstrap/007622/bld/gcc/xgcc version 4.3.0 20061123 (experimental)
=== libffi tests ===
Running target unix
=== libffi Summary ===
# of expected passes 1084
# of unsupported tests 8
=== libgomp tests ===
Running target unix
FAIL: libgomp.c/appendix-a/a.2.1.c execution test
FAIL: libgomp.c/atomic-2.c (test for excess errors)
WARNING: libgomp.c/atomic-2.c compilation failed to produce executable
=== libgomp Summary ===
# of expected passes 1541
# of unexpected failures 2
=== libjava tests ===
Running target unix
FAIL: PR28178 run
FAIL: calls execution - gij test
FAIL: field execution - gij test
FAIL: final_method execution - gij test
FAIL: iface execution - gij test
FAIL: martin execution - gij test
FAIL: pr11951 execution - gij test
FAIL: simple_int execution - gij test
FAIL: throwit execution - gij test
FAIL: virtual execution - gij test
FAIL: ArrayStore execution - gij test
FAIL: Array_3 execution - gij test
FAIL: ExtraClassLoader execution - gij test
FAIL: ExtraClassLoader execution - gij test
FAIL: FileHandleGcTest execution - gij test
FAIL: FileHandleGcTest execution - gij test
FAIL: Float_1 execution - gij test
FAIL: G19990303_02 execution - gij test
FAIL: II execution - gij test
FAIL: InterfaceDispatch -findirect-dispatch execution - bytecode->native test
FAIL: InvokeReturn execution - gij test
FAIL: Invoke_2 execution - gij test
FAIL: Invoke_2 execution - gij test
FAIL: PR16867 execution - gij test
FAIL: PR19870 execution - gij test
FAIL: PR19921 execution - gij test
FAIL: PR5057 execution - gij test
FAIL: PR6820 execution - gij test
FAIL: Process_2 -findirect-dispatch execution - bytecode->native test
FAIL: Process_3 execution - source compiled test
FAIL: Process_3 -O3 execution - source compiled test
FAIL: Process_3 execution - gij test
FAIL: Process_3 execution - gij test
FAIL: Process_5 execution - gij test
FAIL: Serialization execution - gij test
FAIL: Shazam -O3 execution - bytecode->native test
FAIL: StringBuffer_overflow execution - bytecode->native test
FAIL: SyncTest -O3 execution - source compiled test
FAIL: Synch -O3 execution - source compiled test
FAIL: Synch execution - gij test
FAIL: TestProxy execution - gij test
FAIL: anon4 -findirect-dispatch execution - bytecode->native test
FAIL: anon_ctor_itf_arg -findirect-dispatch execution - bytecode->native test
FAIL: assign2 execution - gij test
FAIL: bytearray execution - gij test
FAIL: direct_write execution - gij test
FAIL: err11 execution - gij test
FAIL: err11 execution - gij test
FAIL: err2 execution - gij test
FAIL: err2 -O3 execution - bytecode->native test
FAIL: err3 execution - gij test
FAIL: err7 execution - gij test
FAIL: err9 execution - gij test
FAIL: final_static_and_friend -O3 execution - bytecode->native test
FAIL: indirect execution - gij test
FAIL: inner3 -findirect-dispatch execution - bytecode->native test
FAIL: instance execution - gij test
FAIL: negzero execution - gij test
FAIL: pr13107_3 execution - gij test
FAIL: pr133 -findirect-dispatch execution - bytecode->native test
FAIL: pr17536 execution - gij test
FAIL: pr179 execution - gij test
FAIL: pr83 execution - gij test
FAIL: pr8415 -O3 execution - bytecode->native test
FAIL: pr8676 execution - gij test
FAIL: pr8945 execution - gij test
FAIL: shatest execution - gij test
FAIL: stacktrace execution - bytecode->native test
FAIL: stacktrace execution - gij test
FAIL: stacktrace -O3 -findirect-dispatch execution - bytecode->native test
FAIL: tmi execution - gij test
FAIL: tmi execution - gij test
FAIL: utf8concat execution - gij test
FAIL: pr21115 run
=== libjava Summary ===
# of expected passes 6888
# of unexpected failures 74
# of expected failures 12
# of untested testcases 82
=== libmudflap tests ===
Running target unix
FAIL: libmudflap.cth/pass59-frag.c (test for excess errors)
FAIL: libmudflap.cth/pass59-frag.c (-static -DSTATIC) (test for excess errors)
FAIL: libmudflap.cth/pass59-frag.c (-O2) (test for excess errors)
FAIL: libmudflap.cth/pass59-frag.c (-O3) (test for excess errors)
=== libmudflap Summary ===
# of expected passes 1822
# of unexpected failures 4
=== libstdc++ tests ===
Running target unix
XPASS: 26_numerics/cmath/c99_classification_macros_c.cc (test for excess errors)
XPASS: 27_io/fpos/14320-1.cc execution test
=== libstdc++ Summary ===
# of expected passes 4454
# of unexpected successes 2
# of expected failures 14
Compiler version: 4.3.0 20061123 (experimental)
Platform: x86_64-redhat-linux-gnu
configure flags: --prefix=/home/testbot/bootstrap/007622/usr --program-suffix=-43 -enable-shared --enable-threads=posix --enable-checking --with-system-zlib --enable-__cxa_atexit --host=x86_64-redhat-linux --enable-languages=c,c++,fortran,java,objc