This is the mail archive of the
gcc-testresults@gcc.gnu.org
mailing list for the GCC project.
Results for 4.3.0 20061123 (experimental) [trunk revision 119116] testsuite on ia64-unknown-linux-gnu
- From: hjl at gnu-14 dot sc dot intel dot com (H.J. Lu)
- To: gcc-testresults at gcc dot gnu dot org
- Date: Thu, 23 Nov 2006 09:17:56 -0800 (PST)
- Subject: Results for 4.3.0 20061123 (experimental) [trunk revision 119116] testsuite on ia64-unknown-linux-gnu
LAST_UPDATED: Thu Nov 23 15:02:19 UTC 2006 (revision 119116)
Native configuration is ia64-unknown-linux-gnu
=== gcc tests ===
Running target unix
FAIL: gcc.c-torture/execute/mayalias-2.c compilation, -O3 -g (internal compiler error)
UNRESOLVED: gcc.c-torture/execute/mayalias-2.c execution, -O3 -g
FAIL: gcc.c-torture/execute/mayalias-3.c compilation, -O3 -g (internal compiler error)
UNRESOLVED: gcc.c-torture/execute/mayalias-3.c execution, -O3 -g
FAIL: gcc.dg/alias-10.c scan-tree-dump-times Unswitching 1
FAIL: gcc.dg/builtin-apply4.c execution test
FAIL: gcc.dg/inline-16.c (test for excess errors)
WARNING: gcc.dg/torture/fp-int-convert-float128-timode.c -O0 compilation failed to produce executable
WARNING: gcc.dg/torture/fp-int-convert-float128-timode.c -O1 compilation failed to produce executable
WARNING: gcc.dg/torture/fp-int-convert-float128-timode.c -O2 compilation failed to produce executable
WARNING: gcc.dg/torture/fp-int-convert-float128-timode.c -O3 -fomit-frame-pointer compilation failed to produce executable
WARNING: gcc.dg/torture/fp-int-convert-float128-timode.c -O3 -g compilation failed to produce executable
WARNING: gcc.dg/torture/fp-int-convert-float128-timode.c -Os compilation failed to produce executable
FAIL: gcc.dg/torture/fp-int-convert-float128.c -O0 (test for excess errors)
WARNING: gcc.dg/torture/fp-int-convert-float128.c -O0 compilation failed to produce executable
FAIL: gcc.dg/torture/fp-int-convert-float128.c -O1 (test for excess errors)
WARNING: gcc.dg/torture/fp-int-convert-float128.c -O1 compilation failed to produce executable
FAIL: gcc.dg/torture/fp-int-convert-float128.c -O2 (test for excess errors)
WARNING: gcc.dg/torture/fp-int-convert-float128.c -O2 compilation failed to produce executable
FAIL: gcc.dg/torture/fp-int-convert-float128.c -O3 -fomit-frame-pointer (test for excess errors)
WARNING: gcc.dg/torture/fp-int-convert-float128.c -O3 -fomit-frame-pointer compilation failed to produce executable
FAIL: gcc.dg/torture/fp-int-convert-float128.c -O3 -g (test for excess errors)
WARNING: gcc.dg/torture/fp-int-convert-float128.c -O3 -g compilation failed to produce executable
FAIL: gcc.dg/torture/fp-int-convert-float128.c -Os (test for excess errors)
WARNING: gcc.dg/torture/fp-int-convert-float128.c -Os compilation failed to produce executable
FAIL: gcc.dg/tree-ssa/loadpre1.c scan-tree-dump-times Eliminated: 1 1
FAIL: gcc.dg/tree-ssa/loadpre14.c scan-tree-dump-times Eliminated: 1 1
FAIL: gcc.dg/tree-ssa/loadpre15.c scan-tree-dump-times Eliminated: 1 1
XPASS: gcc.dg/tree-ssa/loop-1.c scan-assembler-times foo 5
XPASS: gcc.dg/vect/pr16105.c scan-tree-dump-times vectorized 1 loops 1
XPASS: gcc.dg/vect/pr20122.c scan-tree-dump-times vectorized 1 loops 2
XPASS: gcc.dg/vect/vect-105.c scan-tree-dump-times vectorized 1 loops 1
XPASS: gcc.dg/vect/vect-30.c scan-tree-dump-times vectorized 1 loops 2
XPASS: gcc.dg/vect/vect-42.c scan-tree-dump-times vectorized 1 loops 1
XPASS: gcc.dg/vect/vect-43.c scan-tree-dump-times vectorized 1 loops 1
XPASS: gcc.dg/vect/vect-74.c scan-tree-dump-times vectorized 1 loops 1
XPASS: gcc.dg/vect/vect-75.c scan-tree-dump-times vectorized 1 loops 1
XPASS: gcc.dg/vect/vect-8.c scan-tree-dump-times vectorized 1 loops 1
XPASS: gcc.dg/vect/vect-multitypes-3.c scan-tree-dump-times vectorized 1 loops 1
XPASS: gcc.dg/vect/vect-multitypes-6.c scan-tree-dump-times vectorized 1 loops 1
FAIL: gcc.dg/vect/vect-pow-1.c scan-tree-dump pattern recognized
FAIL: gcc.dg/vect/vect-pow-2.c scan-tree-dump pattern recognized
FAIL: gcc.dg/vect/vect-reduc-dot-s16b.c scan-tree-dump-times vectorized 1 loops 0
FAIL: gcc.dg/vect/vect-reduc-pattern-1a.c scan-tree-dump-times vectorized 1 loops 0
FAIL: gcc.dg/vect/vect-reduc-pattern-1c.c scan-tree-dump-times vectorized 1 loops 0
FAIL: gcc.dg/vect/vect-reduc-pattern-2a.c scan-tree-dump-times vectorized 1 loops 0
FAIL: gcc.dg/vect/wrapv-vect-reduc-pattern-2c.c scan-tree-dump-times vectorized 1 loops 0
=== gcc Summary ===
# of expected passes 40866
# of unexpected failures 21
# of unexpected successes 12
# of expected failures 156
# of unresolved testcases 2
# of untested testcases 28
# of unsupported tests 352
/export/build/gnu/gcc/build-ia64-linux/gcc/xgcc version 4.3.0 20061123 (experimental) [trunk revision 119116]
=== gfortran tests ===
Running target unix
FAIL: gfortran.dg/vect/vect-4.f90 -O scan-tree-dump-times Alignment of access forced using peeling 1
FAIL: gfortran.dg/vect/vect-4.f90 -O scan-tree-dump-times Vectorizing an unaligned access 1
=== gfortran Summary ===
# of expected passes 15322
# of unexpected failures 2
# of expected failures 11
# of unsupported tests 19
/export/build/gnu/gcc/build-ia64-linux/gcc/testsuite/gfortran/../../gfortran version 4.3.0 20061123 (experimental) [trunk revision 119116]
=== g++ tests ===
Running target unix
=== g++ Summary ===
# of expected passes 12613
# of expected failures 67
# of unsupported tests 114
/export/build/gnu/gcc/build-ia64-linux/gcc/testsuite/g++/../../g++ version 4.3.0 20061123 (experimental) [trunk revision 119116]
=== objc tests ===
Running target unix
=== objc Summary ===
# of expected passes 1758
# of expected failures 7
# of unsupported tests 25
/export/build/gnu/gcc/build-ia64-linux/gcc/xgcc version 4.3.0 20061123 (experimental) [trunk revision 119116]
=== libffi tests ===
Running target unix
=== libffi Summary ===
# of expected passes 1084
# of unsupported tests 8
=== libgomp tests ===
Running target unix
=== libgomp Summary ===
# of expected passes 1544
=== libjava tests ===
Running target unix
FAIL: SyncTest execution - gij test
FAIL: SyncTest execution - gij test
FAIL: Throw_3 -O3 output - source compiled test
FAIL: Throw_3 -O3 output - bytecode->native test
FAIL: Throw_3 -O3 -findirect-dispatch output - bytecode->native test
=== libjava Summary ===
# of expected passes 7029
# of unexpected failures 5
# of expected failures 12
# of untested testcases 10
=== libmudflap tests ===
Running target unix
WARNING: program timed out.
FAIL: libmudflap.cth/pass37-frag.c execution test
FAIL: libmudflap.cth/pass37-frag.c output pattern test
WARNING: program timed out.
FAIL: libmudflap.cth/pass37-frag.c (rerun 1) execution test
FAIL: libmudflap.cth/pass37-frag.c (rerun 1) output pattern test
WARNING: program timed out.
FAIL: libmudflap.cth/pass37-frag.c (rerun 2) execution test
FAIL: libmudflap.cth/pass37-frag.c (rerun 2) output pattern test
WARNING: program timed out.
FAIL: libmudflap.cth/pass37-frag.c (rerun 3) execution test
FAIL: libmudflap.cth/pass37-frag.c (rerun 3) output pattern test
WARNING: program timed out.
FAIL: libmudflap.cth/pass37-frag.c (rerun 4) execution test
FAIL: libmudflap.cth/pass37-frag.c (rerun 4) output pattern test
WARNING: program timed out.
FAIL: libmudflap.cth/pass37-frag.c (rerun 5) execution test
FAIL: libmudflap.cth/pass37-frag.c (rerun 5) output pattern test
WARNING: program timed out.
FAIL: libmudflap.cth/pass37-frag.c (rerun 6) execution test
FAIL: libmudflap.cth/pass37-frag.c (rerun 6) output pattern test
WARNING: program timed out.
FAIL: libmudflap.cth/pass37-frag.c (rerun 7) execution test
FAIL: libmudflap.cth/pass37-frag.c (rerun 7) output pattern test
WARNING: program timed out.
FAIL: libmudflap.cth/pass37-frag.c (rerun 8) execution test
FAIL: libmudflap.cth/pass37-frag.c (rerun 8) output pattern test
WARNING: program timed out.
FAIL: libmudflap.cth/pass37-frag.c (rerun 9) execution test
FAIL: libmudflap.cth/pass37-frag.c (rerun 9) output pattern test
WARNING: program timed out.
FAIL: libmudflap.cth/pass37-frag.c (rerun 10) execution test
FAIL: libmudflap.cth/pass37-frag.c (rerun 10) output pattern test
WARNING: program timed out.
FAIL: libmudflap.cth/pass37-frag.c (rerun 11) execution test
FAIL: libmudflap.cth/pass37-frag.c (rerun 11) output pattern test
WARNING: program timed out.
FAIL: libmudflap.cth/pass37-frag.c (rerun 12) execution test
FAIL: libmudflap.cth/pass37-frag.c (rerun 12) output pattern test
WARNING: program timed out.
FAIL: libmudflap.cth/pass37-frag.c (rerun 13) execution test
FAIL: libmudflap.cth/pass37-frag.c (rerun 13) output pattern test
WARNING: program timed out.
FAIL: libmudflap.cth/pass37-frag.c (rerun 14) execution test
FAIL: libmudflap.cth/pass37-frag.c (rerun 14) output pattern test
WARNING: program timed out.
FAIL: libmudflap.cth/pass37-frag.c (rerun 15) execution test
FAIL: libmudflap.cth/pass37-frag.c (rerun 15) output pattern test
WARNING: program timed out.
FAIL: libmudflap.cth/pass37-frag.c (rerun 16) execution test
FAIL: libmudflap.cth/pass37-frag.c (rerun 16) output pattern test
WARNING: program timed out.
FAIL: libmudflap.cth/pass37-frag.c (rerun 17) execution test
FAIL: libmudflap.cth/pass37-frag.c (rerun 17) output pattern test
WARNING: program timed out.
FAIL: libmudflap.cth/pass37-frag.c (rerun 18) execution test
FAIL: libmudflap.cth/pass37-frag.c (rerun 18) output pattern test
WARNING: program timed out.
FAIL: libmudflap.cth/pass37-frag.c (rerun 19) execution test
FAIL: libmudflap.cth/pass37-frag.c (rerun 19) output pattern test
WARNING: program timed out.
FAIL: libmudflap.cth/pass39-frag.c execution test
FAIL: libmudflap.cth/pass39-frag.c output pattern test
WARNING: program timed out.
FAIL: libmudflap.cth/pass39-frag.c (rerun 1) execution test
FAIL: libmudflap.cth/pass39-frag.c (rerun 1) output pattern test
WARNING: program timed out.
FAIL: libmudflap.cth/pass39-frag.c (rerun 2) execution test
FAIL: libmudflap.cth/pass39-frag.c (rerun 2) output pattern test
WARNING: program timed out.
FAIL: libmudflap.cth/pass39-frag.c (rerun 3) execution test
FAIL: libmudflap.cth/pass39-frag.c (rerun 3) output pattern test
WARNING: program timed out.
FAIL: libmudflap.cth/pass39-frag.c (rerun 4) execution test
FAIL: libmudflap.cth/pass39-frag.c (rerun 4) output pattern test
WARNING: program timed out.
FAIL: libmudflap.cth/pass39-frag.c (rerun 5) execution test
FAIL: libmudflap.cth/pass39-frag.c (rerun 5) output pattern test
WARNING: program timed out.
FAIL: libmudflap.cth/pass39-frag.c (rerun 6) execution test
FAIL: libmudflap.cth/pass39-frag.c (rerun 6) output pattern test
WARNING: program timed out.
FAIL: libmudflap.cth/pass39-frag.c (rerun 7) execution test
FAIL: libmudflap.cth/pass39-frag.c (rerun 7) output pattern test
WARNING: program timed out.
FAIL: libmudflap.cth/pass39-frag.c (rerun 8) execution test
FAIL: libmudflap.cth/pass39-frag.c (rerun 8) output pattern test
WARNING: program timed out.
FAIL: libmudflap.cth/pass39-frag.c (rerun 9) execution test
FAIL: libmudflap.cth/pass39-frag.c (rerun 9) output pattern test
WARNING: program timed out.
FAIL: libmudflap.cth/pass39-frag.c (rerun 10) execution test
FAIL: libmudflap.cth/pass39-frag.c (rerun 10) output pattern test
WARNING: program timed out.
FAIL: libmudflap.cth/pass39-frag.c (rerun 11) execution test
FAIL: libmudflap.cth/pass39-frag.c (rerun 11) output pattern test
WARNING: program timed out.
FAIL: libmudflap.cth/pass39-frag.c (rerun 12) execution test
FAIL: libmudflap.cth/pass39-frag.c (rerun 12) output pattern test
WARNING: program timed out.
FAIL: libmudflap.cth/pass39-frag.c (rerun 13) execution test
FAIL: libmudflap.cth/pass39-frag.c (rerun 13) output pattern test
WARNING: program timed out.
FAIL: libmudflap.cth/pass39-frag.c (rerun 14) execution test
FAIL: libmudflap.cth/pass39-frag.c (rerun 14) output pattern test
WARNING: program timed out.
FAIL: libmudflap.cth/pass39-frag.c (rerun 15) execution test
FAIL: libmudflap.cth/pass39-frag.c (rerun 15) output pattern test
WARNING: program timed out.
FAIL: libmudflap.cth/pass39-frag.c (rerun 16) execution test
FAIL: libmudflap.cth/pass39-frag.c (rerun 16) output pattern test
WARNING: program timed out.
FAIL: libmudflap.cth/pass39-frag.c (rerun 17) execution test
FAIL: libmudflap.cth/pass39-frag.c (rerun 17) output pattern test
WARNING: program timed out.
FAIL: libmudflap.cth/pass39-frag.c (rerun 18) execution test
FAIL: libmudflap.cth/pass39-frag.c (rerun 18) output pattern test
WARNING: program timed out.
FAIL: libmudflap.cth/pass39-frag.c (rerun 19) execution test
FAIL: libmudflap.cth/pass39-frag.c (rerun 19) output pattern test
WARNING: program timed out.
FAIL: libmudflap.cth/pass40-frag.c execution test
FAIL: libmudflap.cth/pass40-frag.c output pattern test
FAIL: libmudflap.cth/pass59-frag.c (test for excess errors)
FAIL: libmudflap.cth/pass59-frag.c (-static -DSTATIC) (test for excess errors)
WARNING: program timed out.
FAIL: libmudflap.cth/pass37-frag.c (-O2) execution test
FAIL: libmudflap.cth/pass37-frag.c (-O2) output pattern test
WARNING: program timed out.
FAIL: libmudflap.cth/pass37-frag.c (-O2) (rerun 1) execution test
FAIL: libmudflap.cth/pass37-frag.c (-O2) (rerun 1) output pattern test
WARNING: program timed out.
FAIL: libmudflap.cth/pass37-frag.c (-O2) (rerun 2) execution test
FAIL: libmudflap.cth/pass37-frag.c (-O2) (rerun 2) output pattern test
WARNING: program timed out.
FAIL: libmudflap.cth/pass37-frag.c (-O2) (rerun 3) execution test
FAIL: libmudflap.cth/pass37-frag.c (-O2) (rerun 3) output pattern test
WARNING: program timed out.
FAIL: libmudflap.cth/pass37-frag.c (-O2) (rerun 4) execution test
FAIL: libmudflap.cth/pass37-frag.c (-O2) (rerun 4) output pattern test
WARNING: program timed out.
FAIL: libmudflap.cth/pass37-frag.c (-O2) (rerun 5) execution test
FAIL: libmudflap.cth/pass37-frag.c (-O2) (rerun 5) output pattern test
WARNING: program timed out.
FAIL: libmudflap.cth/pass37-frag.c (-O2) (rerun 6) execution test
FAIL: libmudflap.cth/pass37-frag.c (-O2) (rerun 6) output pattern test
WARNING: program timed out.
FAIL: libmudflap.cth/pass37-frag.c (-O2) (rerun 7) execution test
FAIL: libmudflap.cth/pass37-frag.c (-O2) (rerun 7) output pattern test
WARNING: program timed out.
FAIL: libmudflap.cth/pass37-frag.c (-O2) (rerun 8) execution test
FAIL: libmudflap.cth/pass37-frag.c (-O2) (rerun 8) output pattern test
WARNING: program timed out.
FAIL: libmudflap.cth/pass37-frag.c (-O2) (rerun 9) execution test
FAIL: libmudflap.cth/pass37-frag.c (-O2) (rerun 9) output pattern test
WARNING: program timed out.
FAIL: libmudflap.cth/pass37-frag.c (-O2) (rerun 10) execution test
FAIL: libmudflap.cth/pass37-frag.c (-O2) (rerun 10) output pattern test
WARNING: program timed out.
FAIL: libmudflap.cth/pass37-frag.c (-O2) (rerun 11) execution test
FAIL: libmudflap.cth/pass37-frag.c (-O2) (rerun 11) output pattern test
WARNING: program timed out.
FAIL: libmudflap.cth/pass37-frag.c (-O2) (rerun 12) execution test
FAIL: libmudflap.cth/pass37-frag.c (-O2) (rerun 12) output pattern test
WARNING: program timed out.
FAIL: libmudflap.cth/pass37-frag.c (-O2) (rerun 13) execution test
FAIL: libmudflap.cth/pass37-frag.c (-O2) (rerun 13) output pattern test
WARNING: program timed out.
FAIL: libmudflap.cth/pass37-frag.c (-O2) (rerun 14) execution test
FAIL: libmudflap.cth/pass37-frag.c (-O2) (rerun 14) output pattern test
WARNING: program timed out.
FAIL: libmudflap.cth/pass37-frag.c (-O2) (rerun 15) execution test
FAIL: libmudflap.cth/pass37-frag.c (-O2) (rerun 15) output pattern test
WARNING: program timed out.
FAIL: libmudflap.cth/pass37-frag.c (-O2) (rerun 16) execution test
FAIL: libmudflap.cth/pass37-frag.c (-O2) (rerun 16) output pattern test
WARNING: program timed out.
FAIL: libmudflap.cth/pass37-frag.c (-O2) (rerun 17) execution test
FAIL: libmudflap.cth/pass37-frag.c (-O2) (rerun 17) output pattern test
WARNING: program timed out.
FAIL: libmudflap.cth/pass37-frag.c (-O2) (rerun 18) execution test
FAIL: libmudflap.cth/pass37-frag.c (-O2) (rerun 18) output pattern test
WARNING: program timed out.
FAIL: libmudflap.cth/pass37-frag.c (-O2) (rerun 19) execution test
FAIL: libmudflap.cth/pass37-frag.c (-O2) (rerun 19) output pattern test
WARNING: program timed out.
FAIL: libmudflap.cth/pass39-frag.c (-O2) execution test
FAIL: libmudflap.cth/pass39-frag.c (-O2) output pattern test
WARNING: program timed out.
FAIL: libmudflap.cth/pass39-frag.c (-O2) (rerun 1) execution test
FAIL: libmudflap.cth/pass39-frag.c (-O2) (rerun 1) output pattern test
WARNING: program timed out.
FAIL: libmudflap.cth/pass39-frag.c (-O2) (rerun 2) execution test
FAIL: libmudflap.cth/pass39-frag.c (-O2) (rerun 2) output pattern test
WARNING: program timed out.
FAIL: libmudflap.cth/pass39-frag.c (-O2) (rerun 3) execution test
FAIL: libmudflap.cth/pass39-frag.c (-O2) (rerun 3) output pattern test
WARNING: program timed out.
FAIL: libmudflap.cth/pass39-frag.c (-O2) (rerun 4) execution test
FAIL: libmudflap.cth/pass39-frag.c (-O2) (rerun 4) output pattern test
WARNING: program timed out.
FAIL: libmudflap.cth/pass39-frag.c (-O2) (rerun 5) execution test
FAIL: libmudflap.cth/pass39-frag.c (-O2) (rerun 5) output pattern test
WARNING: program timed out.
FAIL: libmudflap.cth/pass39-frag.c (-O2) (rerun 6) execution test
FAIL: libmudflap.cth/pass39-frag.c (-O2) (rerun 6) output pattern test
WARNING: program timed out.
FAIL: libmudflap.cth/pass39-frag.c (-O2) (rerun 7) execution test
FAIL: libmudflap.cth/pass39-frag.c (-O2) (rerun 7) output pattern test
WARNING: program timed out.
FAIL: libmudflap.cth/pass39-frag.c (-O2) (rerun 8) execution test
FAIL: libmudflap.cth/pass39-frag.c (-O2) (rerun 8) output pattern test
WARNING: program timed out.
FAIL: libmudflap.cth/pass39-frag.c (-O2) (rerun 9) execution test
FAIL: libmudflap.cth/pass39-frag.c (-O2) (rerun 9) output pattern test
WARNING: program timed out.
FAIL: libmudflap.cth/pass39-frag.c (-O2) (rerun 10) execution test
FAIL: libmudflap.cth/pass39-frag.c (-O2) (rerun 10) output pattern test
WARNING: program timed out.
FAIL: libmudflap.cth/pass39-frag.c (-O2) (rerun 11) execution test
FAIL: libmudflap.cth/pass39-frag.c (-O2) (rerun 11) output pattern test
WARNING: program timed out.
FAIL: libmudflap.cth/pass39-frag.c (-O2) (rerun 12) execution test
FAIL: libmudflap.cth/pass39-frag.c (-O2) (rerun 12) output pattern test
WARNING: program timed out.
FAIL: libmudflap.cth/pass39-frag.c (-O2) (rerun 13) execution test
FAIL: libmudflap.cth/pass39-frag.c (-O2) (rerun 13) output pattern test
WARNING: program timed out.
FAIL: libmudflap.cth/pass39-frag.c (-O2) (rerun 14) execution test
FAIL: libmudflap.cth/pass39-frag.c (-O2) (rerun 14) output pattern test
WARNING: program timed out.
FAIL: libmudflap.cth/pass39-frag.c (-O2) (rerun 15) execution test
FAIL: libmudflap.cth/pass39-frag.c (-O2) (rerun 15) output pattern test
WARNING: program timed out.
FAIL: libmudflap.cth/pass39-frag.c (-O2) (rerun 16) execution test
FAIL: libmudflap.cth/pass39-frag.c (-O2) (rerun 16) output pattern test
WARNING: program timed out.
FAIL: libmudflap.cth/pass39-frag.c (-O2) (rerun 17) execution test
FAIL: libmudflap.cth/pass39-frag.c (-O2) (rerun 17) output pattern test
WARNING: program timed out.
FAIL: libmudflap.cth/pass39-frag.c (-O2) (rerun 18) execution test
FAIL: libmudflap.cth/pass39-frag.c (-O2) (rerun 18) output pattern test
WARNING: program timed out.
FAIL: libmudflap.cth/pass39-frag.c (-O2) (rerun 19) execution test
FAIL: libmudflap.cth/pass39-frag.c (-O2) (rerun 19) output pattern test
WARNING: program timed out.
FAIL: libmudflap.cth/pass40-frag.c (-O2) execution test
FAIL: libmudflap.cth/pass40-frag.c (-O2) output pattern test
FAIL: libmudflap.cth/pass59-frag.c (-O2) (test for excess errors)
WARNING: program timed out.
FAIL: libmudflap.cth/pass37-frag.c (-O3) execution test
FAIL: libmudflap.cth/pass37-frag.c (-O3) output pattern test
WARNING: program timed out.
FAIL: libmudflap.cth/pass37-frag.c (-O3) (rerun 1) execution test
FAIL: libmudflap.cth/pass37-frag.c (-O3) (rerun 1) output pattern test
WARNING: program timed out.
FAIL: libmudflap.cth/pass37-frag.c (-O3) (rerun 2) execution test
FAIL: libmudflap.cth/pass37-frag.c (-O3) (rerun 2) output pattern test
WARNING: program timed out.
FAIL: libmudflap.cth/pass37-frag.c (-O3) (rerun 3) execution test
FAIL: libmudflap.cth/pass37-frag.c (-O3) (rerun 3) output pattern test
WARNING: program timed out.
FAIL: libmudflap.cth/pass37-frag.c (-O3) (rerun 4) execution test
FAIL: libmudflap.cth/pass37-frag.c (-O3) (rerun 4) output pattern test
WARNING: program timed out.
FAIL: libmudflap.cth/pass37-frag.c (-O3) (rerun 5) execution test
FAIL: libmudflap.cth/pass37-frag.c (-O3) (rerun 5) output pattern test
WARNING: program timed out.
FAIL: libmudflap.cth/pass37-frag.c (-O3) (rerun 6) execution test
FAIL: libmudflap.cth/pass37-frag.c (-O3) (rerun 6) output pattern test
WARNING: program timed out.
FAIL: libmudflap.cth/pass37-frag.c (-O3) (rerun 7) execution test
FAIL: libmudflap.cth/pass37-frag.c (-O3) (rerun 7) output pattern test
WARNING: program timed out.
FAIL: libmudflap.cth/pass37-frag.c (-O3) (rerun 8) execution test
FAIL: libmudflap.cth/pass37-frag.c (-O3) (rerun 8) output pattern test
WARNING: program timed out.
FAIL: libmudflap.cth/pass37-frag.c (-O3) (rerun 9) execution test
FAIL: libmudflap.cth/pass37-frag.c (-O3) (rerun 9) output pattern test
WARNING: program timed out.
FAIL: libmudflap.cth/pass37-frag.c (-O3) (rerun 10) execution test
FAIL: libmudflap.cth/pass37-frag.c (-O3) (rerun 10) output pattern test
WARNING: program timed out.
FAIL: libmudflap.cth/pass37-frag.c (-O3) (rerun 11) execution test
FAIL: libmudflap.cth/pass37-frag.c (-O3) (rerun 11) output pattern test
WARNING: program timed out.
FAIL: libmudflap.cth/pass37-frag.c (-O3) (rerun 12) execution test
FAIL: libmudflap.cth/pass37-frag.c (-O3) (rerun 12) output pattern test
WARNING: program timed out.
FAIL: libmudflap.cth/pass37-frag.c (-O3) (rerun 13) execution test
FAIL: libmudflap.cth/pass37-frag.c (-O3) (rerun 13) output pattern test
WARNING: program timed out.
FAIL: libmudflap.cth/pass37-frag.c (-O3) (rerun 14) execution test
FAIL: libmudflap.cth/pass37-frag.c (-O3) (rerun 14) output pattern test
WARNING: program timed out.
FAIL: libmudflap.cth/pass37-frag.c (-O3) (rerun 15) execution test
FAIL: libmudflap.cth/pass37-frag.c (-O3) (rerun 15) output pattern test
WARNING: program timed out.
FAIL: libmudflap.cth/pass37-frag.c (-O3) (rerun 16) execution test
FAIL: libmudflap.cth/pass37-frag.c (-O3) (rerun 16) output pattern test
WARNING: program timed out.
FAIL: libmudflap.cth/pass37-frag.c (-O3) (rerun 17) execution test
FAIL: libmudflap.cth/pass37-frag.c (-O3) (rerun 17) output pattern test
WARNING: program timed out.
FAIL: libmudflap.cth/pass37-frag.c (-O3) (rerun 18) execution test
FAIL: libmudflap.cth/pass37-frag.c (-O3) (rerun 18) output pattern test
WARNING: program timed out.
FAIL: libmudflap.cth/pass37-frag.c (-O3) (rerun 19) execution test
FAIL: libmudflap.cth/pass37-frag.c (-O3) (rerun 19) output pattern test
WARNING: program timed out.
FAIL: libmudflap.cth/pass39-frag.c (-O3) execution test
FAIL: libmudflap.cth/pass39-frag.c (-O3) output pattern test
WARNING: program timed out.
FAIL: libmudflap.cth/pass39-frag.c (-O3) (rerun 1) execution test
FAIL: libmudflap.cth/pass39-frag.c (-O3) (rerun 1) output pattern test
WARNING: program timed out.
FAIL: libmudflap.cth/pass39-frag.c (-O3) (rerun 2) execution test
FAIL: libmudflap.cth/pass39-frag.c (-O3) (rerun 2) output pattern test
WARNING: program timed out.
FAIL: libmudflap.cth/pass39-frag.c (-O3) (rerun 3) execution test
FAIL: libmudflap.cth/pass39-frag.c (-O3) (rerun 3) output pattern test
WARNING: program timed out.
FAIL: libmudflap.cth/pass39-frag.c (-O3) (rerun 4) execution test
FAIL: libmudflap.cth/pass39-frag.c (-O3) (rerun 4) output pattern test
WARNING: program timed out.
FAIL: libmudflap.cth/pass39-frag.c (-O3) (rerun 5) execution test
FAIL: libmudflap.cth/pass39-frag.c (-O3) (rerun 5) output pattern test
WARNING: program timed out.
FAIL: libmudflap.cth/pass39-frag.c (-O3) (rerun 6) execution test
FAIL: libmudflap.cth/pass39-frag.c (-O3) (rerun 6) output pattern test
WARNING: program timed out.
FAIL: libmudflap.cth/pass39-frag.c (-O3) (rerun 7) execution test
FAIL: libmudflap.cth/pass39-frag.c (-O3) (rerun 7) output pattern test
WARNING: program timed out.
FAIL: libmudflap.cth/pass39-frag.c (-O3) (rerun 8) execution test
FAIL: libmudflap.cth/pass39-frag.c (-O3) (rerun 8) output pattern test
WARNING: program timed out.
FAIL: libmudflap.cth/pass39-frag.c (-O3) (rerun 9) execution test
FAIL: libmudflap.cth/pass39-frag.c (-O3) (rerun 9) output pattern test
WARNING: program timed out.
FAIL: libmudflap.cth/pass39-frag.c (-O3) (rerun 10) execution test
FAIL: libmudflap.cth/pass39-frag.c (-O3) (rerun 10) output pattern test
WARNING: program timed out.
FAIL: libmudflap.cth/pass39-frag.c (-O3) (rerun 11) execution test
FAIL: libmudflap.cth/pass39-frag.c (-O3) (rerun 11) output pattern test
WARNING: program timed out.
FAIL: libmudflap.cth/pass39-frag.c (-O3) (rerun 12) execution test
FAIL: libmudflap.cth/pass39-frag.c (-O3) (rerun 12) output pattern test
WARNING: program timed out.
FAIL: libmudflap.cth/pass39-frag.c (-O3) (rerun 13) execution test
FAIL: libmudflap.cth/pass39-frag.c (-O3) (rerun 13) output pattern test
WARNING: program timed out.
FAIL: libmudflap.cth/pass39-frag.c (-O3) (rerun 14) execution test
FAIL: libmudflap.cth/pass39-frag.c (-O3) (rerun 14) output pattern test
WARNING: program timed out.
FAIL: libmudflap.cth/pass39-frag.c (-O3) (rerun 15) execution test
FAIL: libmudflap.cth/pass39-frag.c (-O3) (rerun 15) output pattern test
WARNING: program timed out.
FAIL: libmudflap.cth/pass39-frag.c (-O3) (rerun 16) execution test
FAIL: libmudflap.cth/pass39-frag.c (-O3) (rerun 16) output pattern test
WARNING: program timed out.
FAIL: libmudflap.cth/pass39-frag.c (-O3) (rerun 17) execution test
FAIL: libmudflap.cth/pass39-frag.c (-O3) (rerun 17) output pattern test
WARNING: program timed out.
FAIL: libmudflap.cth/pass39-frag.c (-O3) (rerun 18) execution test
FAIL: libmudflap.cth/pass39-frag.c (-O3) (rerun 18) output pattern test
WARNING: program timed out.
FAIL: libmudflap.cth/pass39-frag.c (-O3) (rerun 19) execution test
FAIL: libmudflap.cth/pass39-frag.c (-O3) (rerun 19) output pattern test
WARNING: program timed out.
FAIL: libmudflap.cth/pass40-frag.c (-O3) execution test
FAIL: libmudflap.cth/pass40-frag.c (-O3) output pattern test
FAIL: libmudflap.cth/pass59-frag.c (-O3) (test for excess errors)
=== libmudflap Summary ===
# of expected passes 1576
# of unexpected failures 250
=== libstdc++ tests ===
Running target unix
XPASS: 26_numerics/cmath/c99_classification_macros_c.cc (test for excess errors)
XPASS: 27_io/fpos/14320-1.cc execution test
FAIL: ext/pb_ds/regression/priority_queue_rand.cc execution test
=== libstdc++ Summary ===
# of expected passes 4453
# of unexpected failures 1
# of unexpected successes 2
# of expected failures 14
Compiler version: 4.3.0 20061123 (experimental) [trunk revision 119116]
Platform: ia64-unknown-linux-gnu
configure flags: --enable-clocale=gnu --with-system-zlib --with-demangler-in-ld --enable-shared --enable-threads=posix --enable-haifa --enable-checking=assert --prefix=/usr/gcc-4.3 --with-local-prefix=/usr/local --enable-languages=c,c++,fortran,java,objc