This is the mail archive of the
gcc-testresults@gcc.gnu.org
mailing list for the GCC project.
Results for 4.3.0 20061104 (experimental) testsuite on hppa64-hp-hpux11.11
- From: John David Anglin <dave at hiauly3 dot hia dot nrc dot ca>
- To: dave at hiauly3 dot hia dot nrc dot ca, gcc-testresults at gcc dot gnu dot org
- Date: Wed, 22 Nov 2006 13:36:37 -0500 (EST)
- Subject: Results for 4.3.0 20061104 (experimental) testsuite on hppa64-hp-hpux11.11
LAST_UPDATED: Wed Nov 22 03:59:44 UTC 2006 (revision 118470M)
Native configuration is hppa64-hp-hpux11.11
=== g++ tests ===
Running target unix
XPASS: g++.dg/tree-ssa/ivopts-1.C scan-tree-dump-not &x\\[5\\]
=== g++ Summary ===
# of expected passes 12391
# of unexpected successes 1
# of expected failures 71
# of unsupported tests 144
/test/gnu/gcc/objdir/gcc/testsuite/g++/../../g++ version 4.3.0 20061104 (experimental)
=== gcc tests ===
Running target unix
WARNING: program timed out.
FAIL: gcc.c-torture/compile/20001226-1.c -O2 (test for excess errors)
WARNING: program timed out.
FAIL: gcc.c-torture/compile/20001226-1.c -O3 -fomit-frame-pointer (test for excess errors)
WARNING: program timed out.
FAIL: gcc.c-torture/compile/20001226-1.c -O3 -g (test for excess errors)
WARNING: program timed out.
FAIL: gcc.c-torture/compile/20001226-1.c -Os (test for excess errors)
FAIL: gcc.c-torture/execute/mayalias-2.c compilation, -O3 -g (internal compiler error)
UNRESOLVED: gcc.c-torture/execute/mayalias-2.c execution, -O3 -g
XPASS: gcc.dg/cpp/cmdlne-dI-M.c scan-file (^|\\\\n)cmdlne-dI-M.*:[^\\\\n]*cmdlne-dI-M.c
XPASS: gcc.dg/cpp/cmdlne-dM-M.c scan-file (^|\\\\n)cmdlne-dM-M[^\\\\n]*:[^\\\\n]*cmdlne-dM-M.c
FAIL: gcc.dg/builtin-bswap-1.c (test for excess errors)
ERROR: gcc.dg/builtin-bswap-1.c: error executing dg-final: couldn't open "builtin-bswap-1.s": no such file or directory
UNRESOLVED: gcc.dg/builtin-bswap-1.c: error executing dg-final: couldn't open "builtin-bswap-1.s": no such file or directory
FAIL: gcc.dg/builtin-bswap-2.c (test for excess errors)
WARNING: gcc.dg/builtin-bswap-2.c compilation failed to produce executable
FAIL: gcc.dg/builtin-bswap-3.c (test for excess errors)
WARNING: gcc.dg/builtin-bswap-3.c compilation failed to produce executable
FAIL: gcc.dg/builtin-bswap-4.c (test for excess errors)
WARNING: gcc.dg/builtin-bswap-4.c compilation failed to produce executable
FAIL: gcc.dg/builtins-57.c scan-tree-dump trunc
XPASS: gcc.dg/funcorder.c scan-assembler-not link_error,%r
FAIL: gcc.dg/inline-16.c (test for excess errors)
FAIL: gcc.dg/pr28796-2.c (test for excess errors)
WARNING: gcc.dg/pr28796-2.c compilation failed to produce executable
FAIL: gcc.dg/torture/builtin-sin-mpfr-1.c -O0 (test for excess errors)
FAIL: gcc.dg/torture/builtin-sin-mpfr-1.c -O1 (test for excess errors)
FAIL: gcc.dg/torture/builtin-sin-mpfr-1.c -O2 (test for excess errors)
FAIL: gcc.dg/torture/builtin-sin-mpfr-1.c -O3 -fomit-frame-pointer (test for excess errors)
FAIL: gcc.dg/torture/builtin-sin-mpfr-1.c -O3 -fomit-frame-pointer -funroll-loops (test for excess errors)
FAIL: gcc.dg/torture/builtin-sin-mpfr-1.c -O3 -fomit-frame-pointer -funroll-all-loops -finline-functions (test for excess errors)
FAIL: gcc.dg/torture/builtin-sin-mpfr-1.c -O3 -g (test for excess errors)
FAIL: gcc.dg/torture/builtin-sin-mpfr-1.c -Os (test for excess errors)
FAIL: gcc.dg/tree-ssa/loadpre1.c scan-tree-dump-times Eliminated: 1 1
FAIL: gcc.dg/tree-ssa/loadpre14.c scan-tree-dump-times Eliminated: 1 1
FAIL: gcc.dg/tree-ssa/loadpre15.c scan-tree-dump-times Eliminated: 1 1
FAIL: gcc.target/i386/math-torture/lceil.c -O0 (internal compiler error)
FAIL: gcc.target/i386/math-torture/lceil.c -O0 (test for excess errors)
FAIL: gcc.target/i386/math-torture/lceil.c -O1 (internal compiler error)
FAIL: gcc.target/i386/math-torture/lceil.c -O1 (test for excess errors)
FAIL: gcc.target/i386/math-torture/lceil.c -O2 (internal compiler error)
FAIL: gcc.target/i386/math-torture/lceil.c -O2 (test for excess errors)
FAIL: gcc.target/i386/math-torture/lceil.c -O3 -fomit-frame-pointer (internal compiler error)
FAIL: gcc.target/i386/math-torture/lceil.c -O3 -fomit-frame-pointer (test for excess errors)
FAIL: gcc.target/i386/math-torture/lceil.c -O3 -g (internal compiler error)
FAIL: gcc.target/i386/math-torture/lceil.c -O3 -g (test for excess errors)
FAIL: gcc.target/i386/math-torture/lceil.c -Os (internal compiler error)
FAIL: gcc.target/i386/math-torture/lceil.c -Os (test for excess errors)
FAIL: gcc.target/i386/math-torture/lfloor.c -O0 (internal compiler error)
FAIL: gcc.target/i386/math-torture/lfloor.c -O0 (test for excess errors)
FAIL: gcc.target/i386/math-torture/lfloor.c -O1 (internal compiler error)
FAIL: gcc.target/i386/math-torture/lfloor.c -O1 (test for excess errors)
FAIL: gcc.target/i386/math-torture/lfloor.c -O2 (internal compiler error)
FAIL: gcc.target/i386/math-torture/lfloor.c -O2 (test for excess errors)
FAIL: gcc.target/i386/math-torture/lfloor.c -O3 -fomit-frame-pointer (internal compiler error)
FAIL: gcc.target/i386/math-torture/lfloor.c -O3 -fomit-frame-pointer (test for excess errors)
FAIL: gcc.target/i386/math-torture/lfloor.c -O3 -g (internal compiler error)
FAIL: gcc.target/i386/math-torture/lfloor.c -O3 -g (test for excess errors)
FAIL: gcc.target/i386/math-torture/lfloor.c -Os (internal compiler error)
FAIL: gcc.target/i386/math-torture/lfloor.c -Os (test for excess errors)
=== gcc Summary ===
# of expected passes 39810
# of unexpected failures 47
# of unexpected successes 3
# of expected failures 80
# of unresolved testcases 2
# of untested testcases 28
# of unsupported tests 430
/test/gnu/gcc/objdir/gcc/xgcc version 4.3.0 20061104 (experimental)
=== gfortran tests ===
Running target unix
FAIL: gfortran.fortran-torture/execute/intrinsic_set_exponent.f90, -O1 (internal compiler error)
FAIL: gfortran.fortran-torture/execute/intrinsic_set_exponent.f90, -O2 (internal compiler error)
FAIL: gfortran.fortran-torture/execute/intrinsic_set_exponent.f90, -O3 -fomit-frame-pointer (internal compiler error)
FAIL: gfortran.fortran-torture/execute/intrinsic_set_exponent.f90, -O3 -fomit-frame-pointer -funroll-loops (internal compiler error)
FAIL: gfortran.fortran-torture/execute/intrinsic_set_exponent.f90, -O3 -fomit-frame-pointer -funroll-all-loops -finline-functions (internal compiler error)
FAIL: gfortran.fortran-torture/execute/intrinsic_set_exponent.f90, -O3 -g (internal compiler error)
FAIL: gfortran.fortran-torture/execute/intrinsic_set_exponent.f90, -Os (internal compiler error)
=== gfortran Summary ===
# of expected passes 14796
# of unexpected failures 7
# of expected failures 6
# of unsupported tests 89
/test/gnu/gcc/objdir/gcc/testsuite/gfortran/../../gfortran version 4.3.0 20061104 (experimental)
=== obj-c++ tests ===
Running target unix
FAIL: obj-c++.dg/bitfield-1.mm (internal compiler error)
FAIL: obj-c++.dg/bitfield-1.mm (test for excess errors)
WARNING: obj-c++.dg/bitfield-1.mm compilation failed to produce executable
FAIL: obj-c++.dg/bitfield-4.mm (test for excess errors)
FAIL: obj-c++.dg/comp-types-10.mm (internal compiler error)
FAIL: obj-c++.dg/comp-types-10.mm (test for excess errors)
FAIL: obj-c++.dg/cxx-ivars-2.mm execution test
FAIL: obj-c++.dg/encode-8.mm execution test
FAIL: obj-c++.dg/gnu-runtime-2.mm (test for excess errors)
FAIL: obj-c++.dg/isa-field-1.mm (test for excess errors)
FAIL: obj-c++.dg/layout-1.mm (test for excess errors)
FAIL: obj-c++.dg/lookup-2.mm (test for excess errors)
WARNING: obj-c++.dg/lookup-2.mm compilation failed to produce executable
FAIL: obj-c++.dg/try-catch-2.mm (test for excess errors)
WARNING: obj-c++.dg/try-catch-2.mm compilation failed to produce executable
FAIL: obj-c++.dg/try-catch-9.mm (internal compiler error)
FAIL: obj-c++.dg/try-catch-9.mm (test for excess errors)
WARNING: obj-c++.dg/try-catch-9.mm compilation failed to produce executable
=== obj-c++ Summary ===
# of expected passes 423
# of unexpected failures 14
# of unsupported tests 13
/test/gnu/gcc/objdir/gcc/testsuite/obj-c++/../../g++ version 4.3.0 20061104 (experimental)
=== objc tests ===
Running target unix
=== objc Summary ===
# of expected passes 1758
# of expected failures 7
# of unsupported tests 25
/test/gnu/gcc/objdir/gcc/xgcc version 4.3.0 20061104 (experimental)
=== libgomp tests ===
Running target unix
=== libgomp Summary ===
# of expected passes 1310
# of unsupported tests 118
=== libstdc++ tests ===
Running target unix
=== libstdc++ Summary ===
# of expected passes 3789
# of expected failures 15
# of unsupported tests 332
Compiler version: 4.3.0 20061104 (experimental)
Platform: hppa64-hp-hpux11.11
configure flags: --with-gnu-as --with-as=/opt/gnu64/bin/as --with-ld=/usr/ccs/bin/ld --enable-shared --disable-nls --with-local-prefix=/opt/gnu64 --prefix=/opt/gnu64/gcc/gcc-4.3.0 --host=hppa64-hp-hpux11.11 --enable-threads=posix --disable-libmudflap --with-gmp=/opt/gnu64/gcc/gcc-4.3.0 --enable-languages=c,c++,fortran,java,objc,obj-c++