This is the mail archive of the
gcc-testresults@gcc.gnu.org
mailing list for the GCC project.
Results for 4.3.0 20061122 (experimental) testsuite on i686-pc-linux-gnu
- From: Weidong Cui <mason dot cui at gmail dot com>
- To: gcc-testresults at gcc dot gnu dot org
- Date: Wed, 22 Nov 2006 21:09:50 +0800
- Subject: Results for 4.3.0 20061122 (experimental) testsuite on i686-pc-linux-gnu
- Reply-to: mason dot cui at gmail dot com
LAST_UPDATED: Wed Nov 22 08:20:08 UTC 2006 (revision 119087)
Native configuration is i686-pc-linux-gnu
=== g++ tests ===
Running target unix
XPASS: g++.dg/tree-ssa/ivopts-1.C scan-tree-dump-not &x\\[5\\]
=== g++ Summary ===
# of expected passes 13275
# of unexpected successes 1
# of expected failures 68
# of unsupported tests 75
/home/cuiwd/gcc4/obj/gcc/testsuite/g++/../../g++ version 4.3.0 20061122 (experimental)
=== gcc tests ===
Running target unix
WARNING: program timed out.
FAIL: gcc.c-torture/compile/20001226-1.c -O0 (test for excess errors)
FAIL: gcc.c-torture/execute/mayalias-2.c compilation, -O3 -g (internal compiler error)
UNRESOLVED: gcc.c-torture/execute/mayalias-2.c execution, -O3 -g
FAIL: gcc.c-torture/execute/mayalias-3.c compilation, -O3 -g (internal compiler error)
UNRESOLVED: gcc.c-torture/execute/mayalias-3.c execution, -O3 -g
FAIL: gcc.dg/alias-10.c scan-tree-dump-times Unswitching 1
FAIL: gcc.dg/tree-ssa/loadpre1.c scan-tree-dump-times Eliminated: 1 1
FAIL: gcc.dg/tree-ssa/loadpre14.c scan-tree-dump-times Eliminated: 1 1
FAIL: gcc.dg/tree-ssa/loadpre15.c scan-tree-dump-times Eliminated: 1 1
FAIL: gcc.dg/vect/vect-pow-1.c scan-tree-dump pattern recognized
FAIL: gcc.dg/vect/vect-pow-2.c scan-tree-dump pattern recognized
=== gcc Summary ===
# of expected passes 42238
# of unexpected failures 9
# of expected failures 112
# of unresolved testcases 2
# of untested testcases 28
# of unsupported tests 296
/home/cuiwd/gcc4/obj/gcc/xgcc version 4.3.0 20061122 (experimental)
=== gfortran tests ===
Running target unix
FAIL: gfortran.dg/PR19872.f -O0 execution test
FAIL: gfortran.dg/PR19872.f -O1 execution test
FAIL: gfortran.dg/PR19872.f -O2 execution test
FAIL: gfortran.dg/PR19872.f -O3 -fomit-frame-pointer execution test
FAIL: gfortran.dg/PR19872.f -O3 -fomit-frame-pointer -funroll-loops execution test
FAIL: gfortran.dg/PR19872.f -O3 -fomit-frame-pointer -funroll-all-loops -finline-functions execution test
FAIL: gfortran.dg/PR19872.f -O3 -g execution test
FAIL: gfortran.dg/PR19872.f -Os execution test
FAIL: gfortran.dg/advance.f90 -O0 execution test
FAIL: gfortran.dg/advance.f90 -O1 execution test
FAIL: gfortran.dg/advance.f90 -O2 execution test
FAIL: gfortran.dg/advance.f90 -O3 -fomit-frame-pointer execution test
FAIL: gfortran.dg/advance.f90 -O3 -fomit-frame-pointer -funroll-loops execution test
FAIL: gfortran.dg/advance.f90 -O3 -fomit-frame-pointer -funroll-all-loops -finline-functions execution test
FAIL: gfortran.dg/advance.f90 -O3 -g execution test
FAIL: gfortran.dg/advance.f90 -Os execution test
FAIL: gfortran.dg/aliasing_dummy_1.f90 -O0 execution test
FAIL: gfortran.dg/aliasing_dummy_1.f90 -O1 execution test
FAIL: gfortran.dg/aliasing_dummy_1.f90 -O2 execution test
FAIL: gfortran.dg/aliasing_dummy_1.f90 -O3 -fomit-frame-pointer execution test
FAIL: gfortran.dg/aliasing_dummy_1.f90 -O3 -fomit-frame-pointer -funroll-loops execution test
FAIL: gfortran.dg/aliasing_dummy_1.f90 -O3 -fomit-frame-pointer -funroll-all-loops -finline-functions execution test
FAIL: gfortran.dg/aliasing_dummy_1.f90 -O3 -g execution test
FAIL: gfortran.dg/aliasing_dummy_1.f90 -Os execution test
FAIL: gfortran.dg/allocate_zerosize_1.f90 -O0 execution test
FAIL: gfortran.dg/allocate_zerosize_1.f90 -O1 execution test
FAIL: gfortran.dg/allocate_zerosize_1.f90 -O2 execution test
FAIL: gfortran.dg/allocate_zerosize_1.f90 -O3 -fomit-frame-pointer execution test
FAIL: gfortran.dg/allocate_zerosize_1.f90 -O3 -fomit-frame-pointer -funroll-loops execution test
FAIL: gfortran.dg/allocate_zerosize_1.f90 -O3 -fomit-frame-pointer -funroll-all-loops -finline-functions execution test
FAIL: gfortran.dg/allocate_zerosize_1.f90 -O3 -g execution test
FAIL: gfortran.dg/allocate_zerosize_1.f90 -Os execution test
FAIL: gfortran.dg/allocate_zerosize_2.f90 -O0 execution test
FAIL: gfortran.dg/allocate_zerosize_2.f90 -O1 execution test
FAIL: gfortran.dg/allocate_zerosize_2.f90 -O2 execution test
FAIL: gfortran.dg/allocate_zerosize_2.f90 -O3 -fomit-frame-pointer execution test
FAIL: gfortran.dg/allocate_zerosize_2.f90 -O3 -fomit-frame-pointer -funroll-loops execution test
FAIL: gfortran.dg/allocate_zerosize_2.f90 -O3 -fomit-frame-pointer -funroll-all-loops -finline-functions execution test
FAIL: gfortran.dg/allocate_zerosize_2.f90 -O3 -g execution test
FAIL: gfortran.dg/allocate_zerosize_2.f90 -Os execution test
FAIL: gfortran.dg/append-1.f90 -O0 execution test
FAIL: gfortran.dg/append-1.f90 -O1 execution test
FAIL: gfortran.dg/append-1.f90 -O2 execution test
FAIL: gfortran.dg/append-1.f90 -O3 -fomit-frame-pointer execution test
FAIL: gfortran.dg/append-1.f90 -O3 -fomit-frame-pointer -funroll-loops execution test
FAIL: gfortran.dg/append-1.f90 -O3 -fomit-frame-pointer -funroll-all-loops -finline-functions execution test
FAIL: gfortran.dg/append-1.f90 -O3 -g execution test
FAIL: gfortran.dg/append-1.f90 -Os execution test
FAIL: gfortran.dg/arrayio_1.f90 -O0 execution test
FAIL: gfortran.dg/arrayio_1.f90 -O1 execution test
FAIL: gfortran.dg/arrayio_1.f90 -O2 execution test
FAIL: gfortran.dg/arrayio_1.f90 -O3 -fomit-frame-pointer execution test
FAIL: gfortran.dg/arrayio_1.f90 -O3 -fomit-frame-pointer -funroll-loops execution test
FAIL: gfortran.dg/arrayio_1.f90 -O3 -fomit-frame-pointer -funroll-all-loops -finline-functions execution test
FAIL: gfortran.dg/arrayio_1.f90 -O3 -g execution test
FAIL: gfortran.dg/arrayio_1.f90 -Os execution test
FAIL: gfortran.dg/arrayio_10.f90 -O0 execution test
FAIL: gfortran.dg/arrayio_10.f90 -O1 execution test
FAIL: gfortran.dg/arrayio_10.f90 -O2 execution test
FAIL: gfortran.dg/arrayio_10.f90 -O3 -fomit-frame-pointer execution test
FAIL: gfortran.dg/arrayio_10.f90 -O3 -fomit-frame-pointer -funroll-loops execution test
FAIL: gfortran.dg/arrayio_10.f90 -O3 -fomit-frame-pointer -funroll-all-loops -finline-functions execution test
FAIL: gfortran.dg/arrayio_10.f90 -O3 -g execution test
FAIL: gfortran.dg/arrayio_10.f90 -Os execution test
FAIL: gfortran.dg/arrayio_2.f90 -O0 execution test
FAIL: gfortran.dg/arrayio_2.f90 -O1 execution test
FAIL: gfortran.dg/arrayio_2.f90 -O2 execution test
FAIL: gfortran.dg/arrayio_2.f90 -O3 -fomit-frame-pointer execution test
FAIL: gfortran.dg/arrayio_2.f90 -O3 -fomit-frame-pointer -funroll-loops execution test
FAIL: gfortran.dg/arrayio_2.f90 -O3 -fomit-frame-pointer -funroll-all-loops -finline-functions execution test
FAIL: gfortran.dg/arrayio_2.f90 -O3 -g execution test
FAIL: gfortran.dg/arrayio_2.f90 -Os execution test
FAIL: gfortran.dg/arrayio_4.f90 -O0 execution test
FAIL: gfortran.dg/arrayio_4.f90 -O1 execution test
FAIL: gfortran.dg/arrayio_4.f90 -O2 execution test
FAIL: gfortran.dg/arrayio_4.f90 -O3 -fomit-frame-pointer execution test
FAIL: gfortran.dg/arrayio_4.f90 -O3 -fomit-frame-pointer -funroll-loops execution test
FAIL: gfortran.dg/arrayio_4.f90 -O3 -fomit-frame-pointer -funroll-all-loops -finline-functions execution test
FAIL: gfortran.dg/arrayio_4.f90 -O3 -g execution test
FAIL: gfortran.dg/arrayio_4.f90 -Os execution test
FAIL: gfortran.dg/arrayio_5.f90 -O0 execution test
FAIL: gfortran.dg/arrayio_5.f90 -O1 execution test
FAIL: gfortran.dg/arrayio_5.f90 -O2 execution test
FAIL: gfortran.dg/arrayio_5.f90 -O3 -fomit-frame-pointer execution test
FAIL: gfortran.dg/arrayio_5.f90 -O3 -fomit-frame-pointer -funroll-loops execution test
FAIL: gfortran.dg/arrayio_5.f90 -O3 -fomit-frame-pointer -funroll-all-loops -finline-functions execution test
FAIL: gfortran.dg/arrayio_5.f90 -O3 -g execution test
FAIL: gfortran.dg/arrayio_5.f90 -Os execution test
FAIL: gfortran.dg/arrayio_6.f90 -O0 execution test
FAIL: gfortran.dg/arrayio_6.f90 -O1 execution test
FAIL: gfortran.dg/arrayio_6.f90 -O2 execution test
FAIL: gfortran.dg/arrayio_6.f90 -O3 -fomit-frame-pointer execution test
FAIL: gfortran.dg/arrayio_6.f90 -O3 -fomit-frame-pointer -funroll-loops execution test
FAIL: gfortran.dg/arrayio_6.f90 -O3 -fomit-frame-pointer -funroll-all-loops -finline-functions execution test
FAIL: gfortran.dg/arrayio_6.f90 -O3 -g execution test
FAIL: gfortran.dg/arrayio_6.f90 -Os execution test
FAIL: gfortran.dg/arrayio_7.f90 -O0 execution test
FAIL: gfortran.dg/arrayio_7.f90 -O1 execution test
FAIL: gfortran.dg/arrayio_7.f90 -O2 execution test
FAIL: gfortran.dg/arrayio_7.f90 -O3 -fomit-frame-pointer execution test
FAIL: gfortran.dg/arrayio_7.f90 -O3 -fomit-frame-pointer -funroll-loops execution test
FAIL: gfortran.dg/arrayio_7.f90 -O3 -fomit-frame-pointer -funroll-all-loops -finline-functions execution test
FAIL: gfortran.dg/arrayio_7.f90 -O3 -g execution test
FAIL: gfortran.dg/arrayio_7.f90 -Os execution test
FAIL: gfortran.dg/arrayio_8.f90 -O0 execution test
FAIL: gfortran.dg/arrayio_8.f90 -O1 execution test
FAIL: gfortran.dg/arrayio_8.f90 -O2 execution test
FAIL: gfortran.dg/arrayio_8.f90 -O3 -fomit-frame-pointer execution test
FAIL: gfortran.dg/arrayio_8.f90 -O3 -fomit-frame-pointer -funroll-loops execution test
FAIL: gfortran.dg/arrayio_8.f90 -O3 -fomit-frame-pointer -funroll-all-loops -finline-functions execution test
FAIL: gfortran.dg/arrayio_8.f90 -O3 -g execution test
FAIL: gfortran.dg/arrayio_8.f90 -Os execution test
FAIL: gfortran.dg/arrayio_derived_1.f90 -O0 execution test
FAIL: gfortran.dg/arrayio_derived_1.f90 -O1 execution test
FAIL: gfortran.dg/arrayio_derived_1.f90 -O2 execution test
FAIL: gfortran.dg/arrayio_derived_1.f90 -O3 -fomit-frame-pointer execution test
FAIL: gfortran.dg/arrayio_derived_1.f90 -O3 -fomit-frame-pointer -funroll-loops execution test
FAIL: gfortran.dg/arrayio_derived_1.f90 -O3 -fomit-frame-pointer -funroll-all-loops -finline-functions execution test
FAIL: gfortran.dg/arrayio_derived_1.f90 -O3 -g execution test
FAIL: gfortran.dg/arrayio_derived_1.f90 -Os execution test
FAIL: gfortran.dg/associated_4.f90 -O0 execution test
FAIL: gfortran.dg/associated_4.f90 -O1 execution test
FAIL: gfortran.dg/associated_4.f90 -O2 execution test
FAIL: gfortran.dg/associated_4.f90 -O3 -fomit-frame-pointer execution test
FAIL: gfortran.dg/associated_4.f90 -O3 -fomit-frame-pointer -funroll-loops execution test
FAIL: gfortran.dg/associated_4.f90 -O3 -fomit-frame-pointer -funroll-all-loops -finline-functions execution test
FAIL: gfortran.dg/associated_4.f90 -O3 -g execution test
FAIL: gfortran.dg/associated_4.f90 -Os execution test
FAIL: gfortran.dg/automatic_char_len_2.f90 -O0 execution test
FAIL: gfortran.dg/automatic_char_len_2.f90 -O1 execution test
FAIL: gfortran.dg/automatic_char_len_2.f90 -O2 execution test
FAIL: gfortran.dg/automatic_char_len_2.f90 -O3 -fomit-frame-pointer execution test
FAIL: gfortran.dg/automatic_char_len_2.f90 -O3 -fomit-frame-pointer -funroll-loops execution test
FAIL: gfortran.dg/automatic_char_len_2.f90 -O3 -fomit-frame-pointer -funroll-all-loops -finline-functions execution test
FAIL: gfortran.dg/automatic_char_len_2.f90 -O3 -g execution test
FAIL: gfortran.dg/automatic_char_len_2.f90 -Os execution test
FAIL: gfortran.dg/backslash_1.f90 -O0 execution test
FAIL: gfortran.dg/backslash_1.f90 -O1 execution test
FAIL: gfortran.dg/backslash_1.f90 -O2 execution test
FAIL: gfortran.dg/backslash_1.f90 -O3 -fomit-frame-pointer execution test
FAIL: gfortran.dg/backslash_1.f90 -O3 -fomit-frame-pointer -funroll-loops execution test
FAIL: gfortran.dg/backslash_1.f90 -O3 -fomit-frame-pointer -funroll-all-loops -finline-functions execution test
FAIL: gfortran.dg/backslash_1.f90 -O3 -g execution test
FAIL: gfortran.dg/backslash_1.f90 -Os execution test
FAIL: gfortran.dg/backslash_2.f90 -O0 execution test
FAIL: gfortran.dg/backslash_2.f90 -O1 execution test
FAIL: gfortran.dg/backslash_2.f90 -O2 execution test
FAIL: gfortran.dg/backslash_2.f90 -O3 -fomit-frame-pointer execution test
FAIL: gfortran.dg/backslash_2.f90 -O3 -fomit-frame-pointer -funroll-loops execution test
FAIL: gfortran.dg/backslash_2.f90 -O3 -fomit-frame-pointer -funroll-all-loops -finline-functions execution test
FAIL: gfortran.dg/backslash_2.f90 -O3 -g execution test
FAIL: gfortran.dg/backslash_2.f90 -Os execution test
FAIL: gfortran.dg/backspace.f -O0 execution test
FAIL: gfortran.dg/backspace.f -O1 execution test
FAIL: gfortran.dg/backspace.f -O2 execution test
FAIL: gfortran.dg/backspace.f -O3 -fomit-frame-pointer execution test
FAIL: gfortran.dg/backspace.f -O3 -fomit-frame-pointer -funroll-loops execution test
FAIL: gfortran.dg/backspace.f -O3 -fomit-frame-pointer -funroll-all-loops -finline-functions execution test
FAIL: gfortran.dg/backspace.f -O3 -g execution test
FAIL: gfortran.dg/backspace.f -Os execution test
FAIL: gfortran.dg/backspace.f90 -O0 execution test
FAIL: gfortran.dg/backspace.f90 -O1 execution test
FAIL: gfortran.dg/backspace.f90 -O2 execution test
FAIL: gfortran.dg/backspace.f90 -O3 -fomit-frame-pointer execution test
FAIL: gfortran.dg/backspace.f90 -O3 -fomit-frame-pointer -funroll-loops execution test
FAIL: gfortran.dg/backspace.f90 -O3 -fomit-frame-pointer -funroll-all-loops -finline-functions execution test
FAIL: gfortran.dg/backspace.f90 -O3 -g execution test
FAIL: gfortran.dg/backspace.f90 -Os execution test
FAIL: gfortran.dg/backspace_2.f -O0 execution test
FAIL: gfortran.dg/backspace_2.f -O1 execution test
FAIL: gfortran.dg/backspace_2.f -O2 execution test
FAIL: gfortran.dg/backspace_2.f -O3 -fomit-frame-pointer execution test
FAIL: gfortran.dg/backspace_2.f -O3 -fomit-frame-pointer -funroll-loops execution test
FAIL: gfortran.dg/backspace_2.f -O3 -fomit-frame-pointer -funroll-all-loops -finline-functions execution test
FAIL: gfortran.dg/backspace_2.f -O3 -g execution test
FAIL: gfortran.dg/backspace_2.f -Os execution test
FAIL: gfortran.dg/backspace_3.f -O0 execution test
FAIL: gfortran.dg/backspace_3.f -O1 execution test
FAIL: gfortran.dg/backspace_3.f -O2 execution test
FAIL: gfortran.dg/backspace_3.f -O3 -fomit-frame-pointer execution test
FAIL: gfortran.dg/backspace_3.f -O3 -fomit-frame-pointer -funroll-loops execution test
FAIL: gfortran.dg/backspace_3.f -O3 -fomit-frame-pointer -funroll-all-loops -finline-functions execution test
FAIL: gfortran.dg/backspace_3.f -O3 -g execution test
FAIL: gfortran.dg/backspace_3.f -Os execution test
FAIL: gfortran.dg/backspace_4.f -O0 execution test
FAIL: gfortran.dg/backspace_4.f -O1 execution test
FAIL: gfortran.dg/backspace_4.f -O2 execution test
FAIL: gfortran.dg/backspace_4.f -O3 -fomit-frame-pointer execution test
FAIL: gfortran.dg/backspace_4.f -O3 -fomit-frame-pointer -funroll-loops execution test
FAIL: gfortran.dg/backspace_4.f -O3 -fomit-frame-pointer -funroll-all-loops -finline-functions execution test
FAIL: gfortran.dg/backspace_4.f -O3 -g execution test
FAIL: gfortran.dg/backspace_4.f -Os execution test
FAIL: gfortran.dg/backspace_5.f -O0 execution test
FAIL: gfortran.dg/backspace_5.f -O1 execution test
FAIL: gfortran.dg/backspace_5.f -O2 execution test
FAIL: gfortran.dg/backspace_5.f -O3 -fomit-frame-pointer execution test
FAIL: gfortran.dg/backspace_5.f -O3 -fomit-frame-pointer -funroll-loops execution test
FAIL: gfortran.dg/backspace_5.f -O3 -fomit-frame-pointer -funroll-all-loops -finline-functions execution test
FAIL: gfortran.dg/backspace_5.f -O3 -g execution test
FAIL: gfortran.dg/backspace_5.f -Os execution test
FAIL: gfortran.dg/backspace_6.f -O0 execution test
FAIL: gfortran.dg/backspace_6.f -O1 execution test
FAIL: gfortran.dg/backspace_6.f -O2 execution test
FAIL: gfortran.dg/backspace_6.f -O3 -fomit-frame-pointer execution test
FAIL: gfortran.dg/backspace_6.f -O3 -fomit-frame-pointer -funroll-loops execution test
FAIL: gfortran.dg/backspace_6.f -O3 -fomit-frame-pointer -funroll-all-loops -finline-functions execution test
FAIL: gfortran.dg/backspace_6.f -O3 -g execution test
FAIL: gfortran.dg/backspace_6.f -Os execution test
FAIL: gfortran.dg/chmod_1.f90 -O0 execution test
FAIL: gfortran.dg/chmod_1.f90 -O1 execution test
FAIL: gfortran.dg/chmod_1.f90 -O2 execution test
FAIL: gfortran.dg/chmod_1.f90 -O3 -fomit-frame-pointer execution test
FAIL: gfortran.dg/chmod_1.f90 -O3 -fomit-frame-pointer -funroll-loops execution test
FAIL: gfortran.dg/chmod_1.f90 -O3 -fomit-frame-pointer -funroll-all-loops -finline-functions execution test
FAIL: gfortran.dg/chmod_1.f90 -O3 -g execution test
FAIL: gfortran.dg/chmod_1.f90 -Os execution test
FAIL: gfortran.dg/chmod_2.f90 -O0 execution test
FAIL: gfortran.dg/chmod_2.f90 -O1 execution test
FAIL: gfortran.dg/chmod_2.f90 -O2 execution test
FAIL: gfortran.dg/chmod_2.f90 -O3 -fomit-frame-pointer execution test
FAIL: gfortran.dg/chmod_2.f90 -O3 -fomit-frame-pointer -funroll-loops execution test
FAIL: gfortran.dg/chmod_2.f90 -O3 -fomit-frame-pointer -funroll-all-loops -finline-functions execution test
FAIL: gfortran.dg/chmod_2.f90 -O3 -g execution test
FAIL: gfortran.dg/chmod_2.f90 -Os execution test
FAIL: gfortran.dg/chmod_3.f90 -O0 execution test
FAIL: gfortran.dg/chmod_3.f90 -O1 execution test
FAIL: gfortran.dg/chmod_3.f90 -O2 execution test
FAIL: gfortran.dg/chmod_3.f90 -O3 -fomit-frame-pointer execution test
FAIL: gfortran.dg/chmod_3.f90 -O3 -fomit-frame-pointer -funroll-loops execution test
FAIL: gfortran.dg/chmod_3.f90 -O3 -fomit-frame-pointer -funroll-all-loops -finline-functions execution test
FAIL: gfortran.dg/chmod_3.f90 -O3 -g execution test
FAIL: gfortran.dg/chmod_3.f90 -Os execution test
FAIL: gfortran.dg/comma.f -O0 execution test
FAIL: gfortran.dg/comma.f -O1 execution test
FAIL: gfortran.dg/comma.f -O2 execution test
FAIL: gfortran.dg/comma.f -O3 -fomit-frame-pointer execution test
FAIL: gfortran.dg/comma.f -O3 -fomit-frame-pointer -funroll-loops execution test
FAIL: gfortran.dg/comma.f -O3 -fomit-frame-pointer -funroll-all-loops -finline-functions execution test
FAIL: gfortran.dg/comma.f -O3 -g execution test
FAIL: gfortran.dg/comma.f -Os execution test
FAIL: gfortran.dg/comma_format_extension_3.f -O0 execution test
FAIL: gfortran.dg/comma_format_extension_3.f -O1 execution test
FAIL: gfortran.dg/comma_format_extension_3.f -O2 execution test
FAIL: gfortran.dg/comma_format_extension_3.f -O3 -fomit-frame-pointer execution test
FAIL: gfortran.dg/comma_format_extension_3.f -O3 -fomit-frame-pointer -funroll-loops execution test
FAIL: gfortran.dg/comma_format_extension_3.f -O3 -fomit-frame-pointer -funroll-all-loops -finline-functions execution test
FAIL: gfortran.dg/comma_format_extension_3.f -O3 -g execution test
FAIL: gfortran.dg/comma_format_extension_3.f -Os execution test
FAIL: gfortran.dg/comma_format_extension_4.f -O0 execution test
FAIL: gfortran.dg/comma_format_extension_4.f -O1 execution test
FAIL: gfortran.dg/comma_format_extension_4.f -O2 execution test
FAIL: gfortran.dg/comma_format_extension_4.f -O3 -fomit-frame-pointer execution test
FAIL: gfortran.dg/comma_format_extension_4.f -O3 -fomit-frame-pointer -funroll-loops execution test
FAIL: gfortran.dg/comma_format_extension_4.f -O3 -fomit-frame-pointer -funroll-all-loops -finline-functions execution test
FAIL: gfortran.dg/comma_format_extension_4.f -O3 -g execution test
FAIL: gfortran.dg/comma_format_extension_4.f -Os execution test
FAIL: gfortran.dg/complex_read.f90 -O0 execution test
FAIL: gfortran.dg/complex_read.f90 -O1 execution test
FAIL: gfortran.dg/complex_read.f90 -O2 execution test
FAIL: gfortran.dg/complex_read.f90 -O3 -fomit-frame-pointer execution test
FAIL: gfortran.dg/complex_read.f90 -O3 -fomit-frame-pointer -funroll-loops execution test
FAIL: gfortran.dg/complex_read.f90 -O3 -fomit-frame-pointer -funroll-all-loops -finline-functions execution test
FAIL: gfortran.dg/complex_read.f90 -O3 -g execution test
FAIL: gfortran.dg/complex_read.f90 -Os execution test
FAIL: gfortran.dg/complex_write.f90 -O0 execution test
FAIL: gfortran.dg/complex_write.f90 -O1 execution test
FAIL: gfortran.dg/complex_write.f90 -O2 execution test
FAIL: gfortran.dg/complex_write.f90 -O3 -fomit-frame-pointer execution test
FAIL: gfortran.dg/complex_write.f90 -O3 -fomit-frame-pointer -funroll-loops execution test
FAIL: gfortran.dg/complex_write.f90 -O3 -fomit-frame-pointer -funroll-all-loops -finline-functions execution test
FAIL: gfortran.dg/complex_write.f90 -O3 -g execution test
FAIL: gfortran.dg/complex_write.f90 -Os execution test
FAIL: gfortran.dg/constant_substring.f -O0 execution test
FAIL: gfortran.dg/constant_substring.f -O1 execution test
FAIL: gfortran.dg/constant_substring.f -O2 execution test
FAIL: gfortran.dg/constant_substring.f -O3 -fomit-frame-pointer execution test
FAIL: gfortran.dg/constant_substring.f -O3 -fomit-frame-pointer -funroll-loops execution test
FAIL: gfortran.dg/constant_substring.f -O3 -fomit-frame-pointer -funroll-all-loops -finline-functions execution test
FAIL: gfortran.dg/constant_substring.f -O3 -g execution test
FAIL: gfortran.dg/constant_substring.f -Os execution test
FAIL: gfortran.dg/convert_implied_open.f90 -O0 execution test
FAIL: gfortran.dg/convert_implied_open.f90 -O1 execution test
FAIL: gfortran.dg/convert_implied_open.f90 -O2 execution test
FAIL: gfortran.dg/convert_implied_open.f90 -O3 -fomit-frame-pointer execution test
FAIL: gfortran.dg/convert_implied_open.f90 -O3 -fomit-frame-pointer -funroll-loops execution test
FAIL: gfortran.dg/convert_implied_open.f90 -O3 -fomit-frame-pointer -funroll-all-loops -finline-functions execution test
FAIL: gfortran.dg/convert_implied_open.f90 -O3 -g execution test
FAIL: gfortran.dg/convert_implied_open.f90 -Os execution test
FAIL: gfortran.dg/der_array_io_1.f90 -O0 execution test
FAIL: gfortran.dg/der_array_io_1.f90 -O1 execution test
FAIL: gfortran.dg/der_array_io_1.f90 -O2 execution test
FAIL: gfortran.dg/der_array_io_1.f90 -O3 -fomit-frame-pointer execution test
FAIL: gfortran.dg/der_array_io_1.f90 -O3 -fomit-frame-pointer -funroll-loops execution test
FAIL: gfortran.dg/der_array_io_1.f90 -O3 -fomit-frame-pointer -funroll-all-loops -finline-functions execution test
FAIL: gfortran.dg/der_array_io_1.f90 -O3 -g execution test
FAIL: gfortran.dg/der_array_io_1.f90 -Os execution test
FAIL: gfortran.dg/der_array_io_2.f90 -O0 execution test
FAIL: gfortran.dg/der_array_io_2.f90 -O1 execution test
FAIL: gfortran.dg/der_array_io_2.f90 -O2 execution test
FAIL: gfortran.dg/der_array_io_2.f90 -O3 -fomit-frame-pointer execution test
FAIL: gfortran.dg/der_array_io_2.f90 -O3 -fomit-frame-pointer -funroll-loops execution test
FAIL: gfortran.dg/der_array_io_2.f90 -O3 -fomit-frame-pointer -funroll-all-loops -finline-functions execution test
FAIL: gfortran.dg/der_array_io_2.f90 -O3 -g execution test
FAIL: gfortran.dg/der_array_io_2.f90 -Os execution test
FAIL: gfortran.dg/der_array_io_3.f90 -O0 execution test
FAIL: gfortran.dg/der_array_io_3.f90 -O1 execution test
FAIL: gfortran.dg/der_array_io_3.f90 -O2 execution test
FAIL: gfortran.dg/der_array_io_3.f90 -O3 -fomit-frame-pointer execution test
FAIL: gfortran.dg/der_array_io_3.f90 -O3 -fomit-frame-pointer -funroll-loops execution test
FAIL: gfortran.dg/der_array_io_3.f90 -O3 -fomit-frame-pointer -funroll-all-loops -finline-functions execution test
FAIL: gfortran.dg/der_array_io_3.f90 -O3 -g execution test
FAIL: gfortran.dg/der_array_io_3.f90 -Os execution test
FAIL: gfortran.dg/dev_null.f90 -O0 execution test
FAIL: gfortran.dg/dev_null.f90 -O1 execution test
FAIL: gfortran.dg/dev_null.f90 -O2 execution test
FAIL: gfortran.dg/dev_null.f90 -O3 -fomit-frame-pointer execution test
FAIL: gfortran.dg/dev_null.f90 -O3 -fomit-frame-pointer -funroll-loops execution test
FAIL: gfortran.dg/dev_null.f90 -O3 -fomit-frame-pointer -funroll-all-loops -finline-functions execution test
FAIL: gfortran.dg/dev_null.f90 -O3 -g execution test
FAIL: gfortran.dg/dev_null.f90 -Os execution test
FAIL: gfortran.dg/direct_io_1.f90 -O0 execution test
FAIL: gfortran.dg/direct_io_1.f90 -O1 execution test
FAIL: gfortran.dg/direct_io_1.f90 -O2 execution test
FAIL: gfortran.dg/direct_io_1.f90 -O3 -fomit-frame-pointer execution test
FAIL: gfortran.dg/direct_io_1.f90 -O3 -fomit-frame-pointer -funroll-loops execution test
FAIL: gfortran.dg/direct_io_1.f90 -O3 -fomit-frame-pointer -funroll-all-loops -finline-functions execution test
FAIL: gfortran.dg/direct_io_1.f90 -O3 -g execution test
FAIL: gfortran.dg/direct_io_1.f90 -Os execution test
FAIL: gfortran.dg/direct_io_2.f90 -O0 execution test
FAIL: gfortran.dg/direct_io_2.f90 -O1 execution test
FAIL: gfortran.dg/direct_io_2.f90 -O2 execution test
FAIL: gfortran.dg/direct_io_2.f90 -O3 -fomit-frame-pointer execution test
FAIL: gfortran.dg/direct_io_2.f90 -O3 -fomit-frame-pointer -funroll-loops execution test
FAIL: gfortran.dg/direct_io_2.f90 -O3 -fomit-frame-pointer -funroll-all-loops -finline-functions execution test
FAIL: gfortran.dg/direct_io_2.f90 -O3 -g execution test
FAIL: gfortran.dg/direct_io_2.f90 -Os execution test
FAIL: gfortran.dg/direct_io_3.f90 -O0 execution test
FAIL: gfortran.dg/direct_io_3.f90 -O1 execution test
FAIL: gfortran.dg/direct_io_3.f90 -O2 execution test
FAIL: gfortran.dg/direct_io_3.f90 -O3 -fomit-frame-pointer execution test
FAIL: gfortran.dg/direct_io_3.f90 -O3 -fomit-frame-pointer -funroll-loops execution test
FAIL: gfortran.dg/direct_io_3.f90 -O3 -fomit-frame-pointer -funroll-all-loops -finline-functions execution test
FAIL: gfortran.dg/direct_io_3.f90 -O3 -g execution test
FAIL: gfortran.dg/direct_io_3.f90 -Os execution test
FAIL: gfortran.dg/direct_io_4.f90 -O0 execution test
FAIL: gfortran.dg/direct_io_4.f90 -O1 execution test
FAIL: gfortran.dg/direct_io_4.f90 -O2 execution test
FAIL: gfortran.dg/direct_io_4.f90 -O3 -fomit-frame-pointer execution test
FAIL: gfortran.dg/direct_io_4.f90 -O3 -fomit-frame-pointer -funroll-loops execution test
FAIL: gfortran.dg/direct_io_4.f90 -O3 -fomit-frame-pointer -funroll-all-loops -finline-functions execution test
FAIL: gfortran.dg/direct_io_4.f90 -O3 -g execution test
FAIL: gfortran.dg/direct_io_4.f90 -Os execution test
FAIL: gfortran.dg/direct_io_5.f90 -O0 execution test
FAIL: gfortran.dg/direct_io_5.f90 -O1 execution test
FAIL: gfortran.dg/direct_io_5.f90 -O2 execution test
FAIL: gfortran.dg/direct_io_5.f90 -O3 -fomit-frame-pointer execution test
FAIL: gfortran.dg/direct_io_5.f90 -O3 -fomit-frame-pointer -funroll-loops execution test
FAIL: gfortran.dg/direct_io_5.f90 -O3 -fomit-frame-pointer -funroll-all-loops -finline-functions execution test
FAIL: gfortran.dg/direct_io_5.f90 -O3 -g execution test
FAIL: gfortran.dg/direct_io_5.f90 -Os execution test
FAIL: gfortran.dg/dollar_edit_descriptor-1.f -O0 execution test
FAIL: gfortran.dg/dollar_edit_descriptor-1.f -O1 execution test
FAIL: gfortran.dg/dollar_edit_descriptor-1.f -O2 execution test
FAIL: gfortran.dg/dollar_edit_descriptor-1.f -O3 -fomit-frame-pointer execution test
FAIL: gfortran.dg/dollar_edit_descriptor-1.f -O3 -fomit-frame-pointer -funroll-loops execution test
FAIL: gfortran.dg/dollar_edit_descriptor-1.f -O3 -fomit-frame-pointer -funroll-all-loops -finline-functions execution test
FAIL: gfortran.dg/dollar_edit_descriptor-1.f -O3 -g execution test
FAIL: gfortran.dg/dollar_edit_descriptor-1.f -Os execution test
FAIL: gfortran.dg/dollar_edit_descriptor-2.f -O0 execution test
FAIL: gfortran.dg/dollar_edit_descriptor-2.f -O1 execution test
FAIL: gfortran.dg/dollar_edit_descriptor-2.f -O2 execution test
FAIL: gfortran.dg/dollar_edit_descriptor-2.f -O3 -fomit-frame-pointer execution test
FAIL: gfortran.dg/dollar_edit_descriptor-2.f -O3 -fomit-frame-pointer -funroll-loops execution test
FAIL: gfortran.dg/dollar_edit_descriptor-2.f -O3 -fomit-frame-pointer -funroll-all-loops -finline-functions execution test
FAIL: gfortran.dg/dollar_edit_descriptor-2.f -O3 -g execution test
FAIL: gfortran.dg/dollar_edit_descriptor-2.f -Os execution test
FAIL: gfortran.dg/dollar_edit_descriptor-3.f -O0 execution test
FAIL: gfortran.dg/dollar_edit_descriptor-3.f -O1 execution test
FAIL: gfortran.dg/dollar_edit_descriptor-3.f -O2 execution test
FAIL: gfortran.dg/dollar_edit_descriptor-3.f -O3 -fomit-frame-pointer execution test
FAIL: gfortran.dg/dollar_edit_descriptor-3.f -O3 -fomit-frame-pointer -funroll-loops execution test
FAIL: gfortran.dg/dollar_edit_descriptor-3.f -O3 -fomit-frame-pointer -funroll-all-loops -finline-functions execution test
FAIL: gfortran.dg/dollar_edit_descriptor-3.f -O3 -g execution test
FAIL: gfortran.dg/dollar_edit_descriptor-3.f -Os execution test
FAIL: gfortran.dg/dos_eol.f -O0 execution test
FAIL: gfortran.dg/dos_eol.f -O1 execution test
FAIL: gfortran.dg/dos_eol.f -O2 execution test
FAIL: gfortran.dg/dos_eol.f -O3 -fomit-frame-pointer execution test
FAIL: gfortran.dg/dos_eol.f -O3 -fomit-frame-pointer -funroll-loops execution test
FAIL: gfortran.dg/dos_eol.f -O3 -fomit-frame-pointer -funroll-all-loops -finline-functions execution test
FAIL: gfortran.dg/dos_eol.f -O3 -g execution test
FAIL: gfortran.dg/dos_eol.f -Os execution test
FAIL: gfortran.dg/e_d_fmt.f90 -O0 execution test
FAIL: gfortran.dg/e_d_fmt.f90 -O1 execution test
FAIL: gfortran.dg/e_d_fmt.f90 -O2 execution test
FAIL: gfortran.dg/e_d_fmt.f90 -O3 -fomit-frame-pointer execution test
FAIL: gfortran.dg/e_d_fmt.f90 -O3 -fomit-frame-pointer -funroll-loops execution test
FAIL: gfortran.dg/e_d_fmt.f90 -O3 -fomit-frame-pointer -funroll-all-loops -finline-functions execution test
FAIL: gfortran.dg/e_d_fmt.f90 -O3 -g execution test
FAIL: gfortran.dg/e_d_fmt.f90 -Os execution test
FAIL: gfortran.dg/edit_real_1.f90 -O0 execution test
FAIL: gfortran.dg/edit_real_1.f90 -O1 execution test
FAIL: gfortran.dg/edit_real_1.f90 -O2 execution test
FAIL: gfortran.dg/edit_real_1.f90 -O3 -fomit-frame-pointer execution test
FAIL: gfortran.dg/edit_real_1.f90 -O3 -fomit-frame-pointer -funroll-loops execution test
FAIL: gfortran.dg/edit_real_1.f90 -O3 -fomit-frame-pointer -funroll-all-loops -finline-functions execution test
FAIL: gfortran.dg/edit_real_1.f90 -O3 -g execution test
FAIL: gfortran.dg/edit_real_1.f90 -Os execution test
FAIL: gfortran.dg/empty_format_1.f90 -O0 execution test
FAIL: gfortran.dg/empty_format_1.f90 -O1 execution test
FAIL: gfortran.dg/empty_format_1.f90 -O2 execution test
FAIL: gfortran.dg/empty_format_1.f90 -O3 -fomit-frame-pointer execution test
FAIL: gfortran.dg/empty_format_1.f90 -O3 -fomit-frame-pointer -funroll-loops execution test
FAIL: gfortran.dg/empty_format_1.f90 -O3 -fomit-frame-pointer -funroll-all-loops -finline-functions execution test
FAIL: gfortran.dg/empty_format_1.f90 -O3 -g execution test
FAIL: gfortran.dg/empty_format_1.f90 -Os execution test
FAIL: gfortran.dg/endfile.f -O0 execution test
FAIL: gfortran.dg/endfile.f -O1 execution test
FAIL: gfortran.dg/endfile.f -O2 execution test
FAIL: gfortran.dg/endfile.f -O3 -fomit-frame-pointer execution test
FAIL: gfortran.dg/endfile.f -O3 -fomit-frame-pointer -funroll-loops execution test
FAIL: gfortran.dg/endfile.f -O3 -fomit-frame-pointer -funroll-all-loops -finline-functions execution test
FAIL: gfortran.dg/endfile.f -O3 -g execution test
FAIL: gfortran.dg/endfile.f -Os execution test
FAIL: gfortran.dg/endfile.f90 -O0 execution test
FAIL: gfortran.dg/endfile.f90 -O1 execution test
FAIL: gfortran.dg/endfile.f90 -O2 execution test
FAIL: gfortran.dg/endfile.f90 -O3 -fomit-frame-pointer execution test
FAIL: gfortran.dg/endfile.f90 -O3 -fomit-frame-pointer -funroll-loops execution test
FAIL: gfortran.dg/endfile.f90 -O3 -fomit-frame-pointer -funroll-all-loops -finline-functions execution test
FAIL: gfortran.dg/endfile.f90 -O3 -g execution test
FAIL: gfortran.dg/endfile.f90 -Os execution test
FAIL: gfortran.dg/endfile_2.f90 -O0 execution test
FAIL: gfortran.dg/endfile_2.f90 -O1 execution test
FAIL: gfortran.dg/endfile_2.f90 -O2 execution test
FAIL: gfortran.dg/endfile_2.f90 -O3 -fomit-frame-pointer execution test
FAIL: gfortran.dg/endfile_2.f90 -O3 -fomit-frame-pointer -funroll-loops execution test
FAIL: gfortran.dg/endfile_2.f90 -O3 -fomit-frame-pointer -funroll-all-loops -finline-functions execution test
FAIL: gfortran.dg/endfile_2.f90 -O3 -g execution test
FAIL: gfortran.dg/endfile_2.f90 -Os execution test
FAIL: gfortran.dg/eof_1.f90 -O0 execution test
FAIL: gfortran.dg/eof_1.f90 -O1 execution test
FAIL: gfortran.dg/eof_1.f90 -O2 execution test
FAIL: gfortran.dg/eof_1.f90 -O3 -fomit-frame-pointer execution test
FAIL: gfortran.dg/eof_1.f90 -O3 -fomit-frame-pointer -funroll-loops execution test
FAIL: gfortran.dg/eof_1.f90 -O3 -fomit-frame-pointer -funroll-all-loops -finline-functions execution test
FAIL: gfortran.dg/eof_1.f90 -O3 -g execution test
FAIL: gfortran.dg/eof_1.f90 -Os execution test
FAIL: gfortran.dg/eof_2.f90 -O0 execution test
FAIL: gfortran.dg/eof_2.f90 -O1 execution test
FAIL: gfortran.dg/eof_2.f90 -O2 execution test
FAIL: gfortran.dg/eof_2.f90 -O3 -fomit-frame-pointer execution test
FAIL: gfortran.dg/eof_2.f90 -O3 -fomit-frame-pointer -funroll-loops execution test
FAIL: gfortran.dg/eof_2.f90 -O3 -fomit-frame-pointer -funroll-all-loops -finline-functions execution test
FAIL: gfortran.dg/eof_2.f90 -O3 -g execution test
FAIL: gfortran.dg/eof_2.f90 -Os execution test
FAIL: gfortran.dg/eor_1.f90 -O0 execution test
FAIL: gfortran.dg/eor_1.f90 -O1 execution test
FAIL: gfortran.dg/eor_1.f90 -O2 execution test
FAIL: gfortran.dg/eor_1.f90 -O3 -fomit-frame-pointer execution test
FAIL: gfortran.dg/eor_1.f90 -O3 -fomit-frame-pointer -funroll-loops execution test
FAIL: gfortran.dg/eor_1.f90 -O3 -fomit-frame-pointer -funroll-all-loops -finline-functions execution test
FAIL: gfortran.dg/eor_1.f90 -O3 -g execution test
FAIL: gfortran.dg/eor_1.f90 -Os execution test
FAIL: gfortran.dg/eor_handling_1.f90 -O0 execution test
FAIL: gfortran.dg/eor_handling_1.f90 -O1 execution test
FAIL: gfortran.dg/eor_handling_1.f90 -O2 execution test
FAIL: gfortran.dg/eor_handling_1.f90 -O3 -fomit-frame-pointer execution test
FAIL: gfortran.dg/eor_handling_1.f90 -O3 -fomit-frame-pointer -funroll-loops execution test
FAIL: gfortran.dg/eor_handling_1.f90 -O3 -fomit-frame-pointer -funroll-all-loops -finline-functions execution test
FAIL: gfortran.dg/eor_handling_1.f90 -O3 -g execution test
FAIL: gfortran.dg/eor_handling_1.f90 -Os execution test
FAIL: gfortran.dg/eor_handling_2.f90 -O0 execution test
FAIL: gfortran.dg/eor_handling_2.f90 -O1 execution test
FAIL: gfortran.dg/eor_handling_2.f90 -O2 execution test
FAIL: gfortran.dg/eor_handling_2.f90 -O3 -fomit-frame-pointer execution test
FAIL: gfortran.dg/eor_handling_2.f90 -O3 -fomit-frame-pointer -funroll-loops execution test
FAIL: gfortran.dg/eor_handling_2.f90 -O3 -fomit-frame-pointer -funroll-all-loops -finline-functions execution test
FAIL: gfortran.dg/eor_handling_2.f90 -O3 -g execution test
FAIL: gfortran.dg/eor_handling_2.f90 -Os execution test
FAIL: gfortran.dg/eor_handling_3.f90 -O0 execution test
FAIL: gfortran.dg/eor_handling_3.f90 -O1 execution test
FAIL: gfortran.dg/eor_handling_3.f90 -O2 execution test
FAIL: gfortran.dg/eor_handling_3.f90 -O3 -fomit-frame-pointer execution test
FAIL: gfortran.dg/eor_handling_3.f90 -O3 -fomit-frame-pointer -funroll-loops execution test
FAIL: gfortran.dg/eor_handling_3.f90 -O3 -fomit-frame-pointer -funroll-all-loops -finline-functions execution test
FAIL: gfortran.dg/eor_handling_3.f90 -O3 -g execution test
FAIL: gfortran.dg/eor_handling_3.f90 -Os execution test
FAIL: gfortran.dg/eor_handling_4.f90 -O0 execution test
FAIL: gfortran.dg/eor_handling_4.f90 -O1 execution test
FAIL: gfortran.dg/eor_handling_4.f90 -O2 execution test
FAIL: gfortran.dg/eor_handling_4.f90 -O3 -fomit-frame-pointer execution test
FAIL: gfortran.dg/eor_handling_4.f90 -O3 -fomit-frame-pointer -funroll-loops execution test
FAIL: gfortran.dg/eor_handling_4.f90 -O3 -fomit-frame-pointer -funroll-all-loops -finline-functions execution test
FAIL: gfortran.dg/eor_handling_4.f90 -O3 -g execution test
FAIL: gfortran.dg/eor_handling_4.f90 -Os execution test
FAIL: gfortran.dg/eor_handling_5.f90 -O0 execution test
FAIL: gfortran.dg/eor_handling_5.f90 -O1 execution test
FAIL: gfortran.dg/eor_handling_5.f90 -O2 execution test
FAIL: gfortran.dg/eor_handling_5.f90 -O3 -fomit-frame-pointer execution test
FAIL: gfortran.dg/eor_handling_5.f90 -O3 -fomit-frame-pointer -funroll-loops execution test
FAIL: gfortran.dg/eor_handling_5.f90 -O3 -fomit-frame-pointer -funroll-all-loops -finline-functions execution test
FAIL: gfortran.dg/eor_handling_5.f90 -O3 -g execution test
FAIL: gfortran.dg/eor_handling_5.f90 -Os execution test
FAIL: gfortran.dg/eoshift.f90 -O0 execution test
FAIL: gfortran.dg/eoshift.f90 -O1 execution test
FAIL: gfortran.dg/eoshift.f90 -O2 execution test
FAIL: gfortran.dg/eoshift.f90 -O3 -fomit-frame-pointer execution test
FAIL: gfortran.dg/eoshift.f90 -O3 -fomit-frame-pointer -funroll-loops execution test
FAIL: gfortran.dg/eoshift.f90 -O3 -fomit-frame-pointer -funroll-all-loops -finline-functions execution test
FAIL: gfortran.dg/eoshift.f90 -O3 -g execution test
FAIL: gfortran.dg/eoshift.f90 -Os execution test
FAIL: gfortran.dg/fgetc_1.f90 -O0 execution test
FAIL: gfortran.dg/fgetc_1.f90 -O1 execution test
FAIL: gfortran.dg/fgetc_1.f90 -O2 execution test
FAIL: gfortran.dg/fgetc_1.f90 -O3 -fomit-frame-pointer execution test
FAIL: gfortran.dg/fgetc_1.f90 -O3 -fomit-frame-pointer -funroll-loops execution test
FAIL: gfortran.dg/fgetc_1.f90 -O3 -fomit-frame-pointer -funroll-all-loops -finline-functions execution test
FAIL: gfortran.dg/fgetc_1.f90 -O3 -g execution test
FAIL: gfortran.dg/fgetc_1.f90 -Os execution test
FAIL: gfortran.dg/fgetc_2.f90 -O0 execution test
FAIL: gfortran.dg/fgetc_2.f90 -O1 execution test
FAIL: gfortran.dg/fgetc_2.f90 -O2 execution test
FAIL: gfortran.dg/fgetc_2.f90 -O3 -fomit-frame-pointer execution test
FAIL: gfortran.dg/fgetc_2.f90 -O3 -fomit-frame-pointer -funroll-loops execution test
FAIL: gfortran.dg/fgetc_2.f90 -O3 -fomit-frame-pointer -funroll-all-loops -finline-functions execution test
FAIL: gfortran.dg/fgetc_2.f90 -O3 -g execution test
FAIL: gfortran.dg/fgetc_2.f90 -Os execution test
FAIL: gfortran.dg/flush_1.f90 -O0 execution test
FAIL: gfortran.dg/flush_1.f90 -O1 execution test
FAIL: gfortran.dg/flush_1.f90 -O2 execution test
FAIL: gfortran.dg/flush_1.f90 -O3 -fomit-frame-pointer execution test
FAIL: gfortran.dg/flush_1.f90 -O3 -fomit-frame-pointer -funroll-loops execution test
FAIL: gfortran.dg/flush_1.f90 -O3 -fomit-frame-pointer -funroll-all-loops -finline-functions execution test
FAIL: gfortran.dg/flush_1.f90 -O3 -g execution test
FAIL: gfortran.dg/flush_1.f90 -Os execution test
FAIL: gfortran.dg/fmt_exhaust.f90 -O0 execution test
FAIL: gfortran.dg/fmt_exhaust.f90 -O1 execution test
FAIL: gfortran.dg/fmt_exhaust.f90 -O2 execution test
FAIL: gfortran.dg/fmt_exhaust.f90 -O3 -fomit-frame-pointer execution test
FAIL: gfortran.dg/fmt_exhaust.f90 -O3 -fomit-frame-pointer -funroll-loops execution test
FAIL: gfortran.dg/fmt_exhaust.f90 -O3 -fomit-frame-pointer -funroll-all-loops -finline-functions execution test
FAIL: gfortran.dg/fmt_exhaust.f90 -O3 -g execution test
FAIL: gfortran.dg/fmt_exhaust.f90 -Os execution test
FAIL: gfortran.dg/fmt_l.f90 -O0 execution test
FAIL: gfortran.dg/fmt_l.f90 -O1 execution test
FAIL: gfortran.dg/fmt_l.f90 -O2 execution test
FAIL: gfortran.dg/fmt_l.f90 -O3 -fomit-frame-pointer execution test
FAIL: gfortran.dg/fmt_l.f90 -O3 -fomit-frame-pointer -funroll-loops execution test
FAIL: gfortran.dg/fmt_l.f90 -O3 -fomit-frame-pointer -funroll-all-loops -finline-functions execution test
FAIL: gfortran.dg/fmt_l.f90 -O3 -g execution test
FAIL: gfortran.dg/fmt_l.f90 -Os execution test
FAIL: gfortran.dg/fmt_read.f90 -O0 execution test
FAIL: gfortran.dg/fmt_read.f90 -O1 execution test
FAIL: gfortran.dg/fmt_read.f90 -O2 execution test
FAIL: gfortran.dg/fmt_read.f90 -O3 -fomit-frame-pointer execution test
FAIL: gfortran.dg/fmt_read.f90 -O3 -fomit-frame-pointer -funroll-loops execution test
FAIL: gfortran.dg/fmt_read.f90 -O3 -fomit-frame-pointer -funroll-all-loops -finline-functions execution test
FAIL: gfortran.dg/fmt_read.f90 -O3 -g execution test
FAIL: gfortran.dg/fmt_read.f90 -Os execution test
FAIL: gfortran.dg/fmt_read_bz_bn.f90 -O0 execution test
FAIL: gfortran.dg/fmt_read_bz_bn.f90 -O1 execution test
FAIL: gfortran.dg/fmt_read_bz_bn.f90 -O2 execution test
FAIL: gfortran.dg/fmt_read_bz_bn.f90 -O3 -fomit-frame-pointer execution test
FAIL: gfortran.dg/fmt_read_bz_bn.f90 -O3 -fomit-frame-pointer -funroll-loops execution test
FAIL: gfortran.dg/fmt_read_bz_bn.f90 -O3 -fomit-frame-pointer -funroll-all-loops -finline-functions execution test
FAIL: gfortran.dg/fmt_read_bz_bn.f90 -O3 -g execution test
FAIL: gfortran.dg/fmt_read_bz_bn.f90 -Os execution test
FAIL: gfortran.dg/fmt_t_1.f90 -O0 execution test
FAIL: gfortran.dg/fmt_t_1.f90 -O1 execution test
FAIL: gfortran.dg/fmt_t_1.f90 -O2 execution test
FAIL: gfortran.dg/fmt_t_1.f90 -O3 -fomit-frame-pointer execution test
FAIL: gfortran.dg/fmt_t_1.f90 -O3 -fomit-frame-pointer -funroll-loops execution test
FAIL: gfortran.dg/fmt_t_1.f90 -O3 -fomit-frame-pointer -funroll-all-loops -finline-functions execution test
FAIL: gfortran.dg/fmt_t_1.f90 -O3 -g execution test
FAIL: gfortran.dg/fmt_t_1.f90 -Os execution test
FAIL: gfortran.dg/fmt_t_2.f90 -O0 execution test
FAIL: gfortran.dg/fmt_t_2.f90 -O1 execution test
FAIL: gfortran.dg/fmt_t_2.f90 -O2 execution test
FAIL: gfortran.dg/fmt_t_2.f90 -O3 -fomit-frame-pointer execution test
FAIL: gfortran.dg/fmt_t_2.f90 -O3 -fomit-frame-pointer -funroll-loops execution test
FAIL: gfortran.dg/fmt_t_2.f90 -O3 -fomit-frame-pointer -funroll-all-loops -finline-functions execution test
FAIL: gfortran.dg/fmt_t_2.f90 -O3 -g execution test
FAIL: gfortran.dg/fmt_t_2.f90 -Os execution test
FAIL: gfortran.dg/fmt_tl.f -O0 execution test
FAIL: gfortran.dg/fmt_tl.f -O1 execution test
FAIL: gfortran.dg/fmt_tl.f -O2 execution test
FAIL: gfortran.dg/fmt_tl.f -O3 -fomit-frame-pointer execution test
FAIL: gfortran.dg/fmt_tl.f -O3 -fomit-frame-pointer -funroll-loops execution test
FAIL: gfortran.dg/fmt_tl.f -O3 -fomit-frame-pointer -funroll-all-loops -finline-functions execution test
FAIL: gfortran.dg/fmt_tl.f -O3 -g execution test
FAIL: gfortran.dg/fmt_tl.f -Os execution test
FAIL: gfortran.dg/fmt_white.f -O0 execution test
FAIL: gfortran.dg/fmt_white.f -O1 execution test
FAIL: gfortran.dg/fmt_white.f -O2 execution test
FAIL: gfortran.dg/fmt_white.f -O3 -fomit-frame-pointer execution test
FAIL: gfortran.dg/fmt_white.f -O3 -fomit-frame-pointer -funroll-loops execution test
FAIL: gfortran.dg/fmt_white.f -O3 -fomit-frame-pointer -funroll-all-loops -finline-functions execution test
FAIL: gfortran.dg/fmt_white.f -O3 -g execution test
FAIL: gfortran.dg/fmt_white.f -Os execution test
FAIL: gfortran.dg/fmt_zero_digits.f90 -O0 execution test
FAIL: gfortran.dg/fmt_zero_digits.f90 -O1 execution test
FAIL: gfortran.dg/fmt_zero_digits.f90 -O2 execution test
FAIL: gfortran.dg/fmt_zero_digits.f90 -O3 -fomit-frame-pointer execution test
FAIL: gfortran.dg/fmt_zero_digits.f90 -O3 -fomit-frame-pointer -funroll-loops execution test
FAIL: gfortran.dg/fmt_zero_digits.f90 -O3 -fomit-frame-pointer -funroll-all-loops -finline-functions execution test
FAIL: gfortran.dg/fmt_zero_digits.f90 -O3 -g execution test
FAIL: gfortran.dg/fmt_zero_digits.f90 -Os execution test
FAIL: gfortran.dg/fmt_zero_precision.f90 -O0 execution test
FAIL: gfortran.dg/fmt_zero_precision.f90 -O1 execution test
FAIL: gfortran.dg/fmt_zero_precision.f90 -O2 execution test
FAIL: gfortran.dg/fmt_zero_precision.f90 -O3 -fomit-frame-pointer execution test
FAIL: gfortran.dg/fmt_zero_precision.f90 -O3 -fomit-frame-pointer -funroll-loops execution test
FAIL: gfortran.dg/fmt_zero_precision.f90 -O3 -fomit-frame-pointer -funroll-all-loops -finline-functions execution test
FAIL: gfortran.dg/fmt_zero_precision.f90 -O3 -g execution test
FAIL: gfortran.dg/fmt_zero_precision.f90 -Os execution test
FAIL: gfortran.dg/ftell_1.f90 -O0 execution test
FAIL: gfortran.dg/ftell_1.f90 -O1 execution test
FAIL: gfortran.dg/ftell_1.f90 -O2 execution test
FAIL: gfortran.dg/ftell_1.f90 -O3 -fomit-frame-pointer execution test
FAIL: gfortran.dg/ftell_1.f90 -O3 -fomit-frame-pointer -funroll-loops execution test
FAIL: gfortran.dg/ftell_1.f90 -O3 -fomit-frame-pointer -funroll-all-loops -finline-functions execution test
FAIL: gfortran.dg/ftell_1.f90 -O3 -g execution test
FAIL: gfortran.dg/ftell_1.f90 -Os execution test
FAIL: gfortran.dg/ftell_2.f90 -O0 execution test
FAIL: gfortran.dg/ftell_2.f90 -O1 execution test
FAIL: gfortran.dg/ftell_2.f90 -O2 execution test
FAIL: gfortran.dg/ftell_2.f90 -O3 -fomit-frame-pointer execution test
FAIL: gfortran.dg/ftell_2.f90 -O3 -fomit-frame-pointer -funroll-loops execution test
FAIL: gfortran.dg/ftell_2.f90 -O3 -fomit-frame-pointer -funroll-all-loops -finline-functions execution test
FAIL: gfortran.dg/ftell_2.f90 -O3 -g execution test
FAIL: gfortran.dg/ftell_2.f90 -Os execution test
FAIL: gfortran.dg/func_derived_3.f90 -O0 execution test
FAIL: gfortran.dg/func_derived_3.f90 -O1 execution test
FAIL: gfortran.dg/func_derived_3.f90 -O2 execution test
FAIL: gfortran.dg/func_derived_3.f90 -O3 -fomit-frame-pointer execution test
FAIL: gfortran.dg/func_derived_3.f90 -O3 -fomit-frame-pointer -funroll-loops execution test
FAIL: gfortran.dg/func_derived_3.f90 -O3 -fomit-frame-pointer -funroll-all-loops -finline-functions execution test
FAIL: gfortran.dg/func_derived_3.f90 -O3 -g execution test
FAIL: gfortran.dg/func_derived_3.f90 -Os execution test
FAIL: gfortran.dg/hollerith.f90 -O0 execution test
FAIL: gfortran.dg/hollerith.f90 -O1 execution test
FAIL: gfortran.dg/hollerith.f90 -O2 execution test
FAIL: gfortran.dg/hollerith.f90 -O3 -fomit-frame-pointer execution test
FAIL: gfortran.dg/hollerith.f90 -O3 -fomit-frame-pointer -funroll-loops execution test
FAIL: gfortran.dg/hollerith.f90 -O3 -fomit-frame-pointer -funroll-all-loops -finline-functions execution test
FAIL: gfortran.dg/hollerith.f90 -O3 -g execution test
FAIL: gfortran.dg/hollerith.f90 -Os execution test
FAIL: gfortran.dg/hollerith4.f90 -O0 execution test
FAIL: gfortran.dg/hollerith4.f90 -O1 execution test
FAIL: gfortran.dg/hollerith4.f90 -O2 execution test
FAIL: gfortran.dg/hollerith4.f90 -O3 -fomit-frame-pointer execution test
FAIL: gfortran.dg/hollerith4.f90 -O3 -fomit-frame-pointer -funroll-loops execution test
FAIL: gfortran.dg/hollerith4.f90 -O3 -fomit-frame-pointer -funroll-all-loops -finline-functions execution test
FAIL: gfortran.dg/hollerith4.f90 -O3 -g execution test
FAIL: gfortran.dg/hollerith4.f90 -Os execution test
FAIL: gfortran.dg/hollerith_1.f90 -O0 execution test
FAIL: gfortran.dg/hollerith_1.f90 -O1 execution test
FAIL: gfortran.dg/hollerith_1.f90 -O2 execution test
FAIL: gfortran.dg/hollerith_1.f90 -O3 -fomit-frame-pointer execution test
FAIL: gfortran.dg/hollerith_1.f90 -O3 -fomit-frame-pointer -funroll-loops execution test
FAIL: gfortran.dg/hollerith_1.f90 -O3 -fomit-frame-pointer -funroll-all-loops -finline-functions execution test
FAIL: gfortran.dg/hollerith_1.f90 -O3 -g execution test
FAIL: gfortran.dg/hollerith_1.f90 -Os execution test
FAIL: gfortran.dg/inquire.f90 -O0 execution test
FAIL: gfortran.dg/inquire.f90 -O1 execution test
FAIL: gfortran.dg/inquire.f90 -O2 execution test
FAIL: gfortran.dg/inquire.f90 -O3 -fomit-frame-pointer execution test
FAIL: gfortran.dg/inquire.f90 -O3 -fomit-frame-pointer -funroll-loops execution test
FAIL: gfortran.dg/inquire.f90 -O3 -fomit-frame-pointer -funroll-all-loops -finline-functions execution test
FAIL: gfortran.dg/inquire.f90 -O3 -g execution test
FAIL: gfortran.dg/inquire.f90 -Os execution test
FAIL: gfortran.dg/inquire_5.f90 -O0 execution test
FAIL: gfortran.dg/inquire_5.f90 -O1 execution test
FAIL: gfortran.dg/inquire_5.f90 -O2 execution test
FAIL: gfortran.dg/inquire_5.f90 -O3 -fomit-frame-pointer execution test
FAIL: gfortran.dg/inquire_5.f90 -O3 -fomit-frame-pointer -funroll-loops execution test
FAIL: gfortran.dg/inquire_5.f90 -O3 -fomit-frame-pointer -funroll-all-loops -finline-functions execution test
FAIL: gfortran.dg/inquire_5.f90 -O3 -g execution test
FAIL: gfortran.dg/inquire_5.f90 -Os execution test
FAIL: gfortran.dg/inquire_6.f90 -O0 execution test
FAIL: gfortran.dg/inquire_6.f90 -O1 execution test
FAIL: gfortran.dg/inquire_6.f90 -O2 execution test
FAIL: gfortran.dg/inquire_6.f90 -O3 -fomit-frame-pointer execution test
FAIL: gfortran.dg/inquire_6.f90 -O3 -fomit-frame-pointer -funroll-loops execution test
FAIL: gfortran.dg/inquire_6.f90 -O3 -fomit-frame-pointer -funroll-all-loops -finline-functions execution test
FAIL: gfortran.dg/inquire_6.f90 -O3 -g execution test
FAIL: gfortran.dg/inquire_6.f90 -Os execution test
FAIL: gfortran.dg/inquire_7.f90 -O0 execution test
FAIL: gfortran.dg/inquire_7.f90 -O1 execution test
FAIL: gfortran.dg/inquire_7.f90 -O2 execution test
FAIL: gfortran.dg/inquire_7.f90 -O3 -fomit-frame-pointer execution test
FAIL: gfortran.dg/inquire_7.f90 -O3 -fomit-frame-pointer -funroll-loops execution test
FAIL: gfortran.dg/inquire_7.f90 -O3 -fomit-frame-pointer -funroll-all-loops -finline-functions execution test
FAIL: gfortran.dg/inquire_7.f90 -O3 -g execution test
FAIL: gfortran.dg/inquire_7.f90 -Os execution test
FAIL: gfortran.dg/inquire_9.f90 -O0 execution test
FAIL: gfortran.dg/inquire_9.f90 -O1 execution test
FAIL: gfortran.dg/inquire_9.f90 -O2 execution test
FAIL: gfortran.dg/inquire_9.f90 -O3 -fomit-frame-pointer execution test
FAIL: gfortran.dg/inquire_9.f90 -O3 -fomit-frame-pointer -funroll-loops execution test
FAIL: gfortran.dg/inquire_9.f90 -O3 -fomit-frame-pointer -funroll-all-loops -finline-functions execution test
FAIL: gfortran.dg/inquire_9.f90 -O3 -g execution test
FAIL: gfortran.dg/inquire_9.f90 -Os execution test
FAIL: gfortran.dg/io_real_boz.f90 -O0 execution test
FAIL: gfortran.dg/io_real_boz.f90 -O1 execution test
FAIL: gfortran.dg/io_real_boz.f90 -O2 execution test
FAIL: gfortran.dg/io_real_boz.f90 -O3 -fomit-frame-pointer execution test
FAIL: gfortran.dg/io_real_boz.f90 -O3 -fomit-frame-pointer -funroll-loops execution test
FAIL: gfortran.dg/io_real_boz.f90 -O3 -fomit-frame-pointer -funroll-all-loops -finline-functions execution test
FAIL: gfortran.dg/io_real_boz.f90 -O3 -g execution test
FAIL: gfortran.dg/io_real_boz.f90 -Os execution test
FAIL: gfortran.dg/iomsg_1.f90 -O0 execution test
FAIL: gfortran.dg/iomsg_1.f90 -O1 execution test
FAIL: gfortran.dg/iomsg_1.f90 -O2 execution test
FAIL: gfortran.dg/iomsg_1.f90 -O3 -fomit-frame-pointer execution test
FAIL: gfortran.dg/iomsg_1.f90 -O3 -fomit-frame-pointer -funroll-loops execution test
FAIL: gfortran.dg/iomsg_1.f90 -O3 -fomit-frame-pointer -funroll-all-loops -finline-functions execution test
FAIL: gfortran.dg/iomsg_1.f90 -O3 -g execution test
FAIL: gfortran.dg/iomsg_1.f90 -Os execution test
FAIL: gfortran.dg/iostat_1.f90 -O0 execution test
FAIL: gfortran.dg/iostat_1.f90 -O1 execution test
FAIL: gfortran.dg/iostat_1.f90 -O2 execution test
FAIL: gfortran.dg/iostat_1.f90 -O3 -fomit-frame-pointer execution test
FAIL: gfortran.dg/iostat_1.f90 -O3 -fomit-frame-pointer -funroll-loops execution test
FAIL: gfortran.dg/iostat_1.f90 -O3 -fomit-frame-pointer -funroll-all-loops -finline-functions execution test
FAIL: gfortran.dg/iostat_1.f90 -O3 -g execution test
FAIL: gfortran.dg/iostat_1.f90 -Os execution test
FAIL: gfortran.dg/iostat_2.f90 -O0 execution test
FAIL: gfortran.dg/iostat_2.f90 -O1 execution test
FAIL: gfortran.dg/iostat_2.f90 -O2 execution test
FAIL: gfortran.dg/iostat_2.f90 -O3 -fomit-frame-pointer execution test
FAIL: gfortran.dg/iostat_2.f90 -O3 -fomit-frame-pointer -funroll-loops execution test
FAIL: gfortran.dg/iostat_2.f90 -O3 -fomit-frame-pointer -funroll-all-loops -finline-functions execution test
FAIL: gfortran.dg/iostat_2.f90 -O3 -g execution test
FAIL: gfortran.dg/iostat_2.f90 -Os execution test
FAIL: gfortran.dg/large_real_kind_1.f90 -O0 execution test
FAIL: gfortran.dg/large_real_kind_1.f90 -O1 execution test
FAIL: gfortran.dg/large_real_kind_1.f90 -O2 execution test
FAIL: gfortran.dg/large_real_kind_1.f90 -O3 -fomit-frame-pointer execution test
FAIL: gfortran.dg/large_real_kind_1.f90 -O3 -fomit-frame-pointer -funroll-loops execution test
FAIL: gfortran.dg/large_real_kind_1.f90 -O3 -fomit-frame-pointer -funroll-all-loops -finline-functions execution test
FAIL: gfortran.dg/large_real_kind_1.f90 -O3 -g execution test
FAIL: gfortran.dg/large_real_kind_1.f90 -Os execution test
FAIL: gfortran.dg/large_real_kind_form_io_1.f90 -O0 execution test
FAIL: gfortran.dg/large_real_kind_form_io_1.f90 -O1 execution test
FAIL: gfortran.dg/large_real_kind_form_io_1.f90 -O2 execution test
FAIL: gfortran.dg/large_real_kind_form_io_1.f90 -O3 -fomit-frame-pointer execution test
FAIL: gfortran.dg/large_real_kind_form_io_1.f90 -O3 -fomit-frame-pointer -funroll-loops execution test
FAIL: gfortran.dg/large_real_kind_form_io_1.f90 -O3 -fomit-frame-pointer -funroll-all-loops -finline-functions execution test
FAIL: gfortran.dg/large_real_kind_form_io_1.f90 -O3 -g execution test
FAIL: gfortran.dg/large_real_kind_form_io_1.f90 -Os execution test
FAIL: gfortran.dg/large_real_kind_form_io_2.f90 -O0 execution test
FAIL: gfortran.dg/large_real_kind_form_io_2.f90 -O1 execution test
FAIL: gfortran.dg/large_real_kind_form_io_2.f90 -O2 execution test
FAIL: gfortran.dg/large_real_kind_form_io_2.f90 -O3 -fomit-frame-pointer execution test
FAIL: gfortran.dg/large_real_kind_form_io_2.f90 -O3 -fomit-frame-pointer -funroll-loops execution test
FAIL: gfortran.dg/large_real_kind_form_io_2.f90 -O3 -fomit-frame-pointer -funroll-all-loops -finline-functions execution test
FAIL: gfortran.dg/large_real_kind_form_io_2.f90 -O3 -g execution test
FAIL: gfortran.dg/large_real_kind_form_io_2.f90 -Os execution test
FAIL: gfortran.dg/list_read_1.f90 -O0 execution test
FAIL: gfortran.dg/list_read_1.f90 -O1 execution test
FAIL: gfortran.dg/list_read_1.f90 -O2 execution test
FAIL: gfortran.dg/list_read_1.f90 -O3 -fomit-frame-pointer execution test
FAIL: gfortran.dg/list_read_1.f90 -O3 -fomit-frame-pointer -funroll-loops execution test
FAIL: gfortran.dg/list_read_1.f90 -O3 -fomit-frame-pointer -funroll-all-loops -finline-functions execution test
FAIL: gfortran.dg/list_read_1.f90 -O3 -g execution test
FAIL: gfortran.dg/list_read_1.f90 -Os execution test
FAIL: gfortran.dg/list_read_3.f90 -O0 execution test
FAIL: gfortran.dg/list_read_3.f90 -O1 execution test
FAIL: gfortran.dg/list_read_3.f90 -O2 execution test
FAIL: gfortran.dg/list_read_3.f90 -O3 -fomit-frame-pointer execution test
FAIL: gfortran.dg/list_read_3.f90 -O3 -fomit-frame-pointer -funroll-loops execution test
FAIL: gfortran.dg/list_read_3.f90 -O3 -fomit-frame-pointer -funroll-all-loops -finline-functions execution test
FAIL: gfortran.dg/list_read_3.f90 -O3 -g execution test
FAIL: gfortran.dg/list_read_3.f90 -Os execution test
FAIL: gfortran.dg/list_read_4.f90 -O0 execution test
FAIL: gfortran.dg/list_read_4.f90 -O1 execution test
FAIL: gfortran.dg/list_read_4.f90 -O2 execution test
FAIL: gfortran.dg/list_read_4.f90 -O3 -fomit-frame-pointer execution test
FAIL: gfortran.dg/list_read_4.f90 -O3 -fomit-frame-pointer -funroll-loops execution test
FAIL: gfortran.dg/list_read_4.f90 -O3 -fomit-frame-pointer -funroll-all-loops -finline-functions execution test
FAIL: gfortran.dg/list_read_4.f90 -O3 -g execution test
FAIL: gfortran.dg/list_read_4.f90 -Os execution test
FAIL: gfortran.dg/list_read_5.f90 -O0 execution test
FAIL: gfortran.dg/list_read_5.f90 -O1 execution test
FAIL: gfortran.dg/list_read_5.f90 -O2 execution test
FAIL: gfortran.dg/list_read_5.f90 -O3 -fomit-frame-pointer execution test
FAIL: gfortran.dg/list_read_5.f90 -O3 -fomit-frame-pointer -funroll-loops execution test
FAIL: gfortran.dg/list_read_5.f90 -O3 -fomit-frame-pointer -funroll-all-loops -finline-functions execution test
FAIL: gfortran.dg/list_read_5.f90 -O3 -g execution test
FAIL: gfortran.dg/list_read_5.f90 -Os execution test
FAIL: gfortran.dg/literal_character_constant_1_x.F -O0 execution test
FAIL: gfortran.dg/literal_character_constant_1_x.F -O1 execution test
FAIL: gfortran.dg/literal_character_constant_1_x.F -O2 execution test
FAIL: gfortran.dg/literal_character_constant_1_x.F -O3 -fomit-frame-pointer execution test
FAIL: gfortran.dg/literal_character_constant_1_x.F -O3 -fomit-frame-pointer -funroll-loops execution test
FAIL: gfortran.dg/literal_character_constant_1_x.F -O3 -fomit-frame-pointer -funroll-all-loops -finline-functions execution test
FAIL: gfortran.dg/literal_character_constant_1_x.F -O3 -g execution test
FAIL: gfortran.dg/literal_character_constant_1_x.F -Os execution test
FAIL: gfortran.dg/literal_character_constant_1_y.F -O0 execution test
FAIL: gfortran.dg/literal_character_constant_1_y.F -O1 execution test
FAIL: gfortran.dg/literal_character_constant_1_y.F -O2 execution test
FAIL: gfortran.dg/literal_character_constant_1_y.F -O3 -fomit-frame-pointer execution test
FAIL: gfortran.dg/literal_character_constant_1_y.F -O3 -fomit-frame-pointer -funroll-loops execution test
FAIL: gfortran.dg/literal_character_constant_1_y.F -O3 -fomit-frame-pointer -funroll-all-loops -finline-functions execution test
FAIL: gfortran.dg/literal_character_constant_1_y.F -O3 -g execution test
FAIL: gfortran.dg/literal_character_constant_1_y.F -Os execution test
FAIL: gfortran.dg/literal_character_constant_1_z.F -O0 execution test
FAIL: gfortran.dg/literal_character_constant_1_z.F -O1 execution test
FAIL: gfortran.dg/literal_character_constant_1_z.F -O2 execution test
FAIL: gfortran.dg/literal_character_constant_1_z.F -O3 -fomit-frame-pointer execution test
FAIL: gfortran.dg/literal_character_constant_1_z.F -O3 -fomit-frame-pointer -funroll-loops execution test
FAIL: gfortran.dg/literal_character_constant_1_z.F -O3 -fomit-frame-pointer -funroll-all-loops -finline-functions execution test
FAIL: gfortran.dg/literal_character_constant_1_z.F -O3 -g execution test
FAIL: gfortran.dg/literal_character_constant_1_z.F -Os execution test
FAIL: gfortran.dg/logical_1.f90 -O0 execution test
FAIL: gfortran.dg/logical_1.f90 -O1 execution test
FAIL: gfortran.dg/logical_1.f90 -O2 execution test
FAIL: gfortran.dg/logical_1.f90 -O3 -fomit-frame-pointer execution test
FAIL: gfortran.dg/logical_1.f90 -O3 -fomit-frame-pointer -funroll-loops execution test
FAIL: gfortran.dg/logical_1.f90 -O3 -fomit-frame-pointer -funroll-all-loops -finline-functions execution test
FAIL: gfortran.dg/logical_1.f90 -O3 -g execution test
FAIL: gfortran.dg/logical_1.f90 -Os execution test
FAIL: gfortran.dg/merge_char_const.f90 -O0 execution test
FAIL: gfortran.dg/merge_char_const.f90 -O1 execution test
FAIL: gfortran.dg/merge_char_const.f90 -O2 execution test
FAIL: gfortran.dg/merge_char_const.f90 -O3 -fomit-frame-pointer execution test
FAIL: gfortran.dg/merge_char_const.f90 -O3 -fomit-frame-pointer -funroll-loops execution test
FAIL: gfortran.dg/merge_char_const.f90 -O3 -fomit-frame-pointer -funroll-all-loops -finline-functions execution test
FAIL: gfortran.dg/merge_char_const.f90 -O3 -g execution test
FAIL: gfortran.dg/merge_char_const.f90 -Os execution test
FAIL: gfortran.dg/mixed_io_1.f90 -O0 execution test
FAIL: gfortran.dg/mixed_io_1.f90 -O1 execution test
FAIL: gfortran.dg/mixed_io_1.f90 -O2 execution test
FAIL: gfortran.dg/mixed_io_1.f90 -O3 -fomit-frame-pointer execution test
FAIL: gfortran.dg/mixed_io_1.f90 -O3 -fomit-frame-pointer -funroll-loops execution test
FAIL: gfortran.dg/mixed_io_1.f90 -O3 -fomit-frame-pointer -funroll-all-loops -finline-functions execution test
FAIL: gfortran.dg/mixed_io_1.f90 -O3 -g execution test
FAIL: gfortran.dg/mixed_io_1.f90 -Os execution test
FAIL: gfortran.dg/namelist_11.f -O0 execution test
FAIL: gfortran.dg/namelist_11.f -O1 execution test
FAIL: gfortran.dg/namelist_11.f -O2 execution test
FAIL: gfortran.dg/namelist_11.f -O3 -fomit-frame-pointer execution test
FAIL: gfortran.dg/namelist_11.f -O3 -fomit-frame-pointer -funroll-loops execution test
FAIL: gfortran.dg/namelist_11.f -O3 -fomit-frame-pointer -funroll-all-loops -finline-functions execution test
FAIL: gfortran.dg/namelist_11.f -O3 -g execution test
FAIL: gfortran.dg/namelist_11.f -Os execution test
FAIL: gfortran.dg/namelist_12.f -O0 execution test
FAIL: gfortran.dg/namelist_12.f -O1 execution test
FAIL: gfortran.dg/namelist_12.f -O2 execution test
FAIL: gfortran.dg/namelist_12.f -O3 -fomit-frame-pointer execution test
FAIL: gfortran.dg/namelist_12.f -O3 -fomit-frame-pointer -funroll-loops execution test
FAIL: gfortran.dg/namelist_12.f -O3 -fomit-frame-pointer -funroll-all-loops -finline-functions execution test
FAIL: gfortran.dg/namelist_12.f -O3 -g execution test
FAIL: gfortran.dg/namelist_12.f -Os execution test
FAIL: gfortran.dg/namelist_13.f90 -O0 execution test
FAIL: gfortran.dg/namelist_13.f90 -O1 execution test
FAIL: gfortran.dg/namelist_13.f90 -O2 execution test
FAIL: gfortran.dg/namelist_13.f90 -O3 -fomit-frame-pointer execution test
FAIL: gfortran.dg/namelist_13.f90 -O3 -fomit-frame-pointer -funroll-loops execution test
FAIL: gfortran.dg/namelist_13.f90 -O3 -fomit-frame-pointer -funroll-all-loops -finline-functions execution test
FAIL: gfortran.dg/namelist_13.f90 -O3 -g execution test
FAIL: gfortran.dg/namelist_13.f90 -Os execution test
FAIL: gfortran.dg/namelist_14.f90 -O0 execution test
FAIL: gfortran.dg/namelist_14.f90 -O1 execution test
FAIL: gfortran.dg/namelist_14.f90 -O2 execution test
FAIL: gfortran.dg/namelist_14.f90 -O3 -fomit-frame-pointer execution test
FAIL: gfortran.dg/namelist_14.f90 -O3 -fomit-frame-pointer -funroll-loops execution test
FAIL: gfortran.dg/namelist_14.f90 -O3 -fomit-frame-pointer -funroll-all-loops -finline-functions execution test
FAIL: gfortran.dg/namelist_14.f90 -O3 -g execution test
FAIL: gfortran.dg/namelist_14.f90 -Os execution test
FAIL: gfortran.dg/namelist_15.f90 -O0 execution test
FAIL: gfortran.dg/namelist_15.f90 -O1 execution test
FAIL: gfortran.dg/namelist_15.f90 -O2 execution test
FAIL: gfortran.dg/namelist_15.f90 -O3 -fomit-frame-pointer execution test
FAIL: gfortran.dg/namelist_15.f90 -O3 -fomit-frame-pointer -funroll-loops execution test
FAIL: gfortran.dg/namelist_15.f90 -O3 -fomit-frame-pointer -funroll-all-loops -finline-functions execution test
FAIL: gfortran.dg/namelist_15.f90 -O3 -g execution test
FAIL: gfortran.dg/namelist_15.f90 -Os execution test
FAIL: gfortran.dg/namelist_16.f90 -O0 execution test
FAIL: gfortran.dg/namelist_16.f90 -O1 execution test
FAIL: gfortran.dg/namelist_16.f90 -O2 execution test
FAIL: gfortran.dg/namelist_16.f90 -O3 -fomit-frame-pointer execution test
FAIL: gfortran.dg/namelist_16.f90 -O3 -fomit-frame-pointer -funroll-loops execution test
FAIL: gfortran.dg/namelist_16.f90 -O3 -fomit-frame-pointer -funroll-all-loops -finline-functions execution test
FAIL: gfortran.dg/namelist_16.f90 -O3 -g execution test
FAIL: gfortran.dg/namelist_16.f90 -Os execution test
FAIL: gfortran.dg/namelist_17.f90 -O0 execution test
FAIL: gfortran.dg/namelist_17.f90 -O1 execution test
FAIL: gfortran.dg/namelist_17.f90 -O2 execution test
FAIL: gfortran.dg/namelist_17.f90 -O3 -fomit-frame-pointer execution test
FAIL: gfortran.dg/namelist_17.f90 -O3 -fomit-frame-pointer -funroll-loops execution test
FAIL: gfortran.dg/namelist_17.f90 -O3 -fomit-frame-pointer -funroll-all-loops -finline-functions execution test
FAIL: gfortran.dg/namelist_17.f90 -O3 -g execution test
FAIL: gfortran.dg/namelist_17.f90 -Os execution test
FAIL: gfortran.dg/namelist_18.f90 -O0 execution test
FAIL: gfortran.dg/namelist_18.f90 -O1 execution test
FAIL: gfortran.dg/namelist_18.f90 -O2 execution test
FAIL: gfortran.dg/namelist_18.f90 -O3 -fomit-frame-pointer execution test
FAIL: gfortran.dg/namelist_18.f90 -O3 -fomit-frame-pointer -funroll-loops execution test
FAIL: gfortran.dg/namelist_18.f90 -O3 -fomit-frame-pointer -funroll-all-loops -finline-functions execution test
FAIL: gfortran.dg/namelist_18.f90 -O3 -g execution test
FAIL: gfortran.dg/namelist_18.f90 -Os execution test
FAIL: gfortran.dg/namelist_19.f90 -O0 execution test
FAIL: gfortran.dg/namelist_19.f90 -O1 execution test
FAIL: gfortran.dg/namelist_19.f90 -O2 execution test
FAIL: gfortran.dg/namelist_19.f90 -O3 -fomit-frame-pointer execution test
FAIL: gfortran.dg/namelist_19.f90 -O3 -fomit-frame-pointer -funroll-loops execution test
FAIL: gfortran.dg/namelist_19.f90 -O3 -fomit-frame-pointer -funroll-all-loops -finline-functions execution test
FAIL: gfortran.dg/namelist_19.f90 -O3 -g execution test
FAIL: gfortran.dg/namelist_19.f90 -Os execution test
FAIL: gfortran.dg/namelist_20.f90 -O0 execution test
FAIL: gfortran.dg/namelist_20.f90 -O1 execution test
FAIL: gfortran.dg/namelist_20.f90 -O2 execution test
FAIL: gfortran.dg/namelist_20.f90 -O3 -fomit-frame-pointer execution test
FAIL: gfortran.dg/namelist_20.f90 -O3 -fomit-frame-pointer -funroll-loops execution test
FAIL: gfortran.dg/namelist_20.f90 -O3 -fomit-frame-pointer -funroll-all-loops -finline-functions execution test
FAIL: gfortran.dg/namelist_20.f90 -O3 -g execution test
FAIL: gfortran.dg/namelist_20.f90 -Os execution test
FAIL: gfortran.dg/namelist_21.f90 -O0 execution test
FAIL: gfortran.dg/namelist_21.f90 -O1 execution test
FAIL: gfortran.dg/namelist_21.f90 -O2 execution test
FAIL: gfortran.dg/namelist_21.f90 -O3 -fomit-frame-pointer execution test
FAIL: gfortran.dg/namelist_21.f90 -O3 -fomit-frame-pointer -funroll-loops execution test
FAIL: gfortran.dg/namelist_21.f90 -O3 -fomit-frame-pointer -funroll-all-loops -finline-functions execution test
FAIL: gfortran.dg/namelist_21.f90 -O3 -g execution test
FAIL: gfortran.dg/namelist_21.f90 -Os execution test
FAIL: gfortran.dg/namelist_22.f90 -O0 execution test
FAIL: gfortran.dg/namelist_22.f90 -O1 execution test
FAIL: gfortran.dg/namelist_22.f90 -O2 execution test
FAIL: gfortran.dg/namelist_22.f90 -O3 -fomit-frame-pointer execution test
FAIL: gfortran.dg/namelist_22.f90 -O3 -fomit-frame-pointer -funroll-loops execution test
FAIL: gfortran.dg/namelist_22.f90 -O3 -fomit-frame-pointer -funroll-all-loops -finline-functions execution test
FAIL: gfortran.dg/namelist_22.f90 -O3 -g execution test
FAIL: gfortran.dg/namelist_22.f90 -Os execution test
FAIL: gfortran.dg/namelist_23.f90 -O0 execution test
FAIL: gfortran.dg/namelist_23.f90 -O1 execution test
FAIL: gfortran.dg/namelist_23.f90 -O2 execution test
FAIL: gfortran.dg/namelist_23.f90 -O3 -fomit-frame-pointer execution test
FAIL: gfortran.dg/namelist_23.f90 -O3 -fomit-frame-pointer -funroll-loops execution test
FAIL: gfortran.dg/namelist_23.f90 -O3 -fomit-frame-pointer -funroll-all-loops -finline-functions execution test
FAIL: gfortran.dg/namelist_23.f90 -O3 -g execution test
FAIL: gfortran.dg/namelist_23.f90 -Os execution test
FAIL: gfortran.dg/namelist_24.f90 -O0 execution test
FAIL: gfortran.dg/namelist_24.f90 -O1 execution test
FAIL: gfortran.dg/namelist_24.f90 -O2 execution test
FAIL: gfortran.dg/namelist_24.f90 -O3 -fomit-frame-pointer execution test
FAIL: gfortran.dg/namelist_24.f90 -O3 -fomit-frame-pointer -funroll-loops execution test
FAIL: gfortran.dg/namelist_24.f90 -O3 -fomit-frame-pointer -funroll-all-loops -finline-functions execution test
FAIL: gfortran.dg/namelist_24.f90 -O3 -g execution test
FAIL: gfortran.dg/namelist_24.f90 -Os execution test
FAIL: gfortran.dg/namelist_char_only.f90 -O0 execution test
FAIL: gfortran.dg/namelist_char_only.f90 -O1 execution test
FAIL: gfortran.dg/namelist_char_only.f90 -O2 execution test
FAIL: gfortran.dg/namelist_char_only.f90 -O3 -fomit-frame-pointer execution test
FAIL: gfortran.dg/namelist_char_only.f90 -O3 -fomit-frame-pointer -funroll-loops execution test
FAIL: gfortran.dg/namelist_char_only.f90 -O3 -fomit-frame-pointer -funroll-all-loops -finline-functions execution test
FAIL: gfortran.dg/namelist_char_only.f90 -O3 -g execution test
FAIL: gfortran.dg/namelist_char_only.f90 -Os execution test
FAIL: gfortran.dg/namelist_internal.f90 -O0 execution test
FAIL: gfortran.dg/namelist_internal.f90 -O1 execution test
FAIL: gfortran.dg/namelist_internal.f90 -O2 execution test
FAIL: gfortran.dg/namelist_internal.f90 -O3 -fomit-frame-pointer execution test
FAIL: gfortran.dg/namelist_internal.f90 -O3 -fomit-frame-pointer -funroll-loops execution test
FAIL: gfortran.dg/namelist_internal.f90 -O3 -fomit-frame-pointer -funroll-all-loops -finline-functions execution test
FAIL: gfortran.dg/namelist_internal.f90 -O3 -g execution test
FAIL: gfortran.dg/namelist_internal.f90 -Os execution test
FAIL: gfortran.dg/namelist_print_1.f -O0 execution test
FAIL: gfortran.dg/namelist_print_1.f -O1 execution test
FAIL: gfortran.dg/namelist_print_1.f -O2 execution test
FAIL: gfortran.dg/namelist_print_1.f -O3 -fomit-frame-pointer execution test
FAIL: gfortran.dg/namelist_print_1.f -O3 -fomit-frame-pointer -funroll-loops execution test
FAIL: gfortran.dg/namelist_print_1.f -O3 -fomit-frame-pointer -funroll-all-loops -finline-functions execution test
FAIL: gfortran.dg/namelist_print_1.f -O3 -g execution test
FAIL: gfortran.dg/namelist_print_1.f -Os execution test
FAIL: gfortran.dg/namelist_use.f90 -O0 execution test
FAIL: gfortran.dg/namelist_use.f90 -O1 execution test
FAIL: gfortran.dg/namelist_use.f90 -O2 execution test
FAIL: gfortran.dg/namelist_use.f90 -O3 -fomit-frame-pointer execution test
FAIL: gfortran.dg/namelist_use.f90 -O3 -fomit-frame-pointer -funroll-loops execution test
FAIL: gfortran.dg/namelist_use.f90 -O3 -fomit-frame-pointer -funroll-all-loops -finline-functions execution test
FAIL: gfortran.dg/namelist_use.f90 -O3 -g execution test
FAIL: gfortran.dg/namelist_use.f90 -Os execution test
FAIL: gfortran.dg/namelist_use_only.f90 -O0 execution test
FAIL: gfortran.dg/namelist_use_only.f90 -O1 execution test
FAIL: gfortran.dg/namelist_use_only.f90 -O2 execution test
FAIL: gfortran.dg/namelist_use_only.f90 -O3 -fomit-frame-pointer execution test
FAIL: gfortran.dg/namelist_use_only.f90 -O3 -fomit-frame-pointer -funroll-loops execution test
FAIL: gfortran.dg/namelist_use_only.f90 -O3 -fomit-frame-pointer -funroll-all-loops -finline-functions execution test
FAIL: gfortran.dg/namelist_use_only.f90 -O3 -g execution test
FAIL: gfortran.dg/namelist_use_only.f90 -Os execution test
FAIL: gfortran.dg/negative-z-descriptor.f90 -O0 execution test
FAIL: gfortran.dg/negative-z-descriptor.f90 -O1 execution test
FAIL: gfortran.dg/negative-z-descriptor.f90 -O2 execution test
FAIL: gfortran.dg/negative-z-descriptor.f90 -O3 -fomit-frame-pointer execution test
FAIL: gfortran.dg/negative-z-descriptor.f90 -O3 -fomit-frame-pointer -funroll-loops execution test
FAIL: gfortran.dg/negative-z-descriptor.f90 -O3 -fomit-frame-pointer -funroll-all-loops -finline-functions execution test
FAIL: gfortran.dg/negative-z-descriptor.f90 -O3 -g execution test
FAIL: gfortran.dg/negative-z-descriptor.f90 -Os execution test
FAIL: gfortran.dg/noadv_size.f90 -O0 execution test
FAIL: gfortran.dg/noadv_size.f90 -O1 execution test
FAIL: gfortran.dg/noadv_size.f90 -O2 execution test
FAIL: gfortran.dg/noadv_size.f90 -O3 -fomit-frame-pointer execution test
FAIL: gfortran.dg/noadv_size.f90 -O3 -fomit-frame-pointer -funroll-loops execution test
FAIL: gfortran.dg/noadv_size.f90 -O3 -fomit-frame-pointer -funroll-all-loops -finline-functions execution test
FAIL: gfortran.dg/noadv_size.f90 -O3 -g execution test
FAIL: gfortran.dg/noadv_size.f90 -Os execution test
FAIL: gfortran.dg/open-options-blanks.f -O0 execution test
FAIL: gfortran.dg/open-options-blanks.f -O1 execution test
FAIL: gfortran.dg/open-options-blanks.f -O2 execution test
FAIL: gfortran.dg/open-options-blanks.f -O3 -fomit-frame-pointer execution test
FAIL: gfortran.dg/open-options-blanks.f -O3 -fomit-frame-pointer -funroll-loops execution test
FAIL: gfortran.dg/open-options-blanks.f -O3 -fomit-frame-pointer -funroll-all-loops -finline-functions execution test
FAIL: gfortran.dg/open-options-blanks.f -O3 -g execution test
FAIL: gfortran.dg/open-options-blanks.f -Os execution test
FAIL: gfortran.dg/open_access_append_1.f90 -O0 execution test
FAIL: gfortran.dg/open_access_append_1.f90 -O1 execution test
FAIL: gfortran.dg/open_access_append_1.f90 -O2 execution test
FAIL: gfortran.dg/open_access_append_1.f90 -O3 -fomit-frame-pointer execution test
FAIL: gfortran.dg/open_access_append_1.f90 -O3 -fomit-frame-pointer -funroll-loops execution test
FAIL: gfortran.dg/open_access_append_1.f90 -O3 -fomit-frame-pointer -funroll-all-loops -finline-functions execution test
FAIL: gfortran.dg/open_access_append_1.f90 -O3 -g execution test
FAIL: gfortran.dg/open_access_append_1.f90 -Os execution test
FAIL: gfortran.dg/open_new.f90 -O0 execution test
FAIL: gfortran.dg/open_new.f90 -O1 execution test
FAIL: gfortran.dg/open_new.f90 -O2 execution test
FAIL: gfortran.dg/open_new.f90 -O3 -fomit-frame-pointer execution test
FAIL: gfortran.dg/open_new.f90 -O3 -fomit-frame-pointer -funroll-loops execution test
FAIL: gfortran.dg/open_new.f90 -O3 -fomit-frame-pointer -funroll-all-loops -finline-functions execution test
FAIL: gfortran.dg/open_new.f90 -O3 -g execution test
FAIL: gfortran.dg/open_new.f90 -Os execution test
FAIL: gfortran.dg/open_readonly_1.f90 -O0 execution test
FAIL: gfortran.dg/open_readonly_1.f90 -O1 execution test
FAIL: gfortran.dg/open_readonly_1.f90 -O2 execution test
FAIL: gfortran.dg/open_readonly_1.f90 -O3 -fomit-frame-pointer execution test
FAIL: gfortran.dg/open_readonly_1.f90 -O3 -fomit-frame-pointer -funroll-loops execution test
FAIL: gfortran.dg/open_readonly_1.f90 -O3 -fomit-frame-pointer -funroll-all-loops -finline-functions execution test
FAIL: gfortran.dg/open_readonly_1.f90 -O3 -g execution test
FAIL: gfortran.dg/open_readonly_1.f90 -Os execution test
FAIL: gfortran.dg/open_status_1.f90 -O0 execution test
FAIL: gfortran.dg/open_status_1.f90 -O1 execution test
FAIL: gfortran.dg/open_status_1.f90 -O2 execution test
FAIL: gfortran.dg/open_status_1.f90 -O3 -fomit-frame-pointer execution test
FAIL: gfortran.dg/open_status_1.f90 -O3 -fomit-frame-pointer -funroll-loops execution test
FAIL: gfortran.dg/open_status_1.f90 -O3 -fomit-frame-pointer -funroll-all-loops -finline-functions execution test
FAIL: gfortran.dg/open_status_1.f90 -O3 -g execution test
FAIL: gfortran.dg/open_status_1.f90 -Os execution test
FAIL: gfortran.dg/open_status_2.f90 -O0 execution test
FAIL: gfortran.dg/open_status_2.f90 -O1 execution test
FAIL: gfortran.dg/open_status_2.f90 -O2 execution test
FAIL: gfortran.dg/open_status_2.f90 -O3 -fomit-frame-pointer execution test
FAIL: gfortran.dg/open_status_2.f90 -O3 -fomit-frame-pointer -funroll-loops execution test
FAIL: gfortran.dg/open_status_2.f90 -O3 -fomit-frame-pointer -funroll-all-loops -finline-functions execution test
FAIL: gfortran.dg/open_status_2.f90 -O3 -g execution test
FAIL: gfortran.dg/open_status_2.f90 -Os execution test
FAIL: gfortran.dg/open_status_3.f90 -O0 execution test
FAIL: gfortran.dg/open_status_3.f90 -O1 execution test
FAIL: gfortran.dg/open_status_3.f90 -O2 execution test
FAIL: gfortran.dg/open_status_3.f90 -O3 -fomit-frame-pointer execution test
FAIL: gfortran.dg/open_status_3.f90 -O3 -fomit-frame-pointer -funroll-loops execution test
FAIL: gfortran.dg/open_status_3.f90 -O3 -fomit-frame-pointer -funroll-all-loops -finline-functions execution test
FAIL: gfortran.dg/open_status_3.f90 -O3 -g execution test
FAIL: gfortran.dg/open_status_3.f90 -Os execution test
FAIL: gfortran.dg/output_exponents_1.f90 -O0 execution test
FAIL: gfortran.dg/output_exponents_1.f90 -O1 execution test
FAIL: gfortran.dg/output_exponents_1.f90 -O2 execution test
FAIL: gfortran.dg/output_exponents_1.f90 -O3 -fomit-frame-pointer execution test
FAIL: gfortran.dg/output_exponents_1.f90 -O3 -fomit-frame-pointer -funroll-loops execution test
FAIL: gfortran.dg/output_exponents_1.f90 -O3 -fomit-frame-pointer -funroll-all-loops -finline-functions execution test
FAIL: gfortran.dg/output_exponents_1.f90 -O3 -g execution test
FAIL: gfortran.dg/output_exponents_1.f90 -Os execution test
FAIL: gfortran.dg/overwrite_1.f -O0 execution test
FAIL: gfortran.dg/overwrite_1.f -O1 execution test
FAIL: gfortran.dg/overwrite_1.f -O2 execution test
FAIL: gfortran.dg/overwrite_1.f -O3 -fomit-frame-pointer execution test
FAIL: gfortran.dg/overwrite_1.f -O3 -fomit-frame-pointer -funroll-loops execution test
FAIL: gfortran.dg/overwrite_1.f -O3 -fomit-frame-pointer -funroll-all-loops -finline-functions execution test
FAIL: gfortran.dg/overwrite_1.f -O3 -g execution test
FAIL: gfortran.dg/overwrite_1.f -Os execution test
FAIL: gfortran.dg/pad_no.f90 -O0 execution test
FAIL: gfortran.dg/pad_no.f90 -O1 execution test
FAIL: gfortran.dg/pad_no.f90 -O2 execution test
FAIL: gfortran.dg/pad_no.f90 -O3 -fomit-frame-pointer execution test
FAIL: gfortran.dg/pad_no.f90 -O3 -fomit-frame-pointer -funroll-loops execution test
FAIL: gfortran.dg/pad_no.f90 -O3 -fomit-frame-pointer -funroll-all-loops -finline-functions execution test
FAIL: gfortran.dg/pad_no.f90 -O3 -g execution test
FAIL: gfortran.dg/pad_no.f90 -Os execution test
FAIL: gfortran.dg/past_eor.f90 -O0 execution test
FAIL: gfortran.dg/past_eor.f90 -O1 execution test
FAIL: gfortran.dg/past_eor.f90 -O2 execution test
FAIL: gfortran.dg/past_eor.f90 -O3 -fomit-frame-pointer execution test
FAIL: gfortran.dg/past_eor.f90 -O3 -fomit-frame-pointer -funroll-loops execution test
FAIL: gfortran.dg/past_eor.f90 -O3 -fomit-frame-pointer -funroll-all-loops -finline-functions execution test
FAIL: gfortran.dg/past_eor.f90 -O3 -g execution test
FAIL: gfortran.dg/past_eor.f90 -Os execution test
FAIL: gfortran.dg/pr12884.f -O0 execution test
FAIL: gfortran.dg/pr12884.f -O1 execution test
FAIL: gfortran.dg/pr12884.f -O2 execution test
FAIL: gfortran.dg/pr12884.f -O3 -fomit-frame-pointer execution test
FAIL: gfortran.dg/pr12884.f -O3 -fomit-frame-pointer -funroll-loops execution test
FAIL: gfortran.dg/pr12884.f -O3 -fomit-frame-pointer -funroll-all-loops -finline-functions execution test
FAIL: gfortran.dg/pr12884.f -O3 -g execution test
FAIL: gfortran.dg/pr12884.f -Os execution test
FAIL: gfortran.dg/pr15332.f -O0 execution test
FAIL: gfortran.dg/pr15332.f -O1 execution test
FAIL: gfortran.dg/pr15332.f -O2 execution test
FAIL: gfortran.dg/pr15332.f -O3 -fomit-frame-pointer execution test
FAIL: gfortran.dg/pr15332.f -O3 -fomit-frame-pointer -funroll-loops execution test
FAIL: gfortran.dg/pr15332.f -O3 -fomit-frame-pointer -funroll-all-loops -finline-functions execution test
FAIL: gfortran.dg/pr15332.f -O3 -g execution test
FAIL: gfortran.dg/pr15332.f -Os execution test
FAIL: gfortran.dg/pr16597.f90 -O0 execution test
FAIL: gfortran.dg/pr16597.f90 -O1 execution test
FAIL: gfortran.dg/pr16597.f90 -O2 execution test
FAIL: gfortran.dg/pr16597.f90 -O3 -fomit-frame-pointer execution test
FAIL: gfortran.dg/pr16597.f90 -O3 -fomit-frame-pointer -funroll-loops execution test
FAIL: gfortran.dg/pr16597.f90 -O3 -fomit-frame-pointer -funroll-all-loops -finline-functions execution test
FAIL: gfortran.dg/pr16597.f90 -O3 -g execution test
FAIL: gfortran.dg/pr16597.f90 -Os execution test
FAIL: gfortran.dg/pr16935.f90 -O0 execution test
FAIL: gfortran.dg/pr16935.f90 -O1 execution test
FAIL: gfortran.dg/pr16935.f90 -O2 execution test
FAIL: gfortran.dg/pr16935.f90 -O3 -fomit-frame-pointer execution test
FAIL: gfortran.dg/pr16935.f90 -O3 -fomit-frame-pointer -funroll-loops execution test
FAIL: gfortran.dg/pr16935.f90 -O3 -fomit-frame-pointer -funroll-all-loops -finline-functions execution test
FAIL: gfortran.dg/pr16935.f90 -O3 -g execution test
FAIL: gfortran.dg/pr16935.f90 -Os execution test
FAIL: gfortran.dg/pr17090.f90 -O0 execution test
FAIL: gfortran.dg/pr17090.f90 -O1 execution test
FAIL: gfortran.dg/pr17090.f90 -O2 execution test
FAIL: gfortran.dg/pr17090.f90 -O3 -fomit-frame-pointer execution test
FAIL: gfortran.dg/pr17090.f90 -O3 -fomit-frame-pointer -funroll-loops execution test
FAIL: gfortran.dg/pr17090.f90 -O3 -fomit-frame-pointer -funroll-all-loops -finline-functions execution test
FAIL: gfortran.dg/pr17090.f90 -O3 -g execution test
FAIL: gfortran.dg/pr17090.f90 -Os execution test
FAIL: gfortran.dg/pr17143.f90 -O0 execution test
FAIL: gfortran.dg/pr17143.f90 -O1 execution test
FAIL: gfortran.dg/pr17143.f90 -O2 execution test
FAIL: gfortran.dg/pr17143.f90 -O3 -fomit-frame-pointer execution test
FAIL: gfortran.dg/pr17143.f90 -O3 -fomit-frame-pointer -funroll-loops execution test
FAIL: gfortran.dg/pr17143.f90 -O3 -fomit-frame-pointer -funroll-all-loops -finline-functions execution test
FAIL: gfortran.dg/pr17143.f90 -O3 -g execution test
FAIL: gfortran.dg/pr17143.f90 -Os execution test
FAIL: gfortran.dg/pr17285.f90 -O0 execution test
FAIL: gfortran.dg/pr17285.f90 -O1 execution test
FAIL: gfortran.dg/pr17285.f90 -O2 execution test
FAIL: gfortran.dg/pr17285.f90 -O3 -fomit-frame-pointer execution test
FAIL: gfortran.dg/pr17285.f90 -O3 -fomit-frame-pointer -funroll-loops execution test
FAIL: gfortran.dg/pr17285.f90 -O3 -fomit-frame-pointer -funroll-all-loops -finline-functions execution test
FAIL: gfortran.dg/pr17285.f90 -O3 -g execution test
FAIL: gfortran.dg/pr17285.f90 -Os execution test
FAIL: gfortran.dg/pr17286.f90 -O0 execution test
FAIL: gfortran.dg/pr17286.f90 -O1 execution test
FAIL: gfortran.dg/pr17286.f90 -O2 execution test
FAIL: gfortran.dg/pr17286.f90 -O3 -fomit-frame-pointer execution test
FAIL: gfortran.dg/pr17286.f90 -O3 -fomit-frame-pointer -funroll-loops execution test
FAIL: gfortran.dg/pr17286.f90 -O3 -fomit-frame-pointer -funroll-all-loops -finline-functions execution test
FAIL: gfortran.dg/pr17286.f90 -O3 -g execution test
FAIL: gfortran.dg/pr17286.f90 -Os execution test
FAIL: gfortran.dg/pr17706.f90 -O0 execution test
FAIL: gfortran.dg/pr17706.f90 -O1 execution test
FAIL: gfortran.dg/pr17706.f90 -O2 execution test
FAIL: gfortran.dg/pr17706.f90 -O3 -fomit-frame-pointer execution test
FAIL: gfortran.dg/pr17706.f90 -O3 -fomit-frame-pointer -funroll-loops execution test
FAIL: gfortran.dg/pr17706.f90 -O3 -fomit-frame-pointer -funroll-all-loops -finline-functions execution test
FAIL: gfortran.dg/pr17706.f90 -O3 -g execution test
FAIL: gfortran.dg/pr17706.f90 -Os execution test
FAIL: gfortran.dg/pr18025.f90 -O0 execution test
FAIL: gfortran.dg/pr18025.f90 -O1 execution test
FAIL: gfortran.dg/pr18025.f90 -O2 execution test
FAIL: gfortran.dg/pr18025.f90 -O3 -fomit-frame-pointer execution test
FAIL: gfortran.dg/pr18025.f90 -O3 -fomit-frame-pointer -funroll-loops execution test
FAIL: gfortran.dg/pr18025.f90 -O3 -fomit-frame-pointer -funroll-all-loops -finline-functions execution test
FAIL: gfortran.dg/pr18025.f90 -O3 -g execution test
FAIL: gfortran.dg/pr18025.f90 -Os execution test
FAIL: gfortran.dg/pr18122.f90 -O0 execution test
FAIL: gfortran.dg/pr18122.f90 -O1 execution test
FAIL: gfortran.dg/pr18122.f90 -O2 execution test
FAIL: gfortran.dg/pr18122.f90 -O3 -fomit-frame-pointer execution test
FAIL: gfortran.dg/pr18122.f90 -O3 -fomit-frame-pointer -funroll-loops execution test
FAIL: gfortran.dg/pr18122.f90 -O3 -fomit-frame-pointer -funroll-all-loops -finline-functions execution test
FAIL: gfortran.dg/pr18122.f90 -O3 -g execution test
FAIL: gfortran.dg/pr18122.f90 -Os execution test
FAIL: gfortran.dg/pr18210.f90 -O0 execution test
FAIL: gfortran.dg/pr18210.f90 -O1 execution test
FAIL: gfortran.dg/pr18210.f90 -O2 execution test
FAIL: gfortran.dg/pr18210.f90 -O3 -fomit-frame-pointer execution test
FAIL: gfortran.dg/pr18210.f90 -O3 -fomit-frame-pointer -funroll-loops execution test
FAIL: gfortran.dg/pr18210.f90 -O3 -fomit-frame-pointer -funroll-all-loops -finline-functions execution test
FAIL: gfortran.dg/pr18210.f90 -O3 -g execution test
FAIL: gfortran.dg/pr18210.f90 -Os execution test
FAIL: gfortran.dg/pr18392.f90 -O0 execution test
FAIL: gfortran.dg/pr18392.f90 -O1 execution test
FAIL: gfortran.dg/pr18392.f90 -O2 execution test
FAIL: gfortran.dg/pr18392.f90 -O3 -fomit-frame-pointer execution test
FAIL: gfortran.dg/pr18392.f90 -O3 -fomit-frame-pointer -funroll-loops execution test
FAIL: gfortran.dg/pr18392.f90 -O3 -fomit-frame-pointer -funroll-all-loops -finline-functions execution test
FAIL: gfortran.dg/pr18392.f90 -O3 -g execution test
FAIL: gfortran.dg/pr18392.f90 -Os execution test
FAIL: gfortran.dg/pr19155.f -O0 execution test
FAIL: gfortran.dg/pr19155.f -O1 execution test
FAIL: gfortran.dg/pr19155.f -O2 execution test
FAIL: gfortran.dg/pr19155.f -O3 -fomit-frame-pointer execution test
FAIL: gfortran.dg/pr19155.f -O3 -fomit-frame-pointer -funroll-loops execution test
FAIL: gfortran.dg/pr19155.f -O3 -fomit-frame-pointer -funroll-all-loops -finline-functions execution test
FAIL: gfortran.dg/pr19155.f -O3 -g execution test
FAIL: gfortran.dg/pr19155.f -Os execution test
FAIL: gfortran.dg/pr19216.f -O0 execution test
FAIL: gfortran.dg/pr19216.f -O1 execution test
FAIL: gfortran.dg/pr19216.f -O2 execution test
FAIL: gfortran.dg/pr19216.f -O3 -fomit-frame-pointer execution test
FAIL: gfortran.dg/pr19216.f -O3 -fomit-frame-pointer -funroll-loops execution test
FAIL: gfortran.dg/pr19216.f -O3 -fomit-frame-pointer -funroll-all-loops -finline-functions execution test
FAIL: gfortran.dg/pr19216.f -O3 -g execution test
FAIL: gfortran.dg/pr19216.f -Os execution test
FAIL: gfortran.dg/pr19467.f90 -O0 execution test
FAIL: gfortran.dg/pr19467.f90 -O1 execution test
FAIL: gfortran.dg/pr19467.f90 -O2 execution test
FAIL: gfortran.dg/pr19467.f90 -O3 -fomit-frame-pointer execution test
FAIL: gfortran.dg/pr19467.f90 -O3 -fomit-frame-pointer -funroll-loops execution test
FAIL: gfortran.dg/pr19467.f90 -O3 -fomit-frame-pointer -funroll-all-loops -finline-functions execution test
FAIL: gfortran.dg/pr19467.f90 -O3 -g execution test
FAIL: gfortran.dg/pr19467.f90 -Os execution test
FAIL: gfortran.dg/pr19657.f -O0 execution test
FAIL: gfortran.dg/pr19657.f -O1 execution test
FAIL: gfortran.dg/pr19657.f -O2 execution test
FAIL: gfortran.dg/pr19657.f -O3 -fomit-frame-pointer execution test
FAIL: gfortran.dg/pr19657.f -O3 -fomit-frame-pointer -funroll-loops execution test
FAIL: gfortran.dg/pr19657.f -O3 -fomit-frame-pointer -funroll-all-loops -finline-functions execution test
FAIL: gfortran.dg/pr19657.f -O3 -g execution test
FAIL: gfortran.dg/pr19657.f -Os execution test
FAIL: gfortran.dg/pr20086.f90 -O0 execution test
FAIL: gfortran.dg/pr20086.f90 -O1 execution test
FAIL: gfortran.dg/pr20086.f90 -O2 execution test
FAIL: gfortran.dg/pr20086.f90 -O3 -fomit-frame-pointer execution test
FAIL: gfortran.dg/pr20086.f90 -O3 -fomit-frame-pointer -funroll-loops execution test
FAIL: gfortran.dg/pr20086.f90 -O3 -fomit-frame-pointer -funroll-all-loops -finline-functions execution test
FAIL: gfortran.dg/pr20086.f90 -O3 -g execution test
FAIL: gfortran.dg/pr20086.f90 -Os execution test
FAIL: gfortran.dg/pr20124.f90 -O0 execution test
FAIL: gfortran.dg/pr20124.f90 -O1 execution test
FAIL: gfortran.dg/pr20124.f90 -O2 execution test
FAIL: gfortran.dg/pr20124.f90 -O3 -fomit-frame-pointer execution test
FAIL: gfortran.dg/pr20124.f90 -O3 -fomit-frame-pointer -funroll-loops execution test
FAIL: gfortran.dg/pr20124.f90 -O3 -fomit-frame-pointer -funroll-all-loops -finline-functions execution test
FAIL: gfortran.dg/pr20124.f90 -O3 -g execution test
FAIL: gfortran.dg/pr20124.f90 -Os execution test
FAIL: gfortran.dg/pr20257.f90 -O0 execution test
FAIL: gfortran.dg/pr20257.f90 -O1 execution test
FAIL: gfortran.dg/pr20257.f90 -O2 execution test
FAIL: gfortran.dg/pr20257.f90 -O3 -fomit-frame-pointer execution test
FAIL: gfortran.dg/pr20257.f90 -O3 -fomit-frame-pointer -funroll-loops execution test
FAIL: gfortran.dg/pr20257.f90 -O3 -fomit-frame-pointer -funroll-all-loops -finline-functions execution test
FAIL: gfortran.dg/pr20257.f90 -O3 -g execution test
FAIL: gfortran.dg/pr20257.f90 -Os execution test
FAIL: gfortran.dg/pr20480.f90 -O0 execution test
FAIL: gfortran.dg/pr20480.f90 -O1 execution test
FAIL: gfortran.dg/pr20480.f90 -O2 execution test
FAIL: gfortran.dg/pr20480.f90 -O3 -fomit-frame-pointer execution test
FAIL: gfortran.dg/pr20480.f90 -O3 -fomit-frame-pointer -funroll-loops execution test
FAIL: gfortran.dg/pr20480.f90 -O3 -fomit-frame-pointer -funroll-all-loops -finline-functions execution test
FAIL: gfortran.dg/pr20480.f90 -O3 -g execution test
FAIL: gfortran.dg/pr20480.f90 -Os execution test
FAIL: gfortran.dg/pr20755.f -O0 execution test
FAIL: gfortran.dg/pr20755.f -O1 execution test
FAIL: gfortran.dg/pr20755.f -O2 execution test
FAIL: gfortran.dg/pr20755.f -O3 -fomit-frame-pointer execution test
FAIL: gfortran.dg/pr20755.f -O3 -fomit-frame-pointer -funroll-loops execution test
FAIL: gfortran.dg/pr20755.f -O3 -fomit-frame-pointer -funroll-all-loops -finline-functions execution test
FAIL: gfortran.dg/pr20755.f -O3 -g execution test
FAIL: gfortran.dg/pr20755.f -Os execution test
FAIL: gfortran.dg/pr20954.f -O0 execution test
FAIL: gfortran.dg/pr20954.f -O1 execution test
FAIL: gfortran.dg/pr20954.f -O2 execution test
FAIL: gfortran.dg/pr20954.f -O3 -fomit-frame-pointer execution test
FAIL: gfortran.dg/pr20954.f -O3 -fomit-frame-pointer -funroll-loops execution test
FAIL: gfortran.dg/pr20954.f -O3 -fomit-frame-pointer -funroll-all-loops -finline-functions execution test
FAIL: gfortran.dg/pr20954.f -O3 -g execution test
FAIL: gfortran.dg/pr20954.f -Os execution test
FAIL: gfortran.dg/pr21730.f -O0 execution test
FAIL: gfortran.dg/pr21730.f -O1 execution test
FAIL: gfortran.dg/pr21730.f -O2 execution test
FAIL: gfortran.dg/pr21730.f -O3 -fomit-frame-pointer execution test
FAIL: gfortran.dg/pr21730.f -O3 -fomit-frame-pointer -funroll-loops execution test
FAIL: gfortran.dg/pr21730.f -O3 -fomit-frame-pointer -funroll-all-loops -finline-functions execution test
FAIL: gfortran.dg/pr21730.f -O3 -g execution test
FAIL: gfortran.dg/pr21730.f -Os execution test
FAIL: gfortran.dg/pr22491.f -O0 execution test
FAIL: gfortran.dg/pr22491.f -O1 execution test
FAIL: gfortran.dg/pr22491.f -O2 execution test
FAIL: gfortran.dg/pr22491.f -O3 -fomit-frame-pointer execution test
FAIL: gfortran.dg/pr22491.f -O3 -fomit-frame-pointer -funroll-loops execution test
FAIL: gfortran.dg/pr22491.f -O3 -fomit-frame-pointer -funroll-all-loops -finline-functions execution test
FAIL: gfortran.dg/pr22491.f -O3 -g execution test
FAIL: gfortran.dg/pr22491.f -Os execution test
FAIL: gfortran.dg/print_fmt_1.f90 -O0 execution test
FAIL: gfortran.dg/print_fmt_1.f90 -O1 execution test
FAIL: gfortran.dg/print_fmt_1.f90 -O2 execution test
FAIL: gfortran.dg/print_fmt_1.f90 -O3 -fomit-frame-pointer execution test
FAIL: gfortran.dg/print_fmt_1.f90 -O3 -fomit-frame-pointer -funroll-loops execution test
FAIL: gfortran.dg/print_fmt_1.f90 -O3 -fomit-frame-pointer -funroll-all-loops -finline-functions execution test
FAIL: gfortran.dg/print_fmt_1.f90 -O3 -g execution test
FAIL: gfortran.dg/print_fmt_1.f90 -Os execution test
FAIL: gfortran.dg/read_bad_advance.f90 -O0 execution test
FAIL: gfortran.dg/read_bad_advance.f90 -O1 execution test
FAIL: gfortran.dg/read_bad_advance.f90 -O2 execution test
FAIL: gfortran.dg/read_bad_advance.f90 -O3 -fomit-frame-pointer execution test
FAIL: gfortran.dg/read_bad_advance.f90 -O3 -fomit-frame-pointer -funroll-loops execution test
FAIL: gfortran.dg/read_bad_advance.f90 -O3 -fomit-frame-pointer -funroll-all-loops -finline-functions execution test
FAIL: gfortran.dg/read_bad_advance.f90 -O3 -g execution test
FAIL: gfortran.dg/read_bad_advance.f90 -Os execution test
FAIL: gfortran.dg/read_comma.f -O0 execution test
FAIL: gfortran.dg/read_comma.f -O1 execution test
FAIL: gfortran.dg/read_comma.f -O2 execution test
FAIL: gfortran.dg/read_comma.f -O3 -fomit-frame-pointer execution test
FAIL: gfortran.dg/read_comma.f -O3 -fomit-frame-pointer -funroll-loops execution test
FAIL: gfortran.dg/read_comma.f -O3 -fomit-frame-pointer -funroll-all-loops -finline-functions execution test
FAIL: gfortran.dg/read_comma.f -O3 -g execution test
FAIL: gfortran.dg/read_comma.f -Os execution test
FAIL: gfortran.dg/read_eof_1.f90 -O0 execution test
FAIL: gfortran.dg/read_eof_1.f90 -O1 execution test
FAIL: gfortran.dg/read_eof_1.f90 -O2 execution test
FAIL: gfortran.dg/read_eof_1.f90 -O3 -fomit-frame-pointer execution test
FAIL: gfortran.dg/read_eof_1.f90 -O3 -fomit-frame-pointer -funroll-loops execution test
FAIL: gfortran.dg/read_eof_1.f90 -O3 -fomit-frame-pointer -funroll-all-loops -finline-functions execution test
FAIL: gfortran.dg/read_eof_1.f90 -O3 -g execution test
FAIL: gfortran.dg/read_eof_1.f90 -Os execution test
FAIL: gfortran.dg/read_eof_2.f90 -O0 execution test
FAIL: gfortran.dg/read_eof_2.f90 -O1 execution test
FAIL: gfortran.dg/read_eof_2.f90 -O2 execution test
FAIL: gfortran.dg/read_eof_2.f90 -O3 -fomit-frame-pointer execution test
FAIL: gfortran.dg/read_eof_2.f90 -O3 -fomit-frame-pointer -funroll-loops execution test
FAIL: gfortran.dg/read_eof_2.f90 -O3 -fomit-frame-pointer -funroll-all-loops -finline-functions execution test
FAIL: gfortran.dg/read_eof_2.f90 -O3 -g execution test
FAIL: gfortran.dg/read_eof_2.f90 -Os execution test
FAIL: gfortran.dg/read_eof_3.f90 -O0 execution test
FAIL: gfortran.dg/read_eof_3.f90 -O1 execution test
FAIL: gfortran.dg/read_eof_3.f90 -O2 execution test
FAIL: gfortran.dg/read_eof_3.f90 -O3 -fomit-frame-pointer execution test
FAIL: gfortran.dg/read_eof_3.f90 -O3 -fomit-frame-pointer -funroll-loops execution test
FAIL: gfortran.dg/read_eof_3.f90 -O3 -fomit-frame-pointer -funroll-all-loops -finline-functions execution test
FAIL: gfortran.dg/read_eof_3.f90 -O3 -g execution test
FAIL: gfortran.dg/read_eof_3.f90 -Os execution test
FAIL: gfortran.dg/read_eof_4.f90 -O0 execution test
FAIL: gfortran.dg/read_eof_4.f90 -O1 execution test
FAIL: gfortran.dg/read_eof_4.f90 -O2 execution test
FAIL: gfortran.dg/read_eof_4.f90 -O3 -fomit-frame-pointer execution test
FAIL: gfortran.dg/read_eof_4.f90 -O3 -fomit-frame-pointer -funroll-loops execution test
FAIL: gfortran.dg/read_eof_4.f90 -O3 -fomit-frame-pointer -funroll-all-loops -finline-functions execution test
FAIL: gfortran.dg/read_eof_4.f90 -O3 -g execution test
FAIL: gfortran.dg/read_eof_4.f90 -Os execution test
FAIL: gfortran.dg/read_eor.f90 -O0 execution test
FAIL: gfortran.dg/read_eor.f90 -O1 execution test
FAIL: gfortran.dg/read_eor.f90 -O2 execution test
FAIL: gfortran.dg/read_eor.f90 -O3 -fomit-frame-pointer execution test
FAIL: gfortran.dg/read_eor.f90 -O3 -fomit-frame-pointer -funroll-loops execution test
FAIL: gfortran.dg/read_eor.f90 -O3 -fomit-frame-pointer -funroll-all-loops -finline-functions execution test
FAIL: gfortran.dg/read_eor.f90 -O3 -g execution test
FAIL: gfortran.dg/read_eor.f90 -Os execution test
FAIL: gfortran.dg/read_float_1.f90 -O0 execution test
FAIL: gfortran.dg/read_float_1.f90 -O1 execution test
FAIL: gfortran.dg/read_float_1.f90 -O2 execution test
FAIL: gfortran.dg/read_float_1.f90 -O3 -fomit-frame-pointer execution test
FAIL: gfortran.dg/read_float_1.f90 -O3 -fomit-frame-pointer -funroll-loops execution test
FAIL: gfortran.dg/read_float_1.f90 -O3 -fomit-frame-pointer -funroll-all-loops -finline-functions execution test
FAIL: gfortran.dg/read_float_1.f90 -O3 -g execution test
FAIL: gfortran.dg/read_float_1.f90 -Os execution test
FAIL: gfortran.dg/read_many_1.f -O0 execution test
FAIL: gfortran.dg/read_many_1.f -O1 execution test
FAIL: gfortran.dg/read_many_1.f -O2 execution test
FAIL: gfortran.dg/read_many_1.f -O3 -fomit-frame-pointer execution test
FAIL: gfortran.dg/read_many_1.f -O3 -fomit-frame-pointer -funroll-loops execution test
FAIL: gfortran.dg/read_many_1.f -O3 -fomit-frame-pointer -funroll-all-loops -finline-functions execution test
FAIL: gfortran.dg/read_many_1.f -O3 -g execution test
FAIL: gfortran.dg/read_many_1.f -Os execution test
FAIL: gfortran.dg/read_noadvance.f90 -O0 execution test
FAIL: gfortran.dg/read_noadvance.f90 -O1 execution test
FAIL: gfortran.dg/read_noadvance.f90 -O2 execution test
FAIL: gfortran.dg/read_noadvance.f90 -O3 -fomit-frame-pointer execution test
FAIL: gfortran.dg/read_noadvance.f90 -O3 -fomit-frame-pointer -funroll-loops execution test
FAIL: gfortran.dg/read_noadvance.f90 -O3 -fomit-frame-pointer -funroll-all-loops -finline-functions execution test
FAIL: gfortran.dg/read_noadvance.f90 -O3 -g execution test
FAIL: gfortran.dg/read_noadvance.f90 -Os execution test
FAIL: gfortran.dg/read_size_noadvance.f90 -O0 execution test
FAIL: gfortran.dg/read_size_noadvance.f90 -O1 execution test
FAIL: gfortran.dg/read_size_noadvance.f90 -O2 execution test
FAIL: gfortran.dg/read_size_noadvance.f90 -O3 -fomit-frame-pointer execution test
FAIL: gfortran.dg/read_size_noadvance.f90 -O3 -fomit-frame-pointer -funroll-loops execution test
FAIL: gfortran.dg/read_size_noadvance.f90 -O3 -fomit-frame-pointer -funroll-all-loops -finline-functions execution test
FAIL: gfortran.dg/read_size_noadvance.f90 -O3 -g execution test
FAIL: gfortran.dg/read_size_noadvance.f90 -Os execution test
FAIL: gfortran.dg/read_x_eor.f90 -O0 execution test
FAIL: gfortran.dg/read_x_eor.f90 -O1 execution test
FAIL: gfortran.dg/read_x_eor.f90 -O2 execution test
FAIL: gfortran.dg/read_x_eor.f90 -O3 -fomit-frame-pointer execution test
FAIL: gfortran.dg/read_x_eor.f90 -O3 -fomit-frame-pointer -funroll-loops execution test
FAIL: gfortran.dg/read_x_eor.f90 -O3 -fomit-frame-pointer -funroll-all-loops -finline-functions execution test
FAIL: gfortran.dg/read_x_eor.f90 -O3 -g execution test
FAIL: gfortran.dg/read_x_eor.f90 -Os execution test
FAIL: gfortran.dg/read_x_past.f -O0 execution test
FAIL: gfortran.dg/read_x_past.f -O1 execution test
FAIL: gfortran.dg/read_x_past.f -O2 execution test
FAIL: gfortran.dg/read_x_past.f -O3 -fomit-frame-pointer execution test
FAIL: gfortran.dg/read_x_past.f -O3 -fomit-frame-pointer -funroll-loops execution test
FAIL: gfortran.dg/read_x_past.f -O3 -fomit-frame-pointer -funroll-all-loops -finline-functions execution test
FAIL: gfortran.dg/read_x_past.f -O3 -g execution test
FAIL: gfortran.dg/read_x_past.f -Os execution test
FAIL: gfortran.dg/record_marker_1.f90 -O0 execution test
FAIL: gfortran.dg/record_marker_1.f90 -O1 execution test
FAIL: gfortran.dg/record_marker_1.f90 -O2 execution test
FAIL: gfortran.dg/record_marker_1.f90 -O3 -fomit-frame-pointer execution test
FAIL: gfortran.dg/record_marker_1.f90 -O3 -fomit-frame-pointer -funroll-loops execution test
FAIL: gfortran.dg/record_marker_1.f90 -O3 -fomit-frame-pointer -funroll-all-loops -finline-functions execution test
FAIL: gfortran.dg/record_marker_1.f90 -O3 -g execution test
FAIL: gfortran.dg/record_marker_1.f90 -Os execution test
FAIL: gfortran.dg/record_marker_2.f -O0 execution test
FAIL: gfortran.dg/record_marker_2.f -O1 execution test
FAIL: gfortran.dg/record_marker_2.f -O2 execution test
FAIL: gfortran.dg/record_marker_2.f -O3 -fomit-frame-pointer execution test
FAIL: gfortran.dg/record_marker_2.f -O3 -fomit-frame-pointer -funroll-loops execution test
FAIL: gfortran.dg/record_marker_2.f -O3 -fomit-frame-pointer -funroll-all-loops -finline-functions execution test
FAIL: gfortran.dg/record_marker_2.f -O3 -g execution test
FAIL: gfortran.dg/record_marker_2.f -Os execution test
FAIL: gfortran.dg/record_marker_3.f90 -O0 execution test
FAIL: gfortran.dg/record_marker_3.f90 -O1 execution test
FAIL: gfortran.dg/record_marker_3.f90 -O2 execution test
FAIL: gfortran.dg/record_marker_3.f90 -O3 -fomit-frame-pointer execution test
FAIL: gfortran.dg/record_marker_3.f90 -O3 -fomit-frame-pointer -funroll-loops execution test
FAIL: gfortran.dg/record_marker_3.f90 -O3 -fomit-frame-pointer -funroll-all-loops -finline-functions execution test
FAIL: gfortran.dg/record_marker_3.f90 -O3 -g execution test
FAIL: gfortran.dg/record_marker_3.f90 -Os execution test
FAIL: gfortran.dg/reshape.f90 -O0 execution test
FAIL: gfortran.dg/reshape.f90 -O1 execution test
FAIL: gfortran.dg/reshape.f90 -O2 execution test
FAIL: gfortran.dg/reshape.f90 -O3 -fomit-frame-pointer execution test
FAIL: gfortran.dg/reshape.f90 -O3 -fomit-frame-pointer -funroll-loops execution test
FAIL: gfortran.dg/reshape.f90 -O3 -fomit-frame-pointer -funroll-all-loops -finline-functions execution test
FAIL: gfortran.dg/reshape.f90 -O3 -g execution test
FAIL: gfortran.dg/reshape.f90 -Os execution test
FAIL: gfortran.dg/ret_pointer_2.f90 -O0 execution test
FAIL: gfortran.dg/ret_pointer_2.f90 -O1 execution test
FAIL: gfortran.dg/ret_pointer_2.f90 -O2 execution test
FAIL: gfortran.dg/ret_pointer_2.f90 -O3 -fomit-frame-pointer execution test
FAIL: gfortran.dg/ret_pointer_2.f90 -O3 -fomit-frame-pointer -funroll-loops execution test
FAIL: gfortran.dg/ret_pointer_2.f90 -O3 -fomit-frame-pointer -funroll-all-loops -finline-functions execution test
FAIL: gfortran.dg/ret_pointer_2.f90 -O3 -g execution test
FAIL: gfortran.dg/ret_pointer_2.f90 -Os execution test
FAIL: gfortran.dg/rewind_1.f90 -O0 execution test
FAIL: gfortran.dg/rewind_1.f90 -O1 execution test
FAIL: gfortran.dg/rewind_1.f90 -O2 execution test
FAIL: gfortran.dg/rewind_1.f90 -O3 -fomit-frame-pointer execution test
FAIL: gfortran.dg/rewind_1.f90 -O3 -fomit-frame-pointer -funroll-loops execution test
FAIL: gfortran.dg/rewind_1.f90 -O3 -fomit-frame-pointer -funroll-all-loops -finline-functions execution test
FAIL: gfortran.dg/rewind_1.f90 -O3 -g execution test
FAIL: gfortran.dg/rewind_1.f90 -Os execution test
FAIL: gfortran.dg/runtime_warning_1.f90 -O0 execution test
FAIL: gfortran.dg/runtime_warning_1.f90 -O1 execution test
FAIL: gfortran.dg/runtime_warning_1.f90 -O2 execution test
FAIL: gfortran.dg/runtime_warning_1.f90 -O3 -fomit-frame-pointer execution test
FAIL: gfortran.dg/runtime_warning_1.f90 -O3 -fomit-frame-pointer -funroll-loops execution test
FAIL: gfortran.dg/runtime_warning_1.f90 -O3 -fomit-frame-pointer -funroll-all-loops -finline-functions execution test
FAIL: gfortran.dg/runtime_warning_1.f90 -O3 -g execution test
FAIL: gfortran.dg/runtime_warning_1.f90 -Os execution test
FAIL: gfortran.dg/save_2.f90 -O0 execution test
FAIL: gfortran.dg/save_2.f90 -O1 execution test
FAIL: gfortran.dg/save_2.f90 -O2 execution test
FAIL: gfortran.dg/save_2.f90 -O3 -fomit-frame-pointer execution test
FAIL: gfortran.dg/save_2.f90 -O3 -fomit-frame-pointer -funroll-loops execution test
FAIL: gfortran.dg/save_2.f90 -O3 -fomit-frame-pointer -funroll-all-loops -finline-functions execution test
FAIL: gfortran.dg/save_2.f90 -O3 -g execution test
FAIL: gfortran.dg/save_2.f90 -Os execution test
FAIL: gfortran.dg/slash_1.f90 -O0 execution test
FAIL: gfortran.dg/slash_1.f90 -O1 execution test
FAIL: gfortran.dg/slash_1.f90 -O2 execution test
FAIL: gfortran.dg/slash_1.f90 -O3 -fomit-frame-pointer execution test
FAIL: gfortran.dg/slash_1.f90 -O3 -fomit-frame-pointer -funroll-loops execution test
FAIL: gfortran.dg/slash_1.f90 -O3 -fomit-frame-pointer -funroll-all-loops -finline-functions execution test
FAIL: gfortran.dg/slash_1.f90 -O3 -g execution test
FAIL: gfortran.dg/slash_1.f90 -Os execution test
FAIL: gfortran.dg/spread_scalar_source.f90 -O0 execution test
FAIL: gfortran.dg/spread_scalar_source.f90 -O1 execution test
FAIL: gfortran.dg/spread_scalar_source.f90 -O2 execution test
FAIL: gfortran.dg/spread_scalar_source.f90 -O3 -fomit-frame-pointer execution test
FAIL: gfortran.dg/spread_scalar_source.f90 -O3 -fomit-frame-pointer -funroll-loops execution test
FAIL: gfortran.dg/spread_scalar_source.f90 -O3 -fomit-frame-pointer -funroll-all-loops -finline-functions execution test
FAIL: gfortran.dg/spread_scalar_source.f90 -O3 -g execution test
FAIL: gfortran.dg/spread_scalar_source.f90 -Os execution test
FAIL: gfortran.dg/stat_1.f90 -O0 execution test
FAIL: gfortran.dg/stat_1.f90 -O1 execution test
FAIL: gfortran.dg/stat_1.f90 -O2 execution test
FAIL: gfortran.dg/stat_1.f90 -O3 -fomit-frame-pointer execution test
FAIL: gfortran.dg/stat_1.f90 -O3 -fomit-frame-pointer -funroll-loops execution test
FAIL: gfortran.dg/stat_1.f90 -O3 -fomit-frame-pointer -funroll-all-loops -finline-functions execution test
FAIL: gfortran.dg/stat_1.f90 -O3 -g execution test
FAIL: gfortran.dg/stat_1.f90 -Os execution test
FAIL: gfortran.dg/stat_2.f90 -O0 execution test
FAIL: gfortran.dg/stat_2.f90 -O1 execution test
FAIL: gfortran.dg/stat_2.f90 -O2 execution test
FAIL: gfortran.dg/stat_2.f90 -O3 -fomit-frame-pointer execution test
FAIL: gfortran.dg/stat_2.f90 -O3 -fomit-frame-pointer -funroll-loops execution test
FAIL: gfortran.dg/stat_2.f90 -O3 -fomit-frame-pointer -funroll-all-loops -finline-functions execution test
FAIL: gfortran.dg/stat_2.f90 -O3 -g execution test
FAIL: gfortran.dg/stat_2.f90 -Os execution test
FAIL: gfortran.dg/static_linking_1.f -O0 execution test
FAIL: gfortran.dg/static_linking_1.f -O1 execution test
FAIL: gfortran.dg/static_linking_1.f -O2 execution test
FAIL: gfortran.dg/static_linking_1.f -O3 -fomit-frame-pointer execution test
FAIL: gfortran.dg/static_linking_1.f -O3 -fomit-frame-pointer -funroll-loops execution test
FAIL: gfortran.dg/static_linking_1.f -O3 -fomit-frame-pointer -funroll-all-loops -finline-functions execution test
FAIL: gfortran.dg/static_linking_1.f -O3 -g execution test
FAIL: gfortran.dg/static_linking_1.f -Os execution test
FAIL: gfortran.dg/streamio_1.f90 -O0 execution test
FAIL: gfortran.dg/streamio_1.f90 -O1 execution test
FAIL: gfortran.dg/streamio_1.f90 -O2 execution test
FAIL: gfortran.dg/streamio_1.f90 -O3 -fomit-frame-pointer execution test
FAIL: gfortran.dg/streamio_1.f90 -O3 -fomit-frame-pointer -funroll-loops execution test
FAIL: gfortran.dg/streamio_1.f90 -O3 -fomit-frame-pointer -funroll-all-loops -finline-functions execution test
FAIL: gfortran.dg/streamio_1.f90 -O3 -g execution test
FAIL: gfortran.dg/streamio_1.f90 -Os execution test
FAIL: gfortran.dg/streamio_10.f90 -O0 execution test
FAIL: gfortran.dg/streamio_10.f90 -O1 execution test
FAIL: gfortran.dg/streamio_10.f90 -O2 execution test
FAIL: gfortran.dg/streamio_10.f90 -O3 -fomit-frame-pointer execution test
FAIL: gfortran.dg/streamio_10.f90 -O3 -fomit-frame-pointer -funroll-loops execution test
FAIL: gfortran.dg/streamio_10.f90 -O3 -fomit-frame-pointer -funroll-all-loops -finline-functions execution test
FAIL: gfortran.dg/streamio_10.f90 -O3 -g execution test
FAIL: gfortran.dg/streamio_10.f90 -Os execution test
FAIL: gfortran.dg/streamio_11.f90 -O0 execution test
FAIL: gfortran.dg/streamio_11.f90 -O1 execution test
FAIL: gfortran.dg/streamio_11.f90 -O2 execution test
FAIL: gfortran.dg/streamio_11.f90 -O3 -fomit-frame-pointer execution test
FAIL: gfortran.dg/streamio_11.f90 -O3 -fomit-frame-pointer -funroll-loops execution test
FAIL: gfortran.dg/streamio_11.f90 -O3 -fomit-frame-pointer -funroll-all-loops -finline-functions execution test
FAIL: gfortran.dg/streamio_11.f90 -O3 -g execution test
FAIL: gfortran.dg/streamio_11.f90 -Os execution test
FAIL: gfortran.dg/streamio_2.f90 -O0 execution test
FAIL: gfortran.dg/streamio_2.f90 -O1 execution test
FAIL: gfortran.dg/streamio_2.f90 -O2 execution test
FAIL: gfortran.dg/streamio_2.f90 -O3 -fomit-frame-pointer execution test
FAIL: gfortran.dg/streamio_2.f90 -O3 -fomit-frame-pointer -funroll-loops execution test
FAIL: gfortran.dg/streamio_2.f90 -O3 -fomit-frame-pointer -funroll-all-loops -finline-functions execution test
FAIL: gfortran.dg/streamio_2.f90 -O3 -g execution test
FAIL: gfortran.dg/streamio_2.f90 -Os execution test
FAIL: gfortran.dg/streamio_3.f90 -O0 execution test
FAIL: gfortran.dg/streamio_3.f90 -O1 execution test
FAIL: gfortran.dg/streamio_3.f90 -O2 execution test
FAIL: gfortran.dg/streamio_3.f90 -O3 -fomit-frame-pointer execution test
FAIL: gfortran.dg/streamio_3.f90 -O3 -fomit-frame-pointer -funroll-loops execution test
FAIL: gfortran.dg/streamio_3.f90 -O3 -fomit-frame-pointer -funroll-all-loops -finline-functions execution test
FAIL: gfortran.dg/streamio_3.f90 -O3 -g execution test
FAIL: gfortran.dg/streamio_3.f90 -Os execution test
FAIL: gfortran.dg/streamio_4.f90 -O0 execution test
FAIL: gfortran.dg/streamio_4.f90 -O1 execution test
FAIL: gfortran.dg/streamio_4.f90 -O2 execution test
FAIL: gfortran.dg/streamio_4.f90 -O3 -fomit-frame-pointer execution test
FAIL: gfortran.dg/streamio_4.f90 -O3 -fomit-frame-pointer -funroll-loops execution test
FAIL: gfortran.dg/streamio_4.f90 -O3 -fomit-frame-pointer -funroll-all-loops -finline-functions execution test
FAIL: gfortran.dg/streamio_4.f90 -O3 -g execution test
FAIL: gfortran.dg/streamio_4.f90 -Os execution test
FAIL: gfortran.dg/streamio_5.f90 -O0 execution test
FAIL: gfortran.dg/streamio_5.f90 -O1 execution test
FAIL: gfortran.dg/streamio_5.f90 -O2 execution test
FAIL: gfortran.dg/streamio_5.f90 -O3 -fomit-frame-pointer execution test
FAIL: gfortran.dg/streamio_5.f90 -O3 -fomit-frame-pointer -funroll-loops execution test
FAIL: gfortran.dg/streamio_5.f90 -O3 -fomit-frame-pointer -funroll-all-loops -finline-functions execution test
FAIL: gfortran.dg/streamio_5.f90 -O3 -g execution test
FAIL: gfortran.dg/streamio_5.f90 -Os execution test
FAIL: gfortran.dg/streamio_6.f90 -O0 execution test
FAIL: gfortran.dg/streamio_6.f90 -O1 execution test
FAIL: gfortran.dg/streamio_6.f90 -O2 execution test
FAIL: gfortran.dg/streamio_6.f90 -O3 -fomit-frame-pointer execution test
FAIL: gfortran.dg/streamio_6.f90 -O3 -fomit-frame-pointer -funroll-loops execution test
FAIL: gfortran.dg/streamio_6.f90 -O3 -fomit-frame-pointer -funroll-all-loops -finline-functions execution test
FAIL: gfortran.dg/streamio_6.f90 -O3 -g execution test
FAIL: gfortran.dg/streamio_6.f90 -Os execution test
FAIL: gfortran.dg/streamio_7.f90 -O0 execution test
FAIL: gfortran.dg/streamio_7.f90 -O1 execution test
FAIL: gfortran.dg/streamio_7.f90 -O2 execution test
FAIL: gfortran.dg/streamio_7.f90 -O3 -fomit-frame-pointer execution test
FAIL: gfortran.dg/streamio_7.f90 -O3 -fomit-frame-pointer -funroll-loops execution test
FAIL: gfortran.dg/streamio_7.f90 -O3 -fomit-frame-pointer -funroll-all-loops -finline-functions execution test
FAIL: gfortran.dg/streamio_7.f90 -O3 -g execution test
FAIL: gfortran.dg/streamio_7.f90 -Os execution test
FAIL: gfortran.dg/streamio_8.f90 -O0 execution test
FAIL: gfortran.dg/streamio_8.f90 -O1 execution test
FAIL: gfortran.dg/streamio_8.f90 -O2 execution test
FAIL: gfortran.dg/streamio_8.f90 -O3 -fomit-frame-pointer execution test
FAIL: gfortran.dg/streamio_8.f90 -O3 -fomit-frame-pointer -funroll-loops execution test
FAIL: gfortran.dg/streamio_8.f90 -O3 -fomit-frame-pointer -funroll-all-loops -finline-functions execution test
FAIL: gfortran.dg/streamio_8.f90 -O3 -g execution test
FAIL: gfortran.dg/streamio_8.f90 -Os execution test
FAIL: gfortran.dg/streamio_9.f90 -O0 execution test
FAIL: gfortran.dg/streamio_9.f90 -O1 execution test
FAIL: gfortran.dg/streamio_9.f90 -O2 execution test
FAIL: gfortran.dg/streamio_9.f90 -O3 -fomit-frame-pointer execution test
FAIL: gfortran.dg/streamio_9.f90 -O3 -fomit-frame-pointer -funroll-loops execution test
FAIL: gfortran.dg/streamio_9.f90 -O3 -fomit-frame-pointer -funroll-all-loops -finline-functions execution test
FAIL: gfortran.dg/streamio_9.f90 -O3 -g execution test
FAIL: gfortran.dg/streamio_9.f90 -Os execution test
FAIL: gfortran.dg/string_pad_trunc.f90 -O0 execution test
FAIL: gfortran.dg/string_pad_trunc.f90 -O1 execution test
FAIL: gfortran.dg/string_pad_trunc.f90 -O2 execution test
FAIL: gfortran.dg/string_pad_trunc.f90 -O3 -fomit-frame-pointer execution test
FAIL: gfortran.dg/string_pad_trunc.f90 -O3 -fomit-frame-pointer -funroll-loops execution test
FAIL: gfortran.dg/string_pad_trunc.f90 -O3 -fomit-frame-pointer -funroll-all-loops -finline-functions execution test
FAIL: gfortran.dg/string_pad_trunc.f90 -O3 -g execution test
FAIL: gfortran.dg/string_pad_trunc.f90 -Os execution test
FAIL: gfortran.dg/t_editing.f -O0 execution test
FAIL: gfortran.dg/t_editing.f -O1 execution test
FAIL: gfortran.dg/t_editing.f -O2 execution test
FAIL: gfortran.dg/t_editing.f -O3 -fomit-frame-pointer execution test
FAIL: gfortran.dg/t_editing.f -O3 -fomit-frame-pointer -funroll-loops execution test
FAIL: gfortran.dg/t_editing.f -O3 -fomit-frame-pointer -funroll-all-loops -finline-functions execution test
FAIL: gfortran.dg/t_editing.f -O3 -g execution test
FAIL: gfortran.dg/t_editing.f -Os execution test
FAIL: gfortran.dg/tl_editing.f90 -O0 execution test
FAIL: gfortran.dg/tl_editing.f90 -O1 execution test
FAIL: gfortran.dg/tl_editing.f90 -O2 execution test
FAIL: gfortran.dg/tl_editing.f90 -O3 -fomit-frame-pointer execution test
FAIL: gfortran.dg/tl_editing.f90 -O3 -fomit-frame-pointer -funroll-loops execution test
FAIL: gfortran.dg/tl_editing.f90 -O3 -fomit-frame-pointer -funroll-all-loops -finline-functions execution test
FAIL: gfortran.dg/tl_editing.f90 -O3 -g execution test
FAIL: gfortran.dg/tl_editing.f90 -Os execution test
FAIL: gfortran.dg/transpose_reshape_r10.f90 -O0 execution test
FAIL: gfortran.dg/transpose_reshape_r10.f90 -O1 execution test
FAIL: gfortran.dg/transpose_reshape_r10.f90 -O2 execution test
FAIL: gfortran.dg/transpose_reshape_r10.f90 -O3 -fomit-frame-pointer execution test
FAIL: gfortran.dg/transpose_reshape_r10.f90 -O3 -fomit-frame-pointer -funroll-loops execution test
FAIL: gfortran.dg/transpose_reshape_r10.f90 -O3 -fomit-frame-pointer -funroll-all-loops -finline-functions execution test
FAIL: gfortran.dg/transpose_reshape_r10.f90 -O3 -g execution test
FAIL: gfortran.dg/transpose_reshape_r10.f90 -Os execution test
FAIL: gfortran.dg/unf_io_convert_1.f90 -O0 execution test
FAIL: gfortran.dg/unf_io_convert_1.f90 -O1 execution test
FAIL: gfortran.dg/unf_io_convert_1.f90 -O2 execution test
FAIL: gfortran.dg/unf_io_convert_1.f90 -O3 -fomit-frame-pointer execution test
FAIL: gfortran.dg/unf_io_convert_1.f90 -O3 -fomit-frame-pointer -funroll-loops execution test
FAIL: gfortran.dg/unf_io_convert_1.f90 -O3 -fomit-frame-pointer -funroll-all-loops -finline-functions execution test
FAIL: gfortran.dg/unf_io_convert_1.f90 -O3 -g execution test
FAIL: gfortran.dg/unf_io_convert_1.f90 -Os execution test
FAIL: gfortran.dg/unf_io_convert_2.f90 -O0 execution test
FAIL: gfortran.dg/unf_io_convert_2.f90 -O1 execution test
FAIL: gfortran.dg/unf_io_convert_2.f90 -O2 execution test
FAIL: gfortran.dg/unf_io_convert_2.f90 -O3 -fomit-frame-pointer execution test
FAIL: gfortran.dg/unf_io_convert_2.f90 -O3 -fomit-frame-pointer -funroll-loops execution test
FAIL: gfortran.dg/unf_io_convert_2.f90 -O3 -fomit-frame-pointer -funroll-all-loops -finline-functions execution test
FAIL: gfortran.dg/unf_io_convert_2.f90 -O3 -g execution test
FAIL: gfortran.dg/unf_io_convert_2.f90 -Os execution test
FAIL: gfortran.dg/unf_io_convert_4.f90 -O0 execution test
FAIL: gfortran.dg/unf_io_convert_4.f90 -O1 execution test
FAIL: gfortran.dg/unf_io_convert_4.f90 -O2 execution test
FAIL: gfortran.dg/unf_io_convert_4.f90 -O3 -fomit-frame-pointer execution test
FAIL: gfortran.dg/unf_io_convert_4.f90 -O3 -fomit-frame-pointer -funroll-loops execution test
FAIL: gfortran.dg/unf_io_convert_4.f90 -O3 -fomit-frame-pointer -funroll-all-loops -finline-functions execution test
FAIL: gfortran.dg/unf_io_convert_4.f90 -O3 -g execution test
FAIL: gfortran.dg/unf_io_convert_4.f90 -Os execution test
FAIL: gfortran.dg/unf_short_record_1.f90 -O0 execution test
FAIL: gfortran.dg/unf_short_record_1.f90 -O1 execution test
FAIL: gfortran.dg/unf_short_record_1.f90 -O2 execution test
FAIL: gfortran.dg/unf_short_record_1.f90 -O3 -fomit-frame-pointer execution test
FAIL: gfortran.dg/unf_short_record_1.f90 -O3 -fomit-frame-pointer -funroll-loops execution test
FAIL: gfortran.dg/unf_short_record_1.f90 -O3 -fomit-frame-pointer -funroll-all-loops -finline-functions execution test
FAIL: gfortran.dg/unf_short_record_1.f90 -O3 -g execution test
FAIL: gfortran.dg/unf_short_record_1.f90 -Os execution test
FAIL: gfortran.dg/write_0_pe_format.f90 -O0 execution test
FAIL: gfortran.dg/write_0_pe_format.f90 -O1 execution test
FAIL: gfortran.dg/write_0_pe_format.f90 -O2 execution test
FAIL: gfortran.dg/write_0_pe_format.f90 -O3 -fomit-frame-pointer execution test
FAIL: gfortran.dg/write_0_pe_format.f90 -O3 -fomit-frame-pointer -funroll-loops execution test
FAIL: gfortran.dg/write_0_pe_format.f90 -O3 -fomit-frame-pointer -funroll-all-loops -finline-functions execution test
FAIL: gfortran.dg/write_0_pe_format.f90 -O3 -g execution test
FAIL: gfortran.dg/write_0_pe_format.f90 -Os execution test
FAIL: gfortran.dg/write_back.f -O0 execution test
FAIL: gfortran.dg/write_back.f -O1 execution test
FAIL: gfortran.dg/write_back.f -O2 execution test
FAIL: gfortran.dg/write_back.f -O3 -fomit-frame-pointer execution test
FAIL: gfortran.dg/write_back.f -O3 -fomit-frame-pointer -funroll-loops execution test
FAIL: gfortran.dg/write_back.f -O3 -fomit-frame-pointer -funroll-all-loops -finline-functions execution test
FAIL: gfortran.dg/write_back.f -O3 -g execution test
FAIL: gfortran.dg/write_back.f -Os execution test
FAIL: gfortran.dg/write_direct_eor.f90 -O0 execution test
FAIL: gfortran.dg/write_direct_eor.f90 -O1 execution test
FAIL: gfortran.dg/write_direct_eor.f90 -O2 execution test
FAIL: gfortran.dg/write_direct_eor.f90 -O3 -fomit-frame-pointer execution test
FAIL: gfortran.dg/write_direct_eor.f90 -O3 -fomit-frame-pointer -funroll-loops execution test
FAIL: gfortran.dg/write_direct_eor.f90 -O3 -fomit-frame-pointer -funroll-all-loops -finline-functions execution test
FAIL: gfortran.dg/write_direct_eor.f90 -O3 -g execution test
FAIL: gfortran.dg/write_direct_eor.f90 -Os execution test
FAIL: gfortran.dg/write_padding.f90 -O0 execution test
FAIL: gfortran.dg/write_padding.f90 -O1 execution test
FAIL: gfortran.dg/write_padding.f90 -O2 execution test
FAIL: gfortran.dg/write_padding.f90 -O3 -fomit-frame-pointer execution test
FAIL: gfortran.dg/write_padding.f90 -O3 -fomit-frame-pointer -funroll-loops execution test
FAIL: gfortran.dg/write_padding.f90 -O3 -fomit-frame-pointer -funroll-all-loops -finline-functions execution test
FAIL: gfortran.dg/write_padding.f90 -O3 -g execution test
FAIL: gfortran.dg/write_padding.f90 -Os execution test
FAIL: gfortran.dg/write_recursive.f90 -O0 execution test
FAIL: gfortran.dg/write_recursive.f90 -O1 execution test
FAIL: gfortran.dg/write_recursive.f90 -O2 execution test
FAIL: gfortran.dg/write_recursive.f90 -O3 -fomit-frame-pointer execution test
FAIL: gfortran.dg/write_recursive.f90 -O3 -fomit-frame-pointer -funroll-loops execution test
FAIL: gfortran.dg/write_recursive.f90 -O3 -fomit-frame-pointer -funroll-all-loops -finline-functions execution test
FAIL: gfortran.dg/write_recursive.f90 -O3 -g execution test
FAIL: gfortran.dg/write_recursive.f90 -Os execution test
FAIL: gfortran.dg/write_rewind_1.f -O0 execution test
FAIL: gfortran.dg/write_rewind_1.f -O1 execution test
FAIL: gfortran.dg/write_rewind_1.f -O2 execution test
FAIL: gfortran.dg/write_rewind_1.f -O3 -fomit-frame-pointer execution test
FAIL: gfortran.dg/write_rewind_1.f -O3 -fomit-frame-pointer -funroll-loops execution test
FAIL: gfortran.dg/write_rewind_1.f -O3 -fomit-frame-pointer -funroll-all-loops -finline-functions execution test
FAIL: gfortran.dg/write_rewind_1.f -O3 -g execution test
FAIL: gfortran.dg/write_rewind_1.f -Os execution test
FAIL: gfortran.dg/write_rewind_2.f -O0 execution test
FAIL: gfortran.dg/write_rewind_2.f -O1 execution test
FAIL: gfortran.dg/write_rewind_2.f -O2 execution test
FAIL: gfortran.dg/write_rewind_2.f -O3 -fomit-frame-pointer execution test
FAIL: gfortran.dg/write_rewind_2.f -O3 -fomit-frame-pointer -funroll-loops execution test
FAIL: gfortran.dg/write_rewind_2.f -O3 -fomit-frame-pointer -funroll-all-loops -finline-functions execution test
FAIL: gfortran.dg/write_rewind_2.f -O3 -g execution test
FAIL: gfortran.dg/write_rewind_2.f -Os execution test
FAIL: gfortran.dg/write_to_null.f90 -O0 execution test
FAIL: gfortran.dg/write_to_null.f90 -O1 execution test
FAIL: gfortran.dg/write_to_null.f90 -O2 execution test
FAIL: gfortran.dg/write_to_null.f90 -O3 -fomit-frame-pointer execution test
FAIL: gfortran.dg/write_to_null.f90 -O3 -fomit-frame-pointer -funroll-loops execution test
FAIL: gfortran.dg/write_to_null.f90 -O3 -fomit-frame-pointer -funroll-all-loops -finline-functions execution test
FAIL: gfortran.dg/write_to_null.f90 -O3 -g execution test
FAIL: gfortran.dg/write_to_null.f90 -Os execution test
FAIL: gfortran.dg/x_slash_1.f -O0 execution test
FAIL: gfortran.dg/x_slash_1.f -O1 execution test
FAIL: gfortran.dg/x_slash_1.f -O2 execution test
FAIL: gfortran.dg/x_slash_1.f -O3 -fomit-frame-pointer execution test
FAIL: gfortran.dg/x_slash_1.f -O3 -fomit-frame-pointer -funroll-loops execution test
FAIL: gfortran.dg/x_slash_1.f -O3 -fomit-frame-pointer -funroll-all-loops -finline-functions execution test
FAIL: gfortran.dg/x_slash_1.f -O3 -g execution test
FAIL: gfortran.dg/x_slash_1.f -Os execution test
FAIL: gfortran.dg/g77/1832.f -O0 execution test
FAIL: gfortran.dg/g77/1832.f -O1 execution test
FAIL: gfortran.dg/g77/1832.f -O2 execution test
FAIL: gfortran.dg/g77/1832.f -O3 -fomit-frame-pointer execution test
FAIL: gfortran.dg/g77/1832.f -O3 -fomit-frame-pointer -funroll-loops execution test
FAIL: gfortran.dg/g77/1832.f -O3 -fomit-frame-pointer -funroll-all-loops -finline-functions execution test
FAIL: gfortran.dg/g77/1832.f -O3 -g execution test
FAIL: gfortran.dg/g77/1832.f -Os execution test
FAIL: gfortran.dg/g77/20001111.f -O0 execution test
FAIL: gfortran.dg/g77/20001111.f -O1 execution test
FAIL: gfortran.dg/g77/20001111.f -O2 execution test
FAIL: gfortran.dg/g77/20001111.f -O3 -fomit-frame-pointer execution test
FAIL: gfortran.dg/g77/20001111.f -O3 -fomit-frame-pointer -funroll-loops execution test
FAIL: gfortran.dg/g77/20001111.f -O3 -fomit-frame-pointer -funroll-all-loops -finline-functions execution test
FAIL: gfortran.dg/g77/20001111.f -O3 -g execution test
FAIL: gfortran.dg/g77/20001111.f -Os execution test
FAIL: gfortran.dg/g77/20010426-1.f -O0 execution test
FAIL: gfortran.dg/g77/20010426-1.f -O1 execution test
FAIL: gfortran.dg/g77/20010426-1.f -O2 execution test
FAIL: gfortran.dg/g77/20010426-1.f -O3 -fomit-frame-pointer execution test
FAIL: gfortran.dg/g77/20010426-1.f -O3 -fomit-frame-pointer -funroll-loops execution test
FAIL: gfortran.dg/g77/20010426-1.f -O3 -fomit-frame-pointer -funroll-all-loops -finline-functions execution test
FAIL: gfortran.dg/g77/20010426-1.f -O3 -g execution test
FAIL: gfortran.dg/g77/20010426-1.f -Os execution test
FAIL: gfortran.dg/g77/7388.f -O0 execution test
FAIL: gfortran.dg/g77/7388.f -O1 execution test
FAIL: gfortran.dg/g77/7388.f -O2 execution test
FAIL: gfortran.dg/g77/7388.f -O3 -fomit-frame-pointer execution test
FAIL: gfortran.dg/g77/7388.f -O3 -fomit-frame-pointer -funroll-loops execution test
FAIL: gfortran.dg/g77/7388.f -O3 -fomit-frame-pointer -funroll-all-loops -finline-functions execution test
FAIL: gfortran.dg/g77/7388.f -O3 -g execution test
FAIL: gfortran.dg/g77/7388.f -Os execution test
FAIL: gfortran.dg/g77/970816-3.f -O0 execution test
FAIL: gfortran.dg/g77/970816-3.f -O1 execution test
FAIL: gfortran.dg/g77/970816-3.f -O2 execution test
FAIL: gfortran.dg/g77/970816-3.f -O3 -fomit-frame-pointer execution test
FAIL: gfortran.dg/g77/970816-3.f -O3 -fomit-frame-pointer -funroll-loops execution test
FAIL: gfortran.dg/g77/970816-3.f -O3 -fomit-frame-pointer -funroll-all-loops -finline-functions execution test
FAIL: gfortran.dg/g77/970816-3.f -O3 -g execution test
FAIL: gfortran.dg/g77/970816-3.f -Os execution test
FAIL: gfortran.dg/g77/971102-1.f -O0 execution test
FAIL: gfortran.dg/g77/971102-1.f -O1 execution test
FAIL: gfortran.dg/g77/971102-1.f -O2 execution test
FAIL: gfortran.dg/g77/971102-1.f -O3 -fomit-frame-pointer execution test
FAIL: gfortran.dg/g77/971102-1.f -O3 -fomit-frame-pointer -funroll-loops execution test
FAIL: gfortran.dg/g77/971102-1.f -O3 -fomit-frame-pointer -funroll-all-loops -finline-functions execution test
FAIL: gfortran.dg/g77/971102-1.f -O3 -g execution test
FAIL: gfortran.dg/g77/971102-1.f -Os execution test
FAIL: gfortran.dg/g77/cpp4.F -O0 execution test
FAIL: gfortran.dg/g77/cpp4.F -O1 execution test
FAIL: gfortran.dg/g77/cpp4.F -O2 execution test
FAIL: gfortran.dg/g77/cpp4.F -O3 -fomit-frame-pointer execution test
FAIL: gfortran.dg/g77/cpp4.F -O3 -fomit-frame-pointer -funroll-loops execution test
FAIL: gfortran.dg/g77/cpp4.F -O3 -fomit-frame-pointer -funroll-all-loops -finline-functions execution test
FAIL: gfortran.dg/g77/cpp4.F -O3 -g execution test
FAIL: gfortran.dg/g77/cpp4.F -Os execution test
FAIL: gfortran.dg/g77/f77-edit-apostrophe-out.f -O0 execution test
FAIL: gfortran.dg/g77/f77-edit-apostrophe-out.f -O1 execution test
FAIL: gfortran.dg/g77/f77-edit-apostrophe-out.f -O2 execution test
FAIL: gfortran.dg/g77/f77-edit-apostrophe-out.f -O3 -fomit-frame-pointer execution test
FAIL: gfortran.dg/g77/f77-edit-apostrophe-out.f -O3 -fomit-frame-pointer -funroll-loops execution test
FAIL: gfortran.dg/g77/f77-edit-apostrophe-out.f -O3 -fomit-frame-pointer -funroll-all-loops -finline-functions execution test
FAIL: gfortran.dg/g77/f77-edit-apostrophe-out.f -O3 -g execution test
FAIL: gfortran.dg/g77/f77-edit-apostrophe-out.f -Os execution test
FAIL: gfortran.dg/g77/f77-edit-colon-out.f -O0 execution test
FAIL: gfortran.dg/g77/f77-edit-colon-out.f -O1 execution test
FAIL: gfortran.dg/g77/f77-edit-colon-out.f -O2 execution test
FAIL: gfortran.dg/g77/f77-edit-colon-out.f -O3 -fomit-frame-pointer execution test
FAIL: gfortran.dg/g77/f77-edit-colon-out.f -O3 -fomit-frame-pointer -funroll-loops execution test
FAIL: gfortran.dg/g77/f77-edit-colon-out.f -O3 -fomit-frame-pointer -funroll-all-loops -finline-functions execution test
FAIL: gfortran.dg/g77/f77-edit-colon-out.f -O3 -g execution test
FAIL: gfortran.dg/g77/f77-edit-colon-out.f -Os execution test
FAIL: gfortran.dg/g77/f77-edit-h-out.f -O0 execution test
FAIL: gfortran.dg/g77/f77-edit-h-out.f -O1 execution test
FAIL: gfortran.dg/g77/f77-edit-h-out.f -O2 execution test
FAIL: gfortran.dg/g77/f77-edit-h-out.f -O3 -fomit-frame-pointer execution test
FAIL: gfortran.dg/g77/f77-edit-h-out.f -O3 -fomit-frame-pointer -funroll-loops execution test
FAIL: gfortran.dg/g77/f77-edit-h-out.f -O3 -fomit-frame-pointer -funroll-all-loops -finline-functions execution test
FAIL: gfortran.dg/g77/f77-edit-h-out.f -O3 -g execution test
FAIL: gfortran.dg/g77/f77-edit-h-out.f -Os execution test
FAIL: gfortran.dg/g77/f77-edit-i-in.f -O0 execution test
FAIL: gfortran.dg/g77/f77-edit-i-in.f -O1 execution test
FAIL: gfortran.dg/g77/f77-edit-i-in.f -O2 execution test
FAIL: gfortran.dg/g77/f77-edit-i-in.f -O3 -fomit-frame-pointer execution test
FAIL: gfortran.dg/g77/f77-edit-i-in.f -O3 -fomit-frame-pointer -funroll-loops execution test
FAIL: gfortran.dg/g77/f77-edit-i-in.f -O3 -fomit-frame-pointer -funroll-all-loops -finline-functions execution test
FAIL: gfortran.dg/g77/f77-edit-i-in.f -O3 -g execution test
FAIL: gfortran.dg/g77/f77-edit-i-in.f -Os execution test
FAIL: gfortran.dg/g77/f77-edit-i-out.f -O0 execution test
FAIL: gfortran.dg/g77/f77-edit-i-out.f -O1 execution test
FAIL: gfortran.dg/g77/f77-edit-i-out.f -O2 execution test
FAIL: gfortran.dg/g77/f77-edit-i-out.f -O3 -fomit-frame-pointer execution test
FAIL: gfortran.dg/g77/f77-edit-i-out.f -O3 -fomit-frame-pointer -funroll-loops execution test
FAIL: gfortran.dg/g77/f77-edit-i-out.f -O3 -fomit-frame-pointer -funroll-all-loops -finline-functions execution test
FAIL: gfortran.dg/g77/f77-edit-i-out.f -O3 -g execution test
FAIL: gfortran.dg/g77/f77-edit-i-out.f -Os execution test
FAIL: gfortran.dg/g77/f77-edit-s-out.f -O0 execution test
FAIL: gfortran.dg/g77/f77-edit-s-out.f -O1 execution test
FAIL: gfortran.dg/g77/f77-edit-s-out.f -O2 execution test
FAIL: gfortran.dg/g77/f77-edit-s-out.f -O3 -fomit-frame-pointer execution test
FAIL: gfortran.dg/g77/f77-edit-s-out.f -O3 -fomit-frame-pointer -funroll-loops execution test
FAIL: gfortran.dg/g77/f77-edit-s-out.f -O3 -fomit-frame-pointer -funroll-all-loops -finline-functions execution test
FAIL: gfortran.dg/g77/f77-edit-s-out.f -O3 -g execution test
FAIL: gfortran.dg/g77/f77-edit-s-out.f -Os execution test
FAIL: gfortran.dg/g77/f77-edit-slash-out.f -O0 execution test
FAIL: gfortran.dg/g77/f77-edit-slash-out.f -O1 execution test
FAIL: gfortran.dg/g77/f77-edit-slash-out.f -O2 execution test
FAIL: gfortran.dg/g77/f77-edit-slash-out.f -O3 -fomit-frame-pointer execution test
FAIL: gfortran.dg/g77/f77-edit-slash-out.f -O3 -fomit-frame-pointer -funroll-loops execution test
FAIL: gfortran.dg/g77/f77-edit-slash-out.f -O3 -fomit-frame-pointer -funroll-all-loops -finline-functions execution test
FAIL: gfortran.dg/g77/f77-edit-slash-out.f -O3 -g execution test
FAIL: gfortran.dg/g77/f77-edit-slash-out.f -Os execution test
FAIL: gfortran.dg/g77/f77-edit-t-in.f -O0 execution test
FAIL: gfortran.dg/g77/f77-edit-t-in.f -O1 execution test
FAIL: gfortran.dg/g77/f77-edit-t-in.f -O2 execution test
FAIL: gfortran.dg/g77/f77-edit-t-in.f -O3 -fomit-frame-pointer execution test
FAIL: gfortran.dg/g77/f77-edit-t-in.f -O3 -fomit-frame-pointer -funroll-loops execution test
FAIL: gfortran.dg/g77/f77-edit-t-in.f -O3 -fomit-frame-pointer -funroll-all-loops -finline-functions execution test
FAIL: gfortran.dg/g77/f77-edit-t-in.f -O3 -g execution test
FAIL: gfortran.dg/g77/f77-edit-t-in.f -Os execution test
FAIL: gfortran.dg/g77/f77-edit-t-out.f -O0 execution test
FAIL: gfortran.dg/g77/f77-edit-t-out.f -O1 execution test
FAIL: gfortran.dg/g77/f77-edit-t-out.f -O2 execution test
FAIL: gfortran.dg/g77/f77-edit-t-out.f -O3 -fomit-frame-pointer execution test
FAIL: gfortran.dg/g77/f77-edit-t-out.f -O3 -fomit-frame-pointer -funroll-loops execution test
FAIL: gfortran.dg/g77/f77-edit-t-out.f -O3 -fomit-frame-pointer -funroll-all-loops -finline-functions execution test
FAIL: gfortran.dg/g77/f77-edit-t-out.f -O3 -g execution test
FAIL: gfortran.dg/g77/f77-edit-t-out.f -Os execution test
FAIL: gfortran.dg/g77/f77-edit-x-out.f -O0 execution test
FAIL: gfortran.dg/g77/f77-edit-x-out.f -O1 execution test
FAIL: gfortran.dg/g77/f77-edit-x-out.f -O2 execution test
FAIL: gfortran.dg/g77/f77-edit-x-out.f -O3 -fomit-frame-pointer execution test
FAIL: gfortran.dg/g77/f77-edit-x-out.f -O3 -fomit-frame-pointer -funroll-loops execution test
FAIL: gfortran.dg/g77/f77-edit-x-out.f -O3 -fomit-frame-pointer -funroll-all-loops -finline-functions execution test
FAIL: gfortran.dg/g77/f77-edit-x-out.f -O3 -g execution test
FAIL: gfortran.dg/g77/f77-edit-x-out.f -Os execution test
FAIL: gfortran.dg/g77/strlen0.f -O0 execution test
FAIL: gfortran.dg/g77/strlen0.f -O1 execution test
FAIL: gfortran.dg/g77/strlen0.f -O2 execution test
FAIL: gfortran.dg/g77/strlen0.f -O3 -fomit-frame-pointer execution test
FAIL: gfortran.dg/g77/strlen0.f -O3 -fomit-frame-pointer -funroll-loops execution test
FAIL: gfortran.dg/g77/strlen0.f -O3 -fomit-frame-pointer -funroll-all-loops -finline-functions execution test
FAIL: gfortran.dg/g77/strlen0.f -O3 -g execution test
FAIL: gfortran.dg/g77/strlen0.f -Os execution test
FAIL: gfortran.fortran-torture/execute/equiv_5.f execution, -O0
FAIL: gfortran.fortran-torture/execute/equiv_5.f execution, -O1
FAIL: gfortran.fortran-torture/execute/equiv_5.f execution, -O2
FAIL: gfortran.fortran-torture/execute/equiv_5.f execution, -O3 -fomit-frame-pointer
FAIL: gfortran.fortran-torture/execute/equiv_5.f execution, -O3 -fomit-frame-pointer -funroll-loops
FAIL: gfortran.fortran-torture/execute/equiv_5.f execution, -O3 -fomit-frame-pointer -funroll-all-loops -finline-functions
FAIL: gfortran.fortran-torture/execute/equiv_5.f execution, -O3 -g
FAIL: gfortran.fortran-torture/execute/equiv_5.f execution, -Os
FAIL: gfortran.fortran-torture/execute/a_edit_1.f90 execution, -O0
FAIL: gfortran.fortran-torture/execute/a_edit_1.f90 execution, -O1
FAIL: gfortran.fortran-torture/execute/a_edit_1.f90 execution, -O2
FAIL: gfortran.fortran-torture/execute/a_edit_1.f90 execution, -O3 -fomit-frame-pointer
FAIL: gfortran.fortran-torture/execute/a_edit_1.f90 execution, -O3 -fomit-frame-pointer -funroll-loops
FAIL: gfortran.fortran-torture/execute/a_edit_1.f90 execution, -O3 -fomit-frame-pointer -funroll-all-loops -finline-functions
FAIL: gfortran.fortran-torture/execute/a_edit_1.f90 execution, -O3 -g
FAIL: gfortran.fortran-torture/execute/a_edit_1.f90 execution, -Os
FAIL: gfortran.fortran-torture/execute/adjustr.f90 execution, -O0
FAIL: gfortran.fortran-torture/execute/adjustr.f90 execution, -O1
FAIL: gfortran.fortran-torture/execute/adjustr.f90 execution, -O2
FAIL: gfortran.fortran-torture/execute/adjustr.f90 execution, -O3 -fomit-frame-pointer
FAIL: gfortran.fortran-torture/execute/adjustr.f90 execution, -O3 -fomit-frame-pointer -funroll-loops
FAIL: gfortran.fortran-torture/execute/adjustr.f90 execution, -O3 -fomit-frame-pointer -funroll-all-loops -finline-functions
FAIL: gfortran.fortran-torture/execute/adjustr.f90 execution, -O3 -g
FAIL: gfortran.fortran-torture/execute/adjustr.f90 execution, -Os
FAIL: gfortran.fortran-torture/execute/backspace.f90 execution, -O0
FAIL: gfortran.fortran-torture/execute/backspace.f90 execution, -O1
FAIL: gfortran.fortran-torture/execute/backspace.f90 execution, -O2
FAIL: gfortran.fortran-torture/execute/backspace.f90 execution, -O3 -fomit-frame-pointer
FAIL: gfortran.fortran-torture/execute/backspace.f90 execution, -O3 -fomit-frame-pointer -funroll-loops
FAIL: gfortran.fortran-torture/execute/backspace.f90 execution, -O3 -fomit-frame-pointer -funroll-all-loops -finline-functions
FAIL: gfortran.fortran-torture/execute/backspace.f90 execution, -O3 -g
FAIL: gfortran.fortran-torture/execute/backspace.f90 execution, -Os
FAIL: gfortran.fortran-torture/execute/der_io.f90 execution, -O0
FAIL: gfortran.fortran-torture/execute/der_io.f90 execution, -O1
FAIL: gfortran.fortran-torture/execute/der_io.f90 execution, -O2
FAIL: gfortran.fortran-torture/execute/der_io.f90 execution, -O3 -fomit-frame-pointer
FAIL: gfortran.fortran-torture/execute/der_io.f90 execution, -O3 -fomit-frame-pointer -funroll-loops
FAIL: gfortran.fortran-torture/execute/der_io.f90 execution, -O3 -fomit-frame-pointer -funroll-all-loops -finline-functions
FAIL: gfortran.fortran-torture/execute/der_io.f90 execution, -O3 -g
FAIL: gfortran.fortran-torture/execute/der_io.f90 execution, -Os
FAIL: gfortran.fortran-torture/execute/direct_io.f90 execution, -O0
FAIL: gfortran.fortran-torture/execute/direct_io.f90 execution, -O1
FAIL: gfortran.fortran-torture/execute/direct_io.f90 execution, -O2
FAIL: gfortran.fortran-torture/execute/direct_io.f90 execution, -O3 -fomit-frame-pointer
FAIL: gfortran.fortran-torture/execute/direct_io.f90 execution, -O3 -fomit-frame-pointer -funroll-loops
FAIL: gfortran.fortran-torture/execute/direct_io.f90 execution, -O3 -fomit-frame-pointer -funroll-all-loops -finline-functions
FAIL: gfortran.fortran-torture/execute/direct_io.f90 execution, -O3 -g
FAIL: gfortran.fortran-torture/execute/direct_io.f90 execution, -Os
FAIL: gfortran.fortran-torture/execute/empty_format.f90 execution, -O0
FAIL: gfortran.fortran-torture/execute/empty_format.f90 execution, -O1
FAIL: gfortran.fortran-torture/execute/empty_format.f90 execution, -O2
FAIL: gfortran.fortran-torture/execute/empty_format.f90 execution, -O3 -fomit-frame-pointer
FAIL: gfortran.fortran-torture/execute/empty_format.f90 execution, -O3 -fomit-frame-pointer -funroll-loops
FAIL: gfortran.fortran-torture/execute/empty_format.f90 execution, -O3 -fomit-frame-pointer -funroll-all-loops -finline-functions
FAIL: gfortran.fortran-torture/execute/empty_format.f90 execution, -O3 -g
FAIL: gfortran.fortran-torture/execute/empty_format.f90 execution, -Os
FAIL: gfortran.fortran-torture/execute/f2_edit_1.f90 execution, -O0
FAIL: gfortran.fortran-torture/execute/f2_edit_1.f90 execution, -O1
FAIL: gfortran.fortran-torture/execute/f2_edit_1.f90 execution, -O2
FAIL: gfortran.fortran-torture/execute/f2_edit_1.f90 execution, -O3 -fomit-frame-pointer
FAIL: gfortran.fortran-torture/execute/f2_edit_1.f90 execution, -O3 -fomit-frame-pointer -funroll-loops
FAIL: gfortran.fortran-torture/execute/f2_edit_1.f90 execution, -O3 -fomit-frame-pointer -funroll-all-loops -finline-functions
FAIL: gfortran.fortran-torture/execute/f2_edit_1.f90 execution, -O3 -g
FAIL: gfortran.fortran-torture/execute/f2_edit_1.f90 execution, -Os
FAIL: gfortran.fortran-torture/execute/hollerith.f90 execution, -O0
FAIL: gfortran.fortran-torture/execute/hollerith.f90 execution, -O1
FAIL: gfortran.fortran-torture/execute/hollerith.f90 execution, -O2
FAIL: gfortran.fortran-torture/execute/hollerith.f90 execution, -O3 -fomit-frame-pointer
FAIL: gfortran.fortran-torture/execute/hollerith.f90 execution, -O3 -fomit-frame-pointer -funroll-loops
FAIL: gfortran.fortran-torture/execute/hollerith.f90 execution, -O3 -fomit-frame-pointer -funroll-all-loops -finline-functions
FAIL: gfortran.fortran-torture/execute/hollerith.f90 execution, -O3 -g
FAIL: gfortran.fortran-torture/execute/hollerith.f90 execution, -Os
FAIL: gfortran.fortran-torture/execute/inquire_1.f90 execution, -O0
FAIL: gfortran.fortran-torture/execute/inquire_1.f90 execution, -O1
FAIL: gfortran.fortran-torture/execute/inquire_1.f90 execution, -O2
FAIL: gfortran.fortran-torture/execute/inquire_1.f90 execution, -O3 -fomit-frame-pointer
FAIL: gfortran.fortran-torture/execute/inquire_1.f90 execution, -O3 -fomit-frame-pointer -funroll-loops
FAIL: gfortran.fortran-torture/execute/inquire_1.f90 execution, -O3 -fomit-frame-pointer -funroll-all-loops -finline-functions
FAIL: gfortran.fortran-torture/execute/inquire_1.f90 execution, -O3 -g
FAIL: gfortran.fortran-torture/execute/inquire_1.f90 execution, -Os
FAIL: gfortran.fortran-torture/execute/inquire_2.f90 execution, -O0
FAIL: gfortran.fortran-torture/execute/inquire_2.f90 execution, -O1
FAIL: gfortran.fortran-torture/execute/inquire_2.f90 execution, -O2
FAIL: gfortran.fortran-torture/execute/inquire_2.f90 execution, -O3 -fomit-frame-pointer
FAIL: gfortran.fortran-torture/execute/inquire_2.f90 execution, -O3 -fomit-frame-pointer -funroll-loops
FAIL: gfortran.fortran-torture/execute/inquire_2.f90 execution, -O3 -fomit-frame-pointer -funroll-all-loops -finline-functions
FAIL: gfortran.fortran-torture/execute/inquire_2.f90 execution, -O3 -g
FAIL: gfortran.fortran-torture/execute/inquire_2.f90 execution, -Os
FAIL: gfortran.fortran-torture/execute/inquire_3.f90 execution, -O0
FAIL: gfortran.fortran-torture/execute/inquire_3.f90 execution, -O1
FAIL: gfortran.fortran-torture/execute/inquire_3.f90 execution, -O2
FAIL: gfortran.fortran-torture/execute/inquire_3.f90 execution, -O3 -fomit-frame-pointer
FAIL: gfortran.fortran-torture/execute/inquire_3.f90 execution, -O3 -fomit-frame-pointer -funroll-loops
FAIL: gfortran.fortran-torture/execute/inquire_3.f90 execution, -O3 -fomit-frame-pointer -funroll-all-loops -finline-functions
FAIL: gfortran.fortran-torture/execute/inquire_3.f90 execution, -O3 -g
FAIL: gfortran.fortran-torture/execute/inquire_3.f90 execution, -Os
FAIL: gfortran.fortran-torture/execute/inquire_4.f90 execution, -O0
FAIL: gfortran.fortran-torture/execute/inquire_4.f90 execution, -O1
FAIL: gfortran.fortran-torture/execute/inquire_4.f90 execution, -O2
FAIL: gfortran.fortran-torture/execute/inquire_4.f90 execution, -O3 -fomit-frame-pointer
FAIL: gfortran.fortran-torture/execute/inquire_4.f90 execution, -O3 -fomit-frame-pointer -funroll-loops
FAIL: gfortran.fortran-torture/execute/inquire_4.f90 execution, -O3 -fomit-frame-pointer -funroll-all-loops -finline-functions
FAIL: gfortran.fortran-torture/execute/inquire_4.f90 execution, -O3 -g
FAIL: gfortran.fortran-torture/execute/inquire_4.f90 execution, -Os
FAIL: gfortran.fortran-torture/execute/inquire_5.f90 execution, -O0
FAIL: gfortran.fortran-torture/execute/inquire_5.f90 execution, -O1
FAIL: gfortran.fortran-torture/execute/inquire_5.f90 execution, -O2
FAIL: gfortran.fortran-torture/execute/inquire_5.f90 execution, -O3 -fomit-frame-pointer
FAIL: gfortran.fortran-torture/execute/inquire_5.f90 execution, -O3 -fomit-frame-pointer -funroll-loops
FAIL: gfortran.fortran-torture/execute/inquire_5.f90 execution, -O3 -fomit-frame-pointer -funroll-all-loops -finline-functions
FAIL: gfortran.fortran-torture/execute/inquire_5.f90 execution, -O3 -g
FAIL: gfortran.fortran-torture/execute/inquire_5.f90 execution, -Os
FAIL: gfortran.fortran-torture/execute/internal_write.f90 execution, -O0
FAIL: gfortran.fortran-torture/execute/internal_write.f90 execution, -O1
FAIL: gfortran.fortran-torture/execute/internal_write.f90 execution, -O2
FAIL: gfortran.fortran-torture/execute/internal_write.f90 execution, -O3 -fomit-frame-pointer
FAIL: gfortran.fortran-torture/execute/internal_write.f90 execution, -O3 -fomit-frame-pointer -funroll-loops
FAIL: gfortran.fortran-torture/execute/internal_write.f90 execution, -O3 -fomit-frame-pointer -funroll-all-loops -finline-functions
FAIL: gfortran.fortran-torture/execute/internal_write.f90 execution, -O3 -g
FAIL: gfortran.fortran-torture/execute/internal_write.f90 execution, -Os
FAIL: gfortran.fortran-torture/execute/intrinsic_anyall.f90 execution, -O0
FAIL: gfortran.fortran-torture/execute/intrinsic_anyall.f90 execution, -O1
FAIL: gfortran.fortran-torture/execute/intrinsic_anyall.f90 execution, -O2
FAIL: gfortran.fortran-torture/execute/intrinsic_anyall.f90 execution, -O3 -fomit-frame-pointer
FAIL: gfortran.fortran-torture/execute/intrinsic_anyall.f90 execution, -O3 -fomit-frame-pointer -funroll-loops
FAIL: gfortran.fortran-torture/execute/intrinsic_anyall.f90 execution, -O3 -fomit-frame-pointer -funroll-all-loops -finline-functions
FAIL: gfortran.fortran-torture/execute/intrinsic_anyall.f90 execution, -O3 -g
FAIL: gfortran.fortran-torture/execute/intrinsic_anyall.f90 execution, -Os
FAIL: gfortran.fortran-torture/execute/intrinsic_count.f90 execution, -O0
FAIL: gfortran.fortran-torture/execute/intrinsic_count.f90 execution, -O1
FAIL: gfortran.fortran-torture/execute/intrinsic_count.f90 execution, -O2
FAIL: gfortran.fortran-torture/execute/intrinsic_count.f90 execution, -O3 -fomit-frame-pointer
FAIL: gfortran.fortran-torture/execute/intrinsic_count.f90 execution, -O3 -fomit-frame-pointer -funroll-loops
FAIL: gfortran.fortran-torture/execute/intrinsic_count.f90 execution, -O3 -fomit-frame-pointer -funroll-all-loops -finline-functions
FAIL: gfortran.fortran-torture/execute/intrinsic_count.f90 execution, -O3 -g
FAIL: gfortran.fortran-torture/execute/intrinsic_count.f90 execution, -Os
FAIL: gfortran.fortran-torture/execute/intrinsic_mmloc.f90 execution, -O0
FAIL: gfortran.fortran-torture/execute/intrinsic_mmloc.f90 execution, -O1
FAIL: gfortran.fortran-torture/execute/intrinsic_mmloc.f90 execution, -O2
FAIL: gfortran.fortran-torture/execute/intrinsic_mmloc.f90 execution, -O3 -fomit-frame-pointer
FAIL: gfortran.fortran-torture/execute/intrinsic_mmloc.f90 execution, -O3 -fomit-frame-pointer -funroll-loops
FAIL: gfortran.fortran-torture/execute/intrinsic_mmloc.f90 execution, -O3 -fomit-frame-pointer -funroll-all-loops -finline-functions
FAIL: gfortran.fortran-torture/execute/intrinsic_mmloc.f90 execution, -O3 -g
FAIL: gfortran.fortran-torture/execute/intrinsic_mmloc.f90 execution, -Os
FAIL: gfortran.fortran-torture/execute/intrinsic_mmval.f90 execution, -O0
FAIL: gfortran.fortran-torture/execute/intrinsic_mmval.f90 execution, -O1
FAIL: gfortran.fortran-torture/execute/intrinsic_mmval.f90 execution, -O2
FAIL: gfortran.fortran-torture/execute/intrinsic_mmval.f90 execution, -O3 -fomit-frame-pointer
FAIL: gfortran.fortran-torture/execute/intrinsic_mmval.f90 execution, -O3 -fomit-frame-pointer -funroll-loops
FAIL: gfortran.fortran-torture/execute/intrinsic_mmval.f90 execution, -O3 -fomit-frame-pointer -funroll-all-loops -finline-functions
FAIL: gfortran.fortran-torture/execute/intrinsic_mmval.f90 execution, -O3 -g
FAIL: gfortran.fortran-torture/execute/intrinsic_mmval.f90 execution, -Os
FAIL: gfortran.fortran-torture/execute/intrinsic_product.f90 execution, -O0
FAIL: gfortran.fortran-torture/execute/intrinsic_product.f90 execution, -O1
FAIL: gfortran.fortran-torture/execute/intrinsic_product.f90 execution, -O2
FAIL: gfortran.fortran-torture/execute/intrinsic_product.f90 execution, -O3 -fomit-frame-pointer
FAIL: gfortran.fortran-torture/execute/intrinsic_product.f90 execution, -O3 -fomit-frame-pointer -funroll-loops
FAIL: gfortran.fortran-torture/execute/intrinsic_product.f90 execution, -O3 -fomit-frame-pointer -funroll-all-loops -finline-functions
FAIL: gfortran.fortran-torture/execute/intrinsic_product.f90 execution, -O3 -g
FAIL: gfortran.fortran-torture/execute/intrinsic_product.f90 execution, -Os
FAIL: gfortran.fortran-torture/execute/intrinsic_spread.f90 execution, -O0
FAIL: gfortran.fortran-torture/execute/intrinsic_spread.f90 execution, -O1
FAIL: gfortran.fortran-torture/execute/intrinsic_spread.f90 execution, -O2
FAIL: gfortran.fortran-torture/execute/intrinsic_spread.f90 execution, -O3 -fomit-frame-pointer
FAIL: gfortran.fortran-torture/execute/intrinsic_spread.f90 execution, -O3 -fomit-frame-pointer -funroll-loops
FAIL: gfortran.fortran-torture/execute/intrinsic_spread.f90 execution, -O3 -fomit-frame-pointer -funroll-all-loops -finline-functions
FAIL: gfortran.fortran-torture/execute/intrinsic_spread.f90 execution, -O3 -g
FAIL: gfortran.fortran-torture/execute/intrinsic_spread.f90 execution, -Os
FAIL: gfortran.fortran-torture/execute/intrinsic_sum.f90 execution, -O0
FAIL: gfortran.fortran-torture/execute/intrinsic_sum.f90 execution, -O1
FAIL: gfortran.fortran-torture/execute/intrinsic_sum.f90 execution, -O2
FAIL: gfortran.fortran-torture/execute/intrinsic_sum.f90 execution, -O3 -fomit-frame-pointer
FAIL: gfortran.fortran-torture/execute/intrinsic_sum.f90 execution, -O3 -fomit-frame-pointer -funroll-loops
FAIL: gfortran.fortran-torture/execute/intrinsic_sum.f90 execution, -O3 -fomit-frame-pointer -funroll-all-loops -finline-functions
FAIL: gfortran.fortran-torture/execute/intrinsic_sum.f90 execution, -O3 -g
FAIL: gfortran.fortran-torture/execute/intrinsic_sum.f90 execution, -Os
FAIL: gfortran.fortran-torture/execute/intrinsic_unpack.f90 execution, -O0
FAIL: gfortran.fortran-torture/execute/intrinsic_unpack.f90 execution, -O1
FAIL: gfortran.fortran-torture/execute/intrinsic_unpack.f90 execution, -O2
FAIL: gfortran.fortran-torture/execute/intrinsic_unpack.f90 execution, -O3 -fomit-frame-pointer
FAIL: gfortran.fortran-torture/execute/intrinsic_unpack.f90 execution, -O3 -fomit-frame-pointer -funroll-loops
FAIL: gfortran.fortran-torture/execute/intrinsic_unpack.f90 execution, -O3 -fomit-frame-pointer -funroll-all-loops -finline-functions
FAIL: gfortran.fortran-torture/execute/intrinsic_unpack.f90 execution, -O3 -g
FAIL: gfortran.fortran-torture/execute/intrinsic_unpack.f90 execution, -Os
FAIL: gfortran.fortran-torture/execute/list_read_1.f90 execution, -O0
FAIL: gfortran.fortran-torture/execute/list_read_1.f90 execution, -O1
FAIL: gfortran.fortran-torture/execute/list_read_1.f90 execution, -O2
FAIL: gfortran.fortran-torture/execute/list_read_1.f90 execution, -O3 -fomit-frame-pointer
FAIL: gfortran.fortran-torture/execute/list_read_1.f90 execution, -O3 -fomit-frame-pointer -funroll-loops
FAIL: gfortran.fortran-torture/execute/list_read_1.f90 execution, -O3 -fomit-frame-pointer -funroll-all-loops -finline-functions
FAIL: gfortran.fortran-torture/execute/list_read_1.f90 execution, -O3 -g
FAIL: gfortran.fortran-torture/execute/list_read_1.f90 execution, -Os
FAIL: gfortran.fortran-torture/execute/nan_inf_fmt.f90 execution, -O0
FAIL: gfortran.fortran-torture/execute/nan_inf_fmt.f90 execution, -O1
FAIL: gfortran.fortran-torture/execute/nan_inf_fmt.f90 execution, -O2
FAIL: gfortran.fortran-torture/execute/nan_inf_fmt.f90 execution, -O3 -fomit-frame-pointer
FAIL: gfortran.fortran-torture/execute/nan_inf_fmt.f90 execution, -O3 -fomit-frame-pointer -funroll-loops
FAIL: gfortran.fortran-torture/execute/nan_inf_fmt.f90 execution, -O3 -fomit-frame-pointer -funroll-all-loops -finline-functions
FAIL: gfortran.fortran-torture/execute/nan_inf_fmt.f90 execution, -O3 -g
FAIL: gfortran.fortran-torture/execute/nan_inf_fmt.f90 execution, -Os
FAIL: gfortran.fortran-torture/execute/open_replace.f90 execution, -O0
FAIL: gfortran.fortran-torture/execute/open_replace.f90 execution, -O1
FAIL: gfortran.fortran-torture/execute/open_replace.f90 execution, -O2
FAIL: gfortran.fortran-torture/execute/open_replace.f90 execution, -O3 -fomit-frame-pointer
FAIL: gfortran.fortran-torture/execute/open_replace.f90 execution, -O3 -fomit-frame-pointer -funroll-loops
FAIL: gfortran.fortran-torture/execute/open_replace.f90 execution, -O3 -fomit-frame-pointer -funroll-all-loops -finline-functions
FAIL: gfortran.fortran-torture/execute/open_replace.f90 execution, -O3 -g
FAIL: gfortran.fortran-torture/execute/open_replace.f90 execution, -Os
FAIL: gfortran.fortran-torture/execute/read_eof.f90 execution, -O0
FAIL: gfortran.fortran-torture/execute/read_eof.f90 execution, -O1
FAIL: gfortran.fortran-torture/execute/read_eof.f90 execution, -O2
FAIL: gfortran.fortran-torture/execute/read_eof.f90 execution, -O3 -fomit-frame-pointer
FAIL: gfortran.fortran-torture/execute/read_eof.f90 execution, -O3 -fomit-frame-pointer -funroll-loops
FAIL: gfortran.fortran-torture/execute/read_eof.f90 execution, -O3 -fomit-frame-pointer -funroll-all-loops -finline-functions
FAIL: gfortran.fortran-torture/execute/read_eof.f90 execution, -O3 -g
FAIL: gfortran.fortran-torture/execute/read_eof.f90 execution, -Os
FAIL: gfortran.fortran-torture/execute/read_null_string.f90 execution, -O0
FAIL: gfortran.fortran-torture/execute/read_null_string.f90 execution, -O1
FAIL: gfortran.fortran-torture/execute/read_null_string.f90 execution, -O2
FAIL: gfortran.fortran-torture/execute/read_null_string.f90 execution, -O3 -fomit-frame-pointer
FAIL: gfortran.fortran-torture/execute/read_null_string.f90 execution, -O3 -fomit-frame-pointer -funroll-loops
FAIL: gfortran.fortran-torture/execute/read_null_string.f90 execution, -O3 -fomit-frame-pointer -funroll-all-loops -finline-functions
FAIL: gfortran.fortran-torture/execute/read_null_string.f90 execution, -O3 -g
FAIL: gfortran.fortran-torture/execute/read_null_string.f90 execution, -Os
FAIL: gfortran.fortran-torture/execute/seq_io.f90 execution, -O0
FAIL: gfortran.fortran-torture/execute/seq_io.f90 execution, -O1
FAIL: gfortran.fortran-torture/execute/seq_io.f90 execution, -O2
FAIL: gfortran.fortran-torture/execute/seq_io.f90 execution, -O3 -fomit-frame-pointer
FAIL: gfortran.fortran-torture/execute/seq_io.f90 execution, -O3 -fomit-frame-pointer -funroll-loops
FAIL: gfortran.fortran-torture/execute/seq_io.f90 execution, -O3 -fomit-frame-pointer -funroll-all-loops -finline-functions
FAIL: gfortran.fortran-torture/execute/seq_io.f90 execution, -O3 -g
FAIL: gfortran.fortran-torture/execute/seq_io.f90 execution, -Os
FAIL: gfortran.fortran-torture/execute/slash_edit.f90 execution, -O0
FAIL: gfortran.fortran-torture/execute/slash_edit.f90 execution, -O1
FAIL: gfortran.fortran-torture/execute/slash_edit.f90 execution, -O2
FAIL: gfortran.fortran-torture/execute/slash_edit.f90 execution, -O3 -fomit-frame-pointer
FAIL: gfortran.fortran-torture/execute/slash_edit.f90 execution, -O3 -fomit-frame-pointer -funroll-loops
FAIL: gfortran.fortran-torture/execute/slash_edit.f90 execution, -O3 -fomit-frame-pointer -funroll-all-loops -finline-functions
FAIL: gfortran.fortran-torture/execute/slash_edit.f90 execution, -O3 -g
FAIL: gfortran.fortran-torture/execute/slash_edit.f90 execution, -Os
FAIL: gfortran.fortran-torture/execute/t_edit.f90 execution, -O0
FAIL: gfortran.fortran-torture/execute/t_edit.f90 execution, -O1
FAIL: gfortran.fortran-torture/execute/t_edit.f90 execution, -O2
FAIL: gfortran.fortran-torture/execute/t_edit.f90 execution, -O3 -fomit-frame-pointer
FAIL: gfortran.fortran-torture/execute/t_edit.f90 execution, -O3 -fomit-frame-pointer -funroll-loops
FAIL: gfortran.fortran-torture/execute/t_edit.f90 execution, -O3 -fomit-frame-pointer -funroll-all-loops -finline-functions
FAIL: gfortran.fortran-torture/execute/t_edit.f90 execution, -O3 -g
FAIL: gfortran.fortran-torture/execute/t_edit.f90 execution, -Os
FAIL: gfortran.fortran-torture/execute/transfer1.f90 execution, -O0
FAIL: gfortran.fortran-torture/execute/transfer1.f90 execution, -O1
FAIL: gfortran.fortran-torture/execute/transfer1.f90 execution, -O2
FAIL: gfortran.fortran-torture/execute/transfer1.f90 execution, -O3 -fomit-frame-pointer
FAIL: gfortran.fortran-torture/execute/transfer1.f90 execution, -O3 -fomit-frame-pointer -funroll-loops
FAIL: gfortran.fortran-torture/execute/transfer1.f90 execution, -O3 -fomit-frame-pointer -funroll-all-loops -finline-functions
FAIL: gfortran.fortran-torture/execute/transfer1.f90 execution, -O3 -g
FAIL: gfortran.fortran-torture/execute/transfer1.f90 execution, -Os
FAIL: gfortran.fortran-torture/execute/unopened_unit_1.f90 execution, -O0
FAIL: gfortran.fortran-torture/execute/unopened_unit_1.f90 execution, -O1
FAIL: gfortran.fortran-torture/execute/unopened_unit_1.f90 execution, -O2
FAIL: gfortran.fortran-torture/execute/unopened_unit_1.f90 execution, -O3 -fomit-frame-pointer
FAIL: gfortran.fortran-torture/execute/unopened_unit_1.f90 execution, -O3 -fomit-frame-pointer -funroll-loops
FAIL: gfortran.fortran-torture/execute/unopened_unit_1.f90 execution, -O3 -fomit-frame-pointer -funroll-all-loops -finline-functions
FAIL: gfortran.fortran-torture/execute/unopened_unit_1.f90 execution, -O3 -g
FAIL: gfortran.fortran-torture/execute/unopened_unit_1.f90 execution, -Os
FAIL: gfortran.fortran-torture/execute/write_a_1.f90 execution, -O0
FAIL: gfortran.fortran-torture/execute/write_a_1.f90 execution, -O1
FAIL: gfortran.fortran-torture/execute/write_a_1.f90 execution, -O2
FAIL: gfortran.fortran-torture/execute/write_a_1.f90 execution, -O3 -fomit-frame-pointer
FAIL: gfortran.fortran-torture/execute/write_a_1.f90 execution, -O3 -fomit-frame-pointer -funroll-loops
FAIL: gfortran.fortran-torture/execute/write_a_1.f90 execution, -O3 -fomit-frame-pointer -funroll-all-loops -finline-functions
FAIL: gfortran.fortran-torture/execute/write_a_1.f90 execution, -O3 -g
FAIL: gfortran.fortran-torture/execute/write_a_1.f90 execution, -Os
FAIL: gfortran.fortran-torture/execute/write_logical.f90 execution, -O0
FAIL: gfortran.fortran-torture/execute/write_logical.f90 execution, -O1
FAIL: gfortran.fortran-torture/execute/write_logical.f90 execution, -O2
FAIL: gfortran.fortran-torture/execute/write_logical.f90 execution, -O3 -fomit-frame-pointer
FAIL: gfortran.fortran-torture/execute/write_logical.f90 execution, -O3 -fomit-frame-pointer -funroll-loops
FAIL: gfortran.fortran-torture/execute/write_logical.f90 execution, -O3 -fomit-frame-pointer -funroll-all-loops -finline-functions
FAIL: gfortran.fortran-torture/execute/write_logical.f90 execution, -O3 -g
FAIL: gfortran.fortran-torture/execute/write_logical.f90 execution, -Os
=== gfortran Summary ===
# of expected passes 13027
# of unexpected failures 2160
# of expected failures 7
# of unsupported tests 16
/home/cuiwd/gcc4/obj/gcc/testsuite/gfortran/../../gfortran version 4.3.0 20061122 (experimental)
=== objc tests ===
Running target unix
=== objc Summary ===
# of expected passes 1760
# of expected failures 7
# of unsupported tests 24
/home/cuiwd/gcc4/obj/gcc/xgcc version 4.3.0 20061122 (experimental)
=== libffi tests ===
Running target unix
FAIL: libffi.call/return_fl2.c -O0 -W -Wall execution test
FAIL: libffi.call/return_fl2.c -O2 execution test
FAIL: libffi.call/return_fl2.c -O3 execution test
FAIL: libffi.call/return_fl2.c -Os execution test
=== libffi Summary ===
# of expected passes 1080
# of unexpected failures 4
# of unsupported tests 8
=== libgomp tests ===
Running target unix
FAIL: libgomp.fortran/appendix-a/a.16.1.f90 -O0 execution test
FAIL: libgomp.fortran/appendix-a/a.16.1.f90 -O1 execution test
FAIL: libgomp.fortran/appendix-a/a.16.1.f90 -O2 execution test
FAIL: libgomp.fortran/appendix-a/a.16.1.f90 -O3 -fomit-frame-pointer execution test
FAIL: libgomp.fortran/appendix-a/a.16.1.f90 -O3 -fomit-frame-pointer -funroll-loops execution test
FAIL: libgomp.fortran/appendix-a/a.16.1.f90 -O3 -fomit-frame-pointer -funroll-all-loops -finline-functions execution test
FAIL: libgomp.fortran/appendix-a/a.16.1.f90 -O3 -g execution test
FAIL: libgomp.fortran/appendix-a/a.16.1.f90 -Os execution test
FAIL: libgomp.fortran/appendix-a/a.19.1.f90 -O0 execution test
FAIL: libgomp.fortran/appendix-a/a.19.1.f90 -O1 execution test
FAIL: libgomp.fortran/appendix-a/a.19.1.f90 -O2 execution test
FAIL: libgomp.fortran/appendix-a/a.19.1.f90 -O3 -fomit-frame-pointer execution test
FAIL: libgomp.fortran/appendix-a/a.19.1.f90 -O3 -fomit-frame-pointer -funroll-loops execution test
FAIL: libgomp.fortran/appendix-a/a.19.1.f90 -O3 -fomit-frame-pointer -funroll-all-loops -finline-functions execution test
FAIL: libgomp.fortran/appendix-a/a.19.1.f90 -O3 -g execution test
FAIL: libgomp.fortran/appendix-a/a.19.1.f90 -Os execution test
FAIL: libgomp.fortran/appendix-a/a.2.1.f90 -O0 execution test
FAIL: libgomp.fortran/appendix-a/a.2.1.f90 -O1 execution test
FAIL: libgomp.fortran/appendix-a/a.2.1.f90 -O2 execution test
FAIL: libgomp.fortran/appendix-a/a.2.1.f90 -O3 -fomit-frame-pointer execution test
FAIL: libgomp.fortran/appendix-a/a.2.1.f90 -O3 -fomit-frame-pointer -funroll-loops execution test
FAIL: libgomp.fortran/appendix-a/a.2.1.f90 -O3 -fomit-frame-pointer -funroll-all-loops -finline-functions execution test
FAIL: libgomp.fortran/appendix-a/a.2.1.f90 -O3 -g execution test
FAIL: libgomp.fortran/appendix-a/a.2.1.f90 -Os execution test
FAIL: libgomp.fortran/appendix-a/a.22.7.f90 -O0 execution test
FAIL: libgomp.fortran/appendix-a/a.22.7.f90 -O1 execution test
FAIL: libgomp.fortran/appendix-a/a.22.7.f90 -O2 execution test
FAIL: libgomp.fortran/appendix-a/a.22.7.f90 -O3 -fomit-frame-pointer execution test
FAIL: libgomp.fortran/appendix-a/a.22.7.f90 -O3 -fomit-frame-pointer -funroll-loops execution test
FAIL: libgomp.fortran/appendix-a/a.22.7.f90 -O3 -fomit-frame-pointer -funroll-all-loops -finline-functions execution test
FAIL: libgomp.fortran/appendix-a/a.22.7.f90 -O3 -g execution test
FAIL: libgomp.fortran/appendix-a/a.22.7.f90 -Os execution test
FAIL: libgomp.fortran/appendix-a/a.22.8.f90 -O0 execution test
FAIL: libgomp.fortran/appendix-a/a.22.8.f90 -O1 execution test
FAIL: libgomp.fortran/appendix-a/a.22.8.f90 -O2 execution test
FAIL: libgomp.fortran/appendix-a/a.22.8.f90 -O3 -fomit-frame-pointer execution test
FAIL: libgomp.fortran/appendix-a/a.22.8.f90 -O3 -fomit-frame-pointer -funroll-loops execution test
FAIL: libgomp.fortran/appendix-a/a.22.8.f90 -O3 -fomit-frame-pointer -funroll-all-loops -finline-functions execution test
FAIL: libgomp.fortran/appendix-a/a.22.8.f90 -O3 -g execution test
FAIL: libgomp.fortran/appendix-a/a.22.8.f90 -Os execution test
FAIL: libgomp.fortran/appendix-a/a.26.1.f90 -O0 execution test
FAIL: libgomp.fortran/appendix-a/a.26.1.f90 -O1 execution test
FAIL: libgomp.fortran/appendix-a/a.26.1.f90 -O2 execution test
FAIL: libgomp.fortran/appendix-a/a.26.1.f90 -O3 -fomit-frame-pointer execution test
FAIL: libgomp.fortran/appendix-a/a.26.1.f90 -O3 -fomit-frame-pointer -funroll-loops execution test
FAIL: libgomp.fortran/appendix-a/a.26.1.f90 -O3 -fomit-frame-pointer -funroll-all-loops -finline-functions execution test
FAIL: libgomp.fortran/appendix-a/a.26.1.f90 -O3 -g execution test
FAIL: libgomp.fortran/appendix-a/a.26.1.f90 -Os execution test
FAIL: libgomp.fortran/appendix-a/a.28.1.f90 -O0 execution test
FAIL: libgomp.fortran/appendix-a/a.28.1.f90 -O1 execution test
FAIL: libgomp.fortran/appendix-a/a.28.1.f90 -O2 execution test
FAIL: libgomp.fortran/appendix-a/a.28.1.f90 -O3 -fomit-frame-pointer execution test
FAIL: libgomp.fortran/appendix-a/a.28.1.f90 -O3 -fomit-frame-pointer -funroll-loops execution test
FAIL: libgomp.fortran/appendix-a/a.28.1.f90 -O3 -fomit-frame-pointer -funroll-all-loops -finline-functions execution test
FAIL: libgomp.fortran/appendix-a/a.28.1.f90 -O3 -g execution test
FAIL: libgomp.fortran/appendix-a/a.28.1.f90 -Os execution test
FAIL: libgomp.fortran/appendix-a/a.28.2.f90 -O0 execution test
FAIL: libgomp.fortran/appendix-a/a.28.2.f90 -O1 execution test
FAIL: libgomp.fortran/appendix-a/a.28.2.f90 -O2 execution test
FAIL: libgomp.fortran/appendix-a/a.28.2.f90 -O3 -fomit-frame-pointer execution test
FAIL: libgomp.fortran/appendix-a/a.28.2.f90 -O3 -fomit-frame-pointer -funroll-loops execution test
FAIL: libgomp.fortran/appendix-a/a.28.2.f90 -O3 -fomit-frame-pointer -funroll-all-loops -finline-functions execution test
FAIL: libgomp.fortran/appendix-a/a.28.2.f90 -O3 -g execution test
FAIL: libgomp.fortran/appendix-a/a.28.2.f90 -Os execution test
FAIL: libgomp.fortran/appendix-a/a.28.3.f90 -O0 execution test
FAIL: libgomp.fortran/appendix-a/a.28.3.f90 -O1 execution test
FAIL: libgomp.fortran/appendix-a/a.28.3.f90 -O2 execution test
FAIL: libgomp.fortran/appendix-a/a.28.3.f90 -O3 -fomit-frame-pointer execution test
FAIL: libgomp.fortran/appendix-a/a.28.3.f90 -O3 -fomit-frame-pointer -funroll-loops execution test
FAIL: libgomp.fortran/appendix-a/a.28.3.f90 -O3 -fomit-frame-pointer -funroll-all-loops -finline-functions execution test
FAIL: libgomp.fortran/appendix-a/a.28.3.f90 -O3 -g execution test
FAIL: libgomp.fortran/appendix-a/a.28.3.f90 -Os execution test
FAIL: libgomp.fortran/appendix-a/a.28.4.f90 -O0 execution test
FAIL: libgomp.fortran/appendix-a/a.28.4.f90 -O1 execution test
FAIL: libgomp.fortran/appendix-a/a.28.4.f90 -O2 execution test
FAIL: libgomp.fortran/appendix-a/a.28.4.f90 -O3 -fomit-frame-pointer execution test
FAIL: libgomp.fortran/appendix-a/a.28.4.f90 -O3 -fomit-frame-pointer -funroll-loops execution test
FAIL: libgomp.fortran/appendix-a/a.28.4.f90 -O3 -fomit-frame-pointer -funroll-all-loops -finline-functions execution test
FAIL: libgomp.fortran/appendix-a/a.28.4.f90 -O3 -g execution test
FAIL: libgomp.fortran/appendix-a/a.28.4.f90 -Os execution test
FAIL: libgomp.fortran/appendix-a/a.3.1.f90 -O0 execution test
FAIL: libgomp.fortran/appendix-a/a.3.1.f90 -O1 execution test
FAIL: libgomp.fortran/appendix-a/a.3.1.f90 -O2 execution test
FAIL: libgomp.fortran/appendix-a/a.3.1.f90 -O3 -fomit-frame-pointer execution test
FAIL: libgomp.fortran/appendix-a/a.3.1.f90 -O3 -fomit-frame-pointer -funroll-loops execution test
FAIL: libgomp.fortran/appendix-a/a.3.1.f90 -O3 -fomit-frame-pointer -funroll-all-loops -finline-functions execution test
FAIL: libgomp.fortran/appendix-a/a.3.1.f90 -O3 -g execution test
FAIL: libgomp.fortran/appendix-a/a.3.1.f90 -Os execution test
FAIL: libgomp.fortran/appendix-a/a.31.5.f90 -O0 execution test
FAIL: libgomp.fortran/appendix-a/a.31.5.f90 -O1 execution test
FAIL: libgomp.fortran/appendix-a/a.31.5.f90 -O2 execution test
FAIL: libgomp.fortran/appendix-a/a.31.5.f90 -O3 -fomit-frame-pointer execution test
FAIL: libgomp.fortran/appendix-a/a.31.5.f90 -O3 -fomit-frame-pointer -funroll-loops execution test
FAIL: libgomp.fortran/appendix-a/a.31.5.f90 -O3 -fomit-frame-pointer -funroll-all-loops -finline-functions execution test
FAIL: libgomp.fortran/appendix-a/a.31.5.f90 -O3 -g execution test
FAIL: libgomp.fortran/appendix-a/a.31.5.f90 -Os execution test
FAIL: libgomp.fortran/appendix-a/a.39.1.f90 -O0 execution test
FAIL: libgomp.fortran/appendix-a/a.39.1.f90 -O1 execution test
FAIL: libgomp.fortran/appendix-a/a.39.1.f90 -O2 execution test
FAIL: libgomp.fortran/appendix-a/a.39.1.f90 -O3 -fomit-frame-pointer execution test
FAIL: libgomp.fortran/appendix-a/a.39.1.f90 -O3 -fomit-frame-pointer -funroll-loops execution test
FAIL: libgomp.fortran/appendix-a/a.39.1.f90 -O3 -fomit-frame-pointer -funroll-all-loops -finline-functions execution test
FAIL: libgomp.fortran/appendix-a/a.39.1.f90 -O3 -g execution test
FAIL: libgomp.fortran/appendix-a/a.39.1.f90 -Os execution test
FAIL: libgomp.fortran/appendix-a/a10.1.f90 -O0 execution test
FAIL: libgomp.fortran/appendix-a/a10.1.f90 -O1 execution test
FAIL: libgomp.fortran/appendix-a/a10.1.f90 -O2 execution test
FAIL: libgomp.fortran/appendix-a/a10.1.f90 -O3 -fomit-frame-pointer execution test
FAIL: libgomp.fortran/appendix-a/a10.1.f90 -O3 -fomit-frame-pointer -funroll-loops execution test
FAIL: libgomp.fortran/appendix-a/a10.1.f90 -O3 -fomit-frame-pointer -funroll-all-loops -finline-functions execution test
FAIL: libgomp.fortran/appendix-a/a10.1.f90 -O3 -g execution test
FAIL: libgomp.fortran/appendix-a/a10.1.f90 -Os execution test
FAIL: libgomp.fortran/jacobi.f -O0 execution test
FAIL: libgomp.fortran/jacobi.f -O1 execution test
FAIL: libgomp.fortran/jacobi.f -O2 execution test
FAIL: libgomp.fortran/jacobi.f -O3 -fomit-frame-pointer execution test
FAIL: libgomp.fortran/jacobi.f -O3 -fomit-frame-pointer -funroll-loops execution test
FAIL: libgomp.fortran/jacobi.f -O3 -fomit-frame-pointer -funroll-all-loops -finline-functions execution test
FAIL: libgomp.fortran/jacobi.f -O3 -g execution test
FAIL: libgomp.fortran/jacobi.f -Os execution test
FAIL: libgomp.fortran/omp_hello.f -O execution test
FAIL: libgomp.fortran/omp_orphan.f -O execution test
FAIL: libgomp.fortran/omp_reduction.f -O execution test
FAIL: libgomp.fortran/omp_workshare1.f -O execution test
FAIL: libgomp.fortran/omp_workshare2.f -O execution test
FAIL: libgomp.fortran/reduction6.f90 -O0 execution test
FAIL: libgomp.fortran/reduction6.f90 -O1 execution test
FAIL: libgomp.fortran/reduction6.f90 -O2 execution test
FAIL: libgomp.fortran/reduction6.f90 -O3 -fomit-frame-pointer execution test
FAIL: libgomp.fortran/reduction6.f90 -O3 -fomit-frame-pointer -funroll-loops execution test
FAIL: libgomp.fortran/reduction6.f90 -O3 -fomit-frame-pointer -funroll-all-loops -finline-functions execution test
FAIL: libgomp.fortran/reduction6.f90 -O3 -g execution test
FAIL: libgomp.fortran/reduction6.f90 -Os execution test
=== libgomp Summary ===
# of expected passes 1411
# of unexpected failures 133
=== libjava tests ===
Running target unix
=== libjava Summary ===
# of expected passes 7036
# of expected failures 12
# of untested testcases 8
=== libmudflap tests ===
Running target unix
FAIL: libmudflap.c++/error1-frag.cxx (test for excess errors)
FAIL: libmudflap.c++/error2-frag.cxx (test for excess errors)
FAIL: libmudflap.c++/error1-frag.cxx (-static) (test for excess errors)
FAIL: libmudflap.c++/error2-frag.cxx (-static) (test for excess errors)
FAIL: libmudflap.c++/error1-frag.cxx ( -O) (test for excess errors)
FAIL: libmudflap.c++/error2-frag.cxx ( -O) (test for excess errors)
FAIL: libmudflap.c++/error1-frag.cxx (-O2) (test for excess errors)
FAIL: libmudflap.c++/error2-frag.cxx (-O2) (test for excess errors)
FAIL: libmudflap.c++/error1-frag.cxx (-O3) (test for excess errors)
FAIL: libmudflap.c++/error2-frag.cxx (-O3) (test for excess errors)
WARNING: program timed out.
FAIL: libmudflap.cth/pass37-frag.c execution test
FAIL: libmudflap.cth/pass37-frag.c output pattern test
WARNING: program timed out.
FAIL: libmudflap.cth/pass37-frag.c (rerun 1) execution test
FAIL: libmudflap.cth/pass37-frag.c (rerun 1) output pattern test
WARNING: program timed out.
FAIL: libmudflap.cth/pass37-frag.c (rerun 2) execution test
FAIL: libmudflap.cth/pass37-frag.c (rerun 2) output pattern test
WARNING: program timed out.
FAIL: libmudflap.cth/pass37-frag.c (rerun 3) execution test
FAIL: libmudflap.cth/pass37-frag.c (rerun 3) output pattern test
WARNING: program timed out.
FAIL: libmudflap.cth/pass37-frag.c (rerun 4) execution test
FAIL: libmudflap.cth/pass37-frag.c (rerun 4) output pattern test
WARNING: program timed out.
FAIL: libmudflap.cth/pass37-frag.c (rerun 5) execution test
FAIL: libmudflap.cth/pass37-frag.c (rerun 5) output pattern test
WARNING: program timed out.
FAIL: libmudflap.cth/pass37-frag.c (rerun 6) execution test
FAIL: libmudflap.cth/pass37-frag.c (rerun 6) output pattern test
WARNING: program timed out.
FAIL: libmudflap.cth/pass37-frag.c (rerun 7) execution test
FAIL: libmudflap.cth/pass37-frag.c (rerun 7) output pattern test
WARNING: program timed out.
FAIL: libmudflap.cth/pass37-frag.c (rerun 8) execution test
FAIL: libmudflap.cth/pass37-frag.c (rerun 8) output pattern test
WARNING: program timed out.
FAIL: libmudflap.cth/pass37-frag.c (rerun 9) execution test
FAIL: libmudflap.cth/pass37-frag.c (rerun 9) output pattern test
WARNING: program timed out.
FAIL: libmudflap.cth/pass37-frag.c (rerun 10) execution test
FAIL: libmudflap.cth/pass37-frag.c (rerun 10) output pattern test
WARNING: program timed out.
FAIL: libmudflap.cth/pass37-frag.c (rerun 11) execution test
FAIL: libmudflap.cth/pass37-frag.c (rerun 11) output pattern test
WARNING: program timed out.
FAIL: libmudflap.cth/pass37-frag.c (rerun 12) execution test
FAIL: libmudflap.cth/pass37-frag.c (rerun 12) output pattern test
WARNING: program timed out.
FAIL: libmudflap.cth/pass37-frag.c (rerun 13) execution test
FAIL: libmudflap.cth/pass37-frag.c (rerun 13) output pattern test
WARNING: program timed out.
FAIL: libmudflap.cth/pass37-frag.c (rerun 14) execution test
FAIL: libmudflap.cth/pass37-frag.c (rerun 14) output pattern test
WARNING: program timed out.
FAIL: libmudflap.cth/pass37-frag.c (rerun 15) execution test
FAIL: libmudflap.cth/pass37-frag.c (rerun 15) output pattern test
WARNING: program timed out.
FAIL: libmudflap.cth/pass37-frag.c (rerun 16) execution test
FAIL: libmudflap.cth/pass37-frag.c (rerun 16) output pattern test
WARNING: program timed out.
FAIL: libmudflap.cth/pass37-frag.c (rerun 17) execution test
FAIL: libmudflap.cth/pass37-frag.c (rerun 17) output pattern test
WARNING: program timed out.
FAIL: libmudflap.cth/pass37-frag.c (rerun 18) execution test
FAIL: libmudflap.cth/pass37-frag.c (rerun 18) output pattern test
WARNING: program timed out.
FAIL: libmudflap.cth/pass37-frag.c (rerun 19) execution test
FAIL: libmudflap.cth/pass37-frag.c (rerun 19) output pattern test
WARNING: program timed out.
FAIL: libmudflap.cth/pass39-frag.c execution test
FAIL: libmudflap.cth/pass39-frag.c output pattern test
WARNING: program timed out.
FAIL: libmudflap.cth/pass39-frag.c (rerun 1) execution test
FAIL: libmudflap.cth/pass39-frag.c (rerun 1) output pattern test
WARNING: program timed out.
FAIL: libmudflap.cth/pass39-frag.c (rerun 2) execution test
FAIL: libmudflap.cth/pass39-frag.c (rerun 2) output pattern test
WARNING: program timed out.
FAIL: libmudflap.cth/pass39-frag.c (rerun 3) execution test
FAIL: libmudflap.cth/pass39-frag.c (rerun 3) output pattern test
WARNING: program timed out.
FAIL: libmudflap.cth/pass39-frag.c (rerun 4) execution test
FAIL: libmudflap.cth/pass39-frag.c (rerun 4) output pattern test
WARNING: program timed out.
FAIL: libmudflap.cth/pass39-frag.c (rerun 5) execution test
FAIL: libmudflap.cth/pass39-frag.c (rerun 5) output pattern test
WARNING: program timed out.
FAIL: libmudflap.cth/pass39-frag.c (rerun 6) execution test
FAIL: libmudflap.cth/pass39-frag.c (rerun 6) output pattern test
WARNING: program timed out.
FAIL: libmudflap.cth/pass39-frag.c (rerun 7) execution test
FAIL: libmudflap.cth/pass39-frag.c (rerun 7) output pattern test
WARNING: program timed out.
FAIL: libmudflap.cth/pass39-frag.c (rerun 8) execution test
FAIL: libmudflap.cth/pass39-frag.c (rerun 8) output pattern test
WARNING: program timed out.
FAIL: libmudflap.cth/pass39-frag.c (rerun 9) execution test
FAIL: libmudflap.cth/pass39-frag.c (rerun 9) output pattern test
WARNING: program timed out.
FAIL: libmudflap.cth/pass39-frag.c (rerun 10) execution test
FAIL: libmudflap.cth/pass39-frag.c (rerun 10) output pattern test
WARNING: program timed out.
FAIL: libmudflap.cth/pass39-frag.c (rerun 11) execution test
FAIL: libmudflap.cth/pass39-frag.c (rerun 11) output pattern test
WARNING: program timed out.
FAIL: libmudflap.cth/pass39-frag.c (rerun 13) execution test
FAIL: libmudflap.cth/pass39-frag.c (rerun 13) output pattern test
WARNING: program timed out.
FAIL: libmudflap.cth/pass39-frag.c (rerun 14) execution test
FAIL: libmudflap.cth/pass39-frag.c (rerun 14) output pattern test
WARNING: program timed out.
FAIL: libmudflap.cth/pass39-frag.c (rerun 15) execution test
FAIL: libmudflap.cth/pass39-frag.c (rerun 15) output pattern test
WARNING: program timed out.
FAIL: libmudflap.cth/pass39-frag.c (rerun 16) execution test
FAIL: libmudflap.cth/pass39-frag.c (rerun 16) output pattern test
WARNING: program timed out.
FAIL: libmudflap.cth/pass37-frag.c (-static -DSTATIC) (rerun 1) execution test
FAIL: libmudflap.cth/pass37-frag.c (-static -DSTATIC) (rerun 1) output pattern test
WARNING: program timed out.
FAIL: libmudflap.cth/pass37-frag.c (-static -DSTATIC) (rerun 16) execution test
FAIL: libmudflap.cth/pass37-frag.c (-static -DSTATIC) (rerun 16) output pattern test
WARNING: program timed out.
FAIL: libmudflap.cth/pass37-frag.c (-static -DSTATIC) (rerun 17) execution test
FAIL: libmudflap.cth/pass37-frag.c (-static -DSTATIC) (rerun 17) output pattern test
WARNING: program timed out.
FAIL: libmudflap.cth/pass37-frag.c (-static -DSTATIC) (rerun 18) execution test
FAIL: libmudflap.cth/pass37-frag.c (-static -DSTATIC) (rerun 18) output pattern test
WARNING: program timed out.
FAIL: libmudflap.cth/pass37-frag.c (-static -DSTATIC) (rerun 19) execution test
FAIL: libmudflap.cth/pass37-frag.c (-static -DSTATIC) (rerun 19) output pattern test
WARNING: program timed out.
FAIL: libmudflap.cth/pass39-frag.c (-static -DSTATIC) execution test
FAIL: libmudflap.cth/pass39-frag.c (-static -DSTATIC) output pattern test
WARNING: program timed out.
FAIL: libmudflap.cth/pass39-frag.c (-static -DSTATIC) (rerun 1) execution test
FAIL: libmudflap.cth/pass39-frag.c (-static -DSTATIC) (rerun 1) output pattern test
WARNING: program timed out.
FAIL: libmudflap.cth/pass39-frag.c (-static -DSTATIC) (rerun 2) execution test
FAIL: libmudflap.cth/pass39-frag.c (-static -DSTATIC) (rerun 2) output pattern test
WARNING: program timed out.
FAIL: libmudflap.cth/pass39-frag.c (-static -DSTATIC) (rerun 6) execution test
FAIL: libmudflap.cth/pass39-frag.c (-static -DSTATIC) (rerun 6) output pattern test
WARNING: program timed out.
FAIL: libmudflap.cth/pass39-frag.c (-static -DSTATIC) (rerun 7) execution test
FAIL: libmudflap.cth/pass39-frag.c (-static -DSTATIC) (rerun 7) output pattern test
WARNING: program timed out.
FAIL: libmudflap.cth/pass39-frag.c (-static -DSTATIC) (rerun 8) execution test
FAIL: libmudflap.cth/pass39-frag.c (-static -DSTATIC) (rerun 8) output pattern test
WARNING: program timed out.
FAIL: libmudflap.cth/pass39-frag.c (-static -DSTATIC) (rerun 9) execution test
FAIL: libmudflap.cth/pass39-frag.c (-static -DSTATIC) (rerun 9) output pattern test
WARNING: program timed out.
FAIL: libmudflap.cth/pass39-frag.c (-static -DSTATIC) (rerun 10) execution test
FAIL: libmudflap.cth/pass39-frag.c (-static -DSTATIC) (rerun 10) output pattern test
WARNING: program timed out.
FAIL: libmudflap.cth/pass39-frag.c (-static -DSTATIC) (rerun 13) execution test
FAIL: libmudflap.cth/pass39-frag.c (-static -DSTATIC) (rerun 13) output pattern test
WARNING: program timed out.
FAIL: libmudflap.cth/pass39-frag.c (-static -DSTATIC) (rerun 17) execution test
FAIL: libmudflap.cth/pass39-frag.c (-static -DSTATIC) (rerun 17) output pattern test
WARNING: program timed out.
FAIL: libmudflap.cth/pass39-frag.c (-static -DSTATIC) (rerun 18) execution test
FAIL: libmudflap.cth/pass39-frag.c (-static -DSTATIC) (rerun 18) output pattern test
WARNING: program timed out.
FAIL: libmudflap.cth/pass39-frag.c (-static -DSTATIC) (rerun 19) execution test
FAIL: libmudflap.cth/pass39-frag.c (-static -DSTATIC) (rerun 19) output pattern test
WARNING: program timed out.
FAIL: libmudflap.cth/pass37-frag.c (-O2) execution test
FAIL: libmudflap.cth/pass37-frag.c (-O2) output pattern test
WARNING: program timed out.
FAIL: libmudflap.cth/pass37-frag.c (-O2) (rerun 1) execution test
FAIL: libmudflap.cth/pass37-frag.c (-O2) (rerun 1) output pattern test
WARNING: program timed out.
FAIL: libmudflap.cth/pass37-frag.c (-O2) (rerun 2) execution test
FAIL: libmudflap.cth/pass37-frag.c (-O2) (rerun 2) output pattern test
WARNING: program timed out.
FAIL: libmudflap.cth/pass37-frag.c (-O2) (rerun 3) execution test
FAIL: libmudflap.cth/pass37-frag.c (-O2) (rerun 3) output pattern test
WARNING: program timed out.
FAIL: libmudflap.cth/pass37-frag.c (-O2) (rerun 4) execution test
FAIL: libmudflap.cth/pass37-frag.c (-O2) (rerun 4) output pattern test
WARNING: program timed out.
FAIL: libmudflap.cth/pass37-frag.c (-O2) (rerun 5) execution test
FAIL: libmudflap.cth/pass37-frag.c (-O2) (rerun 5) output pattern test
WARNING: program timed out.
FAIL: libmudflap.cth/pass37-frag.c (-O2) (rerun 8) execution test
FAIL: libmudflap.cth/pass37-frag.c (-O2) (rerun 8) output pattern test
WARNING: program timed out.
FAIL: libmudflap.cth/pass37-frag.c (-O2) (rerun 9) execution test
FAIL: libmudflap.cth/pass37-frag.c (-O2) (rerun 9) output pattern test
WARNING: program timed out.
FAIL: libmudflap.cth/pass37-frag.c (-O2) (rerun 10) execution test
FAIL: libmudflap.cth/pass37-frag.c (-O2) (rerun 10) output pattern test
WARNING: program timed out.
FAIL: libmudflap.cth/pass37-frag.c (-O2) (rerun 11) execution test
FAIL: libmudflap.cth/pass37-frag.c (-O2) (rerun 11) output pattern test
WARNING: program timed out.
FAIL: libmudflap.cth/pass37-frag.c (-O2) (rerun 12) execution test
FAIL: libmudflap.cth/pass37-frag.c (-O2) (rerun 12) output pattern test
WARNING: program timed out.
FAIL: libmudflap.cth/pass37-frag.c (-O2) (rerun 15) execution test
FAIL: libmudflap.cth/pass37-frag.c (-O2) (rerun 15) output pattern test
WARNING: program timed out.
FAIL: libmudflap.cth/pass37-frag.c (-O2) (rerun 16) execution test
FAIL: libmudflap.cth/pass37-frag.c (-O2) (rerun 16) output pattern test
WARNING: program timed out.
FAIL: libmudflap.cth/pass37-frag.c (-O2) (rerun 17) execution test
FAIL: libmudflap.cth/pass37-frag.c (-O2) (rerun 17) output pattern test
WARNING: program timed out.
FAIL: libmudflap.cth/pass37-frag.c (-O2) (rerun 18) execution test
FAIL: libmudflap.cth/pass37-frag.c (-O2) (rerun 18) output pattern test
WARNING: program timed out.
FAIL: libmudflap.cth/pass39-frag.c (-O2) (rerun 1) execution test
FAIL: libmudflap.cth/pass39-frag.c (-O2) (rerun 1) output pattern test
WARNING: program timed out.
FAIL: libmudflap.cth/pass39-frag.c (-O2) (rerun 2) execution test
FAIL: libmudflap.cth/pass39-frag.c (-O2) (rerun 2) output pattern test
WARNING: program timed out.
FAIL: libmudflap.cth/pass39-frag.c (-O2) (rerun 3) execution test
FAIL: libmudflap.cth/pass39-frag.c (-O2) (rerun 3) output pattern test
WARNING: program timed out.
FAIL: libmudflap.cth/pass39-frag.c (-O2) (rerun 4) execution test
FAIL: libmudflap.cth/pass39-frag.c (-O2) (rerun 4) output pattern test
WARNING: program timed out.
FAIL: libmudflap.cth/pass39-frag.c (-O2) (rerun 5) execution test
FAIL: libmudflap.cth/pass39-frag.c (-O2) (rerun 5) output pattern test
WARNING: program timed out.
FAIL: libmudflap.cth/pass39-frag.c (-O2) (rerun 6) execution test
FAIL: libmudflap.cth/pass39-frag.c (-O2) (rerun 6) output pattern test
WARNING: program timed out.
FAIL: libmudflap.cth/pass39-frag.c (-O2) (rerun 7) execution test
FAIL: libmudflap.cth/pass39-frag.c (-O2) (rerun 7) output pattern test
WARNING: program timed out.
FAIL: libmudflap.cth/pass39-frag.c (-O2) (rerun 8) execution test
FAIL: libmudflap.cth/pass39-frag.c (-O2) (rerun 8) output pattern test
WARNING: program timed out.
FAIL: libmudflap.cth/pass39-frag.c (-O2) (rerun 9) execution test
FAIL: libmudflap.cth/pass39-frag.c (-O2) (rerun 9) output pattern test
WARNING: program timed out.
FAIL: libmudflap.cth/pass39-frag.c (-O2) (rerun 10) execution test
FAIL: libmudflap.cth/pass39-frag.c (-O2) (rerun 10) output pattern test
WARNING: program timed out.
FAIL: libmudflap.cth/pass39-frag.c (-O2) (rerun 11) execution test
FAIL: libmudflap.cth/pass39-frag.c (-O2) (rerun 11) output pattern test
WARNING: program timed out.
FAIL: libmudflap.cth/pass39-frag.c (-O2) (rerun 12) execution test
FAIL: libmudflap.cth/pass39-frag.c (-O2) (rerun 12) output pattern test
WARNING: program timed out.
FAIL: libmudflap.cth/pass39-frag.c (-O2) (rerun 15) execution test
FAIL: libmudflap.cth/pass39-frag.c (-O2) (rerun 15) output pattern test
WARNING: program timed out.
FAIL: libmudflap.cth/pass39-frag.c (-O2) (rerun 16) execution test
FAIL: libmudflap.cth/pass39-frag.c (-O2) (rerun 16) output pattern test
WARNING: program timed out.
FAIL: libmudflap.cth/pass39-frag.c (-O2) (rerun 17) execution test
FAIL: libmudflap.cth/pass39-frag.c (-O2) (rerun 17) output pattern test
WARNING: program timed out.
FAIL: libmudflap.cth/pass39-frag.c (-O2) (rerun 18) execution test
FAIL: libmudflap.cth/pass39-frag.c (-O2) (rerun 18) output pattern test
WARNING: program timed out.
FAIL: libmudflap.cth/pass39-frag.c (-O2) (rerun 19) execution test
FAIL: libmudflap.cth/pass39-frag.c (-O2) (rerun 19) output pattern test
WARNING: program timed out.
FAIL: libmudflap.cth/pass37-frag.c (-O3) execution test
FAIL: libmudflap.cth/pass37-frag.c (-O3) output pattern test
WARNING: program timed out.
FAIL: libmudflap.cth/pass37-frag.c (-O3) (rerun 1) execution test
FAIL: libmudflap.cth/pass37-frag.c (-O3) (rerun 1) output pattern test
WARNING: program timed out.
FAIL: libmudflap.cth/pass37-frag.c (-O3) (rerun 2) execution test
FAIL: libmudflap.cth/pass37-frag.c (-O3) (rerun 2) output pattern test
WARNING: program timed out.
FAIL: libmudflap.cth/pass37-frag.c (-O3) (rerun 3) execution test
FAIL: libmudflap.cth/pass37-frag.c (-O3) (rerun 3) output pattern test
WARNING: program timed out.
FAIL: libmudflap.cth/pass37-frag.c (-O3) (rerun 4) execution test
FAIL: libmudflap.cth/pass37-frag.c (-O3) (rerun 4) output pattern test
WARNING: program timed out.
FAIL: libmudflap.cth/pass37-frag.c (-O3) (rerun 5) execution test
FAIL: libmudflap.cth/pass37-frag.c (-O3) (rerun 5) output pattern test
WARNING: program timed out.
FAIL: libmudflap.cth/pass37-frag.c (-O3) (rerun 6) execution test
FAIL: libmudflap.cth/pass37-frag.c (-O3) (rerun 6) output pattern test
WARNING: program timed out.
FAIL: libmudflap.cth/pass37-frag.c (-O3) (rerun 7) execution test
FAIL: libmudflap.cth/pass37-frag.c (-O3) (rerun 7) output pattern test
WARNING: program timed out.
FAIL: libmudflap.cth/pass37-frag.c (-O3) (rerun 8) execution test
FAIL: libmudflap.cth/pass37-frag.c (-O3) (rerun 8) output pattern test
WARNING: program timed out.
FAIL: libmudflap.cth/pass37-frag.c (-O3) (rerun 9) execution test
FAIL: libmudflap.cth/pass37-frag.c (-O3) (rerun 9) output pattern test
WARNING: program timed out.
FAIL: libmudflap.cth/pass37-frag.c (-O3) (rerun 10) execution test
FAIL: libmudflap.cth/pass37-frag.c (-O3) (rerun 10) output pattern test
WARNING: program timed out.
FAIL: libmudflap.cth/pass37-frag.c (-O3) (rerun 11) execution test
FAIL: libmudflap.cth/pass37-frag.c (-O3) (rerun 11) output pattern test
WARNING: program timed out.
FAIL: libmudflap.cth/pass37-frag.c (-O3) (rerun 12) execution test
FAIL: libmudflap.cth/pass37-frag.c (-O3) (rerun 12) output pattern test
WARNING: program timed out.
FAIL: libmudflap.cth/pass37-frag.c (-O3) (rerun 13) execution test
FAIL: libmudflap.cth/pass37-frag.c (-O3) (rerun 13) output pattern test
WARNING: program timed out.
FAIL: libmudflap.cth/pass37-frag.c (-O3) (rerun 14) execution test
FAIL: libmudflap.cth/pass37-frag.c (-O3) (rerun 14) output pattern test
WARNING: program timed out.
FAIL: libmudflap.cth/pass37-frag.c (-O3) (rerun 15) execution test
FAIL: libmudflap.cth/pass37-frag.c (-O3) (rerun 15) output pattern test
WARNING: program timed out.
FAIL: libmudflap.cth/pass37-frag.c (-O3) (rerun 16) execution test
WARNING: program timed out.
FAIL: libmudflap.cth/pass37-frag.c (-O3) (rerun 17) execution test
FAIL: libmudflap.cth/pass37-frag.c (-O3) (rerun 17) output pattern test
WARNING: program timed out.
FAIL: libmudflap.cth/pass37-frag.c (-O3) (rerun 18) execution test
FAIL: libmudflap.cth/pass37-frag.c (-O3) (rerun 18) output pattern test
WARNING: program timed out.
FAIL: libmudflap.cth/pass37-frag.c (-O3) (rerun 19) execution test
FAIL: libmudflap.cth/pass37-frag.c (-O3) (rerun 19) output pattern test
WARNING: program timed out.
FAIL: libmudflap.cth/pass39-frag.c (-O3) (rerun 1) execution test
FAIL: libmudflap.cth/pass39-frag.c (-O3) (rerun 1) output pattern test
WARNING: program timed out.
FAIL: libmudflap.cth/pass39-frag.c (-O3) (rerun 2) execution test
FAIL: libmudflap.cth/pass39-frag.c (-O3) (rerun 2) output pattern test
WARNING: program timed out.
FAIL: libmudflap.cth/pass39-frag.c (-O3) (rerun 3) execution test
FAIL: libmudflap.cth/pass39-frag.c (-O3) (rerun 3) output pattern test
WARNING: program timed out.
FAIL: libmudflap.cth/pass39-frag.c (-O3) (rerun 4) execution test
FAIL: libmudflap.cth/pass39-frag.c (-O3) (rerun 4) output pattern test
WARNING: program timed out.
FAIL: libmudflap.cth/pass39-frag.c (-O3) (rerun 5) execution test
FAIL: libmudflap.cth/pass39-frag.c (-O3) (rerun 5) output pattern test
WARNING: program timed out.
FAIL: libmudflap.cth/pass39-frag.c (-O3) (rerun 6) execution test
WARNING: program timed out.
FAIL: libmudflap.cth/pass39-frag.c (-O3) (rerun 8) execution test
FAIL: libmudflap.cth/pass39-frag.c (-O3) (rerun 8) output pattern test
WARNING: program timed out.
FAIL: libmudflap.cth/pass39-frag.c (-O3) (rerun 9) execution test
FAIL: libmudflap.cth/pass39-frag.c (-O3) (rerun 9) output pattern test
WARNING: program timed out.
FAIL: libmudflap.cth/pass39-frag.c (-O3) (rerun 10) execution test
FAIL: libmudflap.cth/pass39-frag.c (-O3) (rerun 10) output pattern test
WARNING: program timed out.
FAIL: libmudflap.cth/pass39-frag.c (-O3) (rerun 11) execution test
FAIL: libmudflap.cth/pass39-frag.c (-O3) (rerun 11) output pattern test
WARNING: program timed out.
FAIL: libmudflap.cth/pass39-frag.c (-O3) (rerun 12) execution test
FAIL: libmudflap.cth/pass39-frag.c (-O3) (rerun 12) output pattern test
WARNING: program timed out.
FAIL: libmudflap.cth/pass39-frag.c (-O3) (rerun 15) execution test
FAIL: libmudflap.cth/pass39-frag.c (-O3) (rerun 15) output pattern test
WARNING: program timed out.
FAIL: libmudflap.cth/pass39-frag.c (-O3) (rerun 16) execution test
FAIL: libmudflap.cth/pass39-frag.c (-O3) (rerun 16) output pattern test
WARNING: program timed out.
FAIL: libmudflap.cth/pass39-frag.c (-O3) (rerun 17) execution test
FAIL: libmudflap.cth/pass39-frag.c (-O3) (rerun 17) output pattern test
WARNING: program timed out.
FAIL: libmudflap.cth/pass39-frag.c (-O3) (rerun 18) execution test
FAIL: libmudflap.cth/pass39-frag.c (-O3) (rerun 18) output pattern test
WARNING: program timed out.
FAIL: libmudflap.cth/pass39-frag.c (-O3) (rerun 19) execution test
FAIL: libmudflap.cth/pass39-frag.c (-O3) (rerun 19) output pattern test
=== libmudflap Summary ===
# of expected passes 1576
# of unexpected failures 250
=== libstdc++ tests ===
Running target unix
FAIL: abi_check
FAIL: 17_intro/no_assert_neg.cc (test for excess errors)
FAIL: 20_util/memory/auto_ptr/assign_neg.cc (test for excess errors)
FAIL: 23_containers/list/23781.cc (test for excess errors)
FAIL: 23_containers/map/23781.cc (test for excess errors)
FAIL: 23_containers/map/operators/1_neg.cc (test for excess errors)
FAIL: 23_containers/multimap/23781.cc (test for excess errors)
FAIL: 23_containers/multiset/23781.cc (test for excess errors)
FAIL: 23_containers/set/23781.cc (test for excess errors)
FAIL: 23_containers/set/operators/1_neg.cc (test for excess errors)
FAIL: 27_io/ios_base/cons/assign_neg.cc (test for excess errors)
FAIL: 27_io/ios_base/cons/copy_neg.cc (test for excess errors)
FAIL: ext/pb_ds/example/hash_find_neg.cc (test for excess errors)
FAIL: ext/slist/23781.cc (test for excess errors)
FAIL: ext/type_traits/add_unsigned_integer_neg.cc (test for excess errors)
FAIL: ext/type_traits/remove_unsigned_integer_neg.cc (test for excess errors)
FAIL: tr1/2_general_utilities/memory/shared_ptr/assign/shared_ptr_neg.cc (test for excess errors)
FAIL: tr1/2_general_utilities/memory/shared_ptr/modifiers/reset_neg.cc (test for excess errors)
FAIL: tr1/2_general_utilities/memory/shared_ptr/modifiers/swap_neg.cc (test for excess errors)
FAIL: tr1/5_numerical_facilities/random/linear_congruential/requirements/non_uint_neg.cc (test for excess errors)
FAIL: tr1/6_containers/unordered/23781.cc (test for excess errors)
FAIL: tr1/6_containers/unordered/types/map_iterator.cc (test for excess errors)
FAIL: tr1/6_containers/unordered/types/multimap_iterator.cc (test for excess errors)
FAIL: tr1/6_containers/unordered/types/multiset_iterator.cc (test for excess errors)
FAIL: tr1/6_containers/unordered/types/set_iterator.cc (test for excess errors)
FAIL: tr1/8_c_compatibility/cmath/functions.cc (test for excess errors)
FAIL: tr1/8_c_compatibility/cmath/overloads.cc (test for excess errors)
=== libstdc++ Summary ===
# of expected passes 3795
# of unexpected failures 27
# of expected failures 16
# of unsupported tests 316
Compiler version: 4.3.0 20061122 (experimental)
Platform: i686-pc-linux-gnu
configure flags: --with-mpfr=/usr/local --prefix=/home/cuiwd/gcc4/ins/ --enable-languages=c,c++,fortran,java,objc