This is the mail archive of the
gcc-testresults@gcc.gnu.org
mailing list for the GCC project.
Results for 4.3.0 20061122 (experimental) testsuite on i686-pc-linux-gnu
- From: fxcoudert at localhost dot localdomain
- To: gcc-testresults at gcc dot gnu dot org
- Date: Wed, 22 Nov 2006 07:54:07 +0100 (CET)
- Subject: Results for 4.3.0 20061122 (experimental) testsuite on i686-pc-linux-gnu
LAST_UPDATED: Wed Nov 22 03:01:34 UTC 2006 (revision 119086)
Native configuration is i686-pc-linux-gnu
=== gcc tests ===
Running target unix
FAIL: gcc.c-torture/execute/mayalias-2.c compilation, -O3 -g (internal compiler error)
UNRESOLVED: gcc.c-torture/execute/mayalias-2.c execution, -O3 -g
FAIL: gcc.c-torture/execute/mayalias-3.c compilation, -O3 -g (internal compiler error)
UNRESOLVED: gcc.c-torture/execute/mayalias-3.c execution, -O3 -g
FAIL: gcc.dg/alias-10.c scan-tree-dump-times Unswitching 1
FAIL: gcc.dg/tree-ssa/loadpre1.c scan-tree-dump-times Eliminated: 1 1
FAIL: gcc.dg/tree-ssa/loadpre14.c scan-tree-dump-times Eliminated: 1 1
FAIL: gcc.dg/tree-ssa/loadpre15.c scan-tree-dump-times Eliminated: 1 1
FAIL: gcc.dg/vect/vect-pow-1.c scan-tree-dump pattern recognized
FAIL: gcc.dg/vect/vect-pow-2.c scan-tree-dump pattern recognized
FAIL: gcc.target/i386/sse-18.c execution test
=== gcc Summary ===
# of expected passes 42239
# of unexpected failures 9
# of expected failures 112
# of unresolved testcases 2
# of untested testcases 28
# of unsupported tests 295
/home/fxcoudert/gfortran_nightbuild/ibin-20061122/gcc/xgcc version 4.3.0 20061122 (experimental)
=== gfortran tests ===
Running target unix
FAIL: gfortran.dg/csqrt_2.f -O0 execution test
FAIL: gfortran.dg/csqrt_2.f -O1 execution test
FAIL: gfortran.dg/csqrt_2.f -O2 execution test
FAIL: gfortran.dg/csqrt_2.f -O3 -fomit-frame-pointer execution test
FAIL: gfortran.dg/csqrt_2.f -O3 -fomit-frame-pointer -funroll-loops execution test
FAIL: gfortran.dg/csqrt_2.f -O3 -fomit-frame-pointer -funroll-all-loops -finline-functions execution test
FAIL: gfortran.dg/csqrt_2.f -O3 -g execution test
FAIL: gfortran.dg/csqrt_2.f -Os execution test
=== gfortran Summary ===
# of expected passes 15323
# of unexpected failures 8
# of expected failures 7
# of unsupported tests 16
/home/fxcoudert/gfortran_nightbuild/ibin-20061122/gcc/testsuite/gfortran/../../gfortran version 4.3.0 20061122 (experimental)
Compiler version: 4.3.0 20061122 (experimental)
Platform: i686-pc-linux-gnu
configure flags: --prefix=/home/fxcoudert/gfortran_nightbuild/irun-20061122 --with-gmp=/home/fxcoudert/gfortran_nightbuild/software --enable-languages=c,fortran