This is the mail archive of the
gcc-testresults@gcc.gnu.org
mailing list for the GCC project.
Results for 4.3.0 20061121 (experimental) testsuite on i686-pc-linux-gnu
- From: Daniel Franke <franke dot daniel at gmail dot com>
- To: gcc-testresults at gcc dot gnu dot org
- Date: Tue, 21 Nov 2006 22:27:21 +0100
- Subject: Results for 4.3.0 20061121 (experimental) testsuite on i686-pc-linux-gnu
Native configuration is i686-pc-linux-gnu
=== gcc tests ===
Running target unix
WARNING: program timed out.
FAIL: gcc.c-torture/compile/20001226-1.c -O0 (test for excess errors)
FAIL: gcc.c-torture/execute/mayalias-2.c compilation, -O3 -g (internal
compiler error)
UNRESOLVED: gcc.c-torture/execute/mayalias-2.c execution, -O3 -g
FAIL: gcc.c-torture/execute/mayalias-3.c compilation, -O3 -g (internal
compiler error)
UNRESOLVED: gcc.c-torture/execute/mayalias-3.c execution, -O3 -g
WARNING: Could not compile gcc.dg/compat/struct-layout-1 generator
FAIL: gcc.dg/alias-10.c scan-tree-dump-times Unswitching 1
FAIL: gcc.dg/tree-ssa/loadpre1.c scan-tree-dump-times Eliminated: 1 1
FAIL: gcc.dg/tree-ssa/loadpre14.c scan-tree-dump-times Eliminated: 1 1
FAIL: gcc.dg/tree-ssa/loadpre15.c scan-tree-dump-times Eliminated: 1 1
FAIL: gcc.dg/vect/pr20122.c scan-tree-dump-times vectorized 1 loops 2
FAIL: gcc.dg/vect/vect-pow-1.c scan-tree-dump pattern recognized
FAIL: gcc.dg/vect/vect-pow-2.c scan-tree-dump pattern recognized
=== gcc Summary ===
# of expected passes 42098
# of unexpected failures 10
# of expected failures 112
# of unresolved testcases 2
# of untested testcases 28
# of unsupported tests 295
/home/daniel/svn-build/gcc-head/gcc/xgcc version 4.3.0 20061121
(experimental)
=== gfortran tests ===
Running target unix
=== gfortran Summary ===
# of expected passes 15325
# of expected failures 7
# of unsupported tests 16
/home/daniel/svn-build/gcc-head/gcc/testsuite/gfortran/../../gfortran version
4.3.0 20061121 (experimental)
Compiler version: 4.3.0 20061121 (experimental)
Platform: i686-pc-linux-gnu
configure
flags: --prefix=/home/daniel/i686-pc-linux-gnu/gcc-svn/ --disable-nls --enable-shared --enable-threads=posix --enable-bootstrap --with-system-zlib --program-suffix=-svn --enable-languages=c,fortran