This is the mail archive of the
gcc-testresults@gcc.gnu.org
mailing list for the GCC project.
Results for 4.3.0 20061120 (experimental) testsuite on powerpc64-suse-linux-gnu
- From: Andreas Schwab <schwab at suse dot de>
- To: gcc-testresults at gcc dot gnu dot org
- Date: Mon, 20 Nov 2006 22:47:33 +0100
- Subject: Results for 4.3.0 20061120 (experimental) testsuite on powerpc64-suse-linux-gnu
LAST_UPDATED: Mon Nov 20 13:29:25 UTC 2006 (revision 119010M)
Native configuration is powerpc64-suse-linux-gnu
=== g++ tests ===
Running target unix/-m32
=== g++ Summary for unix/-m32 ===
# of expected passes 13266
# of expected failures 67
# of unsupported tests 101
Running target unix/-m64
=== g++ Summary for unix/-m64 ===
# of expected passes 13206
# of expected failures 67
# of unsupported tests 115
=== g++ Summary ===
# of expected passes 26472
# of expected failures 134
# of unsupported tests 216
/tmp/cvs/gcc-20061120/Build/gcc/testsuite/g++/../../g++ version 4.3.0 20061120 (experimental)
=== gcc tests ===
Running target unix/-m32
FAIL: gcc.c-torture/execute/mayalias-2.c compilation, -O3 -g (internal compiler error)
UNRESOLVED: gcc.c-torture/execute/mayalias-2.c execution, -O3 -g
FAIL: gcc.c-torture/execute/mayalias-3.c compilation, -O3 -g (internal compiler error)
UNRESOLVED: gcc.c-torture/execute/mayalias-3.c execution, -O3 -g
FAIL: gcc.dg/alias-10.c scan-tree-dump-times Unswitching 1
FAIL: gcc.dg/torture/pr24626-4.c -O1 (internal compiler error)
FAIL: gcc.dg/torture/pr24626-4.c -O1 (test for excess errors)
FAIL: gcc.dg/torture/pr24626-4.c -O2 (internal compiler error)
FAIL: gcc.dg/torture/pr24626-4.c -O2 (test for excess errors)
FAIL: gcc.dg/torture/pr24626-4.c -O3 -fomit-frame-pointer (internal compiler error)
FAIL: gcc.dg/torture/pr24626-4.c -O3 -fomit-frame-pointer (test for excess errors)
FAIL: gcc.dg/torture/pr24626-4.c -O3 -g (internal compiler error)
FAIL: gcc.dg/torture/pr24626-4.c -O3 -g (test for excess errors)
FAIL: gcc.dg/tree-ssa/loadpre1.c scan-tree-dump-times Eliminated: 1 1
FAIL: gcc.dg/tree-ssa/loadpre14.c scan-tree-dump-times Eliminated: 1 1
FAIL: gcc.dg/tree-ssa/loadpre15.c scan-tree-dump-times Eliminated: 1 1
=== gcc Summary for unix/-m32 ===
# of expected passes 42987
# of unexpected failures 14
# of expected failures 111
# of unresolved testcases 2
# of untested testcases 28
# of unsupported tests 389
Running target unix/-m64
FAIL: gcc.c-torture/execute/mayalias-2.c compilation, -O3 -g (internal compiler error)
UNRESOLVED: gcc.c-torture/execute/mayalias-2.c execution, -O3 -g
FAIL: gcc.c-torture/execute/mayalias-3.c compilation, -O3 -g (internal compiler error)
UNRESOLVED: gcc.c-torture/execute/mayalias-3.c execution, -O3 -g
FAIL: gcc.dg/alias-10.c scan-tree-dump-times Unswitching 1
FAIL: gcc.dg/builtin-bswap-4.c execution test
FAIL: gcc.dg/inline-16.c (test for excess errors)
FAIL: gcc.dg/torture/pr24626-4.c -O1 (internal compiler error)
FAIL: gcc.dg/torture/pr24626-4.c -O1 (test for excess errors)
FAIL: gcc.dg/torture/pr24626-4.c -O2 (internal compiler error)
FAIL: gcc.dg/torture/pr24626-4.c -O2 (test for excess errors)
FAIL: gcc.dg/torture/pr24626-4.c -O3 -fomit-frame-pointer (internal compiler error)
FAIL: gcc.dg/torture/pr24626-4.c -O3 -fomit-frame-pointer (test for excess errors)
FAIL: gcc.dg/torture/pr24626-4.c -O3 -g (internal compiler error)
FAIL: gcc.dg/torture/pr24626-4.c -O3 -g (test for excess errors)
FAIL: gcc.dg/tree-ssa/loadpre1.c scan-tree-dump-times Eliminated: 1 1
FAIL: gcc.dg/tree-ssa/loadpre14.c scan-tree-dump-times Eliminated: 1 1
FAIL: gcc.dg/tree-ssa/loadpre15.c scan-tree-dump-times Eliminated: 1 1
XPASS: gcc.dg/tree-ssa/sra-2.c scan-tree-dump-times link_error 0
FAIL: gcc.target/powerpc/ppc-negeq0-1.c scan-assembler-not cntlzw
=== gcc Summary for unix/-m64 ===
# of expected passes 42809
# of unexpected failures 17
# of unexpected successes 1
# of expected failures 111
# of unresolved testcases 2
# of untested testcases 28
# of unsupported tests 466
=== gcc Summary ===
# of expected passes 85796
# of unexpected failures 31
# of unexpected successes 1
# of expected failures 222
# of unresolved testcases 4
# of untested testcases 56
# of unsupported tests 855
/tmp/cvs/gcc-20061120/Build/gcc/xgcc version 4.3.0 20061120 (experimental)
=== gfortran tests ===
Running target unix/-m32
FAIL: gfortran.dg/large_real_kind_form_io_2.f90 -O0 execution test
FAIL: gfortran.dg/large_real_kind_form_io_2.f90 -O1 execution test
FAIL: gfortran.dg/large_real_kind_form_io_2.f90 -O2 execution test
FAIL: gfortran.dg/large_real_kind_form_io_2.f90 -O3 -fomit-frame-pointer execution test
FAIL: gfortran.dg/large_real_kind_form_io_2.f90 -O3 -fomit-frame-pointer -funroll-loops execution test
FAIL: gfortran.dg/large_real_kind_form_io_2.f90 -O3 -fomit-frame-pointer -funroll-all-loops -finline-functions execution test
FAIL: gfortran.dg/large_real_kind_form_io_2.f90 -O3 -g execution test
FAIL: gfortran.dg/large_real_kind_form_io_2.f90 -Os execution test
FAIL: gfortran.dg/vect/pr19049.f90 -O (test for excess errors)
FAIL: gfortran.dg/vect/vect-1.f90 -O (test for excess errors)
FAIL: gfortran.dg/vect/vect-2.f90 -O (internal compiler error)
FAIL: gfortran.dg/vect/vect-2.f90 -O (test for excess errors)
FAIL: gfortran.dg/vect/vect-2.f90 -O scan-tree-dump-times vectorized 3 loops 1
FAIL: gfortran.dg/vect/vect-3.f90 -O (internal compiler error)
FAIL: gfortran.dg/vect/vect-3.f90 -O (test for excess errors)
FAIL: gfortran.dg/vect/vect-4.f90 -O (internal compiler error)
FAIL: gfortran.dg/vect/vect-4.f90 -O (test for excess errors)
FAIL: gfortran.dg/vect/vect-4.f90 -O scan-tree-dump-times vectorized 1 loops 1
FAIL: gfortran.dg/vect/vect-5.f90 -O (internal compiler error)
FAIL: gfortran.dg/vect/vect-5.f90 -O (test for excess errors)
WARNING: gfortran.dg/vect/vect-5.f90 -O compilation failed to produce executable
FAIL: gfortran.dg/vect/vect-5.f90 -O scan-tree-dump-times vectorized 2 loops 1
FAIL: gfortran.dg/vect/vect-5.f90 -O scan-tree-dump-times Alignment of access forced using peeling 1
FAIL: gfortran.dg/vect/vect-5.f90 -O scan-tree-dump-times Vectorizing an unaligned access 2
=== gfortran Summary for unix/-m32 ===
# of expected passes 15245
# of unexpected failures 23
# of expected failures 7
# of unsupported tests 35
Running target unix/-m64
FAIL: gfortran.dg/large_real_kind_form_io_2.f90 -O0 execution test
FAIL: gfortran.dg/large_real_kind_form_io_2.f90 -O1 execution test
FAIL: gfortran.dg/large_real_kind_form_io_2.f90 -O2 execution test
FAIL: gfortran.dg/large_real_kind_form_io_2.f90 -O3 -fomit-frame-pointer execution test
FAIL: gfortran.dg/large_real_kind_form_io_2.f90 -O3 -fomit-frame-pointer -funroll-loops execution test
FAIL: gfortran.dg/large_real_kind_form_io_2.f90 -O3 -fomit-frame-pointer -funroll-all-loops -finline-functions execution test
FAIL: gfortran.dg/large_real_kind_form_io_2.f90 -O3 -g execution test
FAIL: gfortran.dg/large_real_kind_form_io_2.f90 -Os execution test
FAIL: gfortran.dg/vect/pr19049.f90 -O (test for excess errors)
FAIL: gfortran.dg/vect/vect-1.f90 -O (test for excess errors)
FAIL: gfortran.dg/vect/vect-2.f90 -O (internal compiler error)
FAIL: gfortran.dg/vect/vect-2.f90 -O (test for excess errors)
FAIL: gfortran.dg/vect/vect-2.f90 -O scan-tree-dump-times vectorized 3 loops 1
FAIL: gfortran.dg/vect/vect-3.f90 -O (internal compiler error)
FAIL: gfortran.dg/vect/vect-3.f90 -O (test for excess errors)
FAIL: gfortran.dg/vect/vect-4.f90 -O (internal compiler error)
FAIL: gfortran.dg/vect/vect-4.f90 -O (test for excess errors)
FAIL: gfortran.dg/vect/vect-4.f90 -O scan-tree-dump-times vectorized 1 loops 1
FAIL: gfortran.dg/vect/vect-5.f90 -O (internal compiler error)
FAIL: gfortran.dg/vect/vect-5.f90 -O (test for excess errors)
WARNING: gfortran.dg/vect/vect-5.f90 -O compilation failed to produce executable
FAIL: gfortran.dg/vect/vect-5.f90 -O scan-tree-dump-times vectorized 2 loops 1
FAIL: gfortran.dg/vect/vect-5.f90 -O scan-tree-dump-times Alignment of access forced using peeling 1
FAIL: gfortran.dg/vect/vect-5.f90 -O scan-tree-dump-times Vectorizing an unaligned access 2
=== gfortran Summary for unix/-m64 ===
# of expected passes 15277
# of unexpected failures 23
# of expected failures 7
# of unsupported tests 19
=== gfortran Summary ===
# of expected passes 30522
# of unexpected failures 46
# of expected failures 14
# of unsupported tests 54
/tmp/cvs/gcc-20061120/Build/gcc/testsuite/gfortran/../../gfortran version 4.3.0 20061120 (experimental)
=== gnat tests ===
Running target unix/-m32
=== gnat Summary for unix/-m32 ===
# of expected passes 114
Running target unix/-m64
FAIL: gnat.dg/abstract_with_anonymous_result.adb (test for excess errors)
WARNING: gnat.dg/abstract_with_anonymous_result.adb compilation failed to produce executable
FAIL: gnat.dg/address_conversion.adb (test for excess errors)
WARNING: gnat.dg/address_conversion.adb compilation failed to produce executable
FAIL: gnat.dg/align_check.adb (test for excess errors)
WARNING: gnat.dg/align_check.adb compilation failed to produce executable
FAIL: gnat.dg/alignment1.adb (test for excess errors)
WARNING: gnat.dg/alignment1.adb compilation failed to produce executable
FAIL: gnat.dg/biased_uc.adb (test for excess errors)
WARNING: gnat.dg/biased_uc.adb compilation failed to produce executable
FAIL: gnat.dg/capture_value.adb (test for excess errors)
WARNING: gnat.dg/capture_value.adb compilation failed to produce executable
FAIL: gnat.dg/conv_real.adb (test for excess errors)
WARNING: gnat.dg/conv_real.adb compilation failed to produce executable
FAIL: gnat.dg/curr_task.adb (test for excess errors)
WARNING: gnat.dg/curr_task.adb compilation failed to produce executable
FAIL: gnat.dg/dispatch1.adb (test for excess errors)
WARNING: gnat.dg/dispatch1.adb compilation failed to produce executable
FAIL: gnat.dg/frame_overflow.adb (test for errors, line 12)
FAIL: gnat.dg/frame_overflow.adb (test for errors, line 21)
FAIL: gnat.dg/generic_dispatch.adb (test for excess errors)
WARNING: gnat.dg/generic_dispatch.adb compilation failed to produce executable
FAIL: gnat.dg/gnat_malloc.adb (test for excess errors)
WARNING: gnat.dg/gnat_malloc.adb compilation failed to produce executable
FAIL: gnat.dg/in_out_parameter.adb (test for excess errors)
WARNING: gnat.dg/in_out_parameter.adb compilation failed to produce executable
FAIL: gnat.dg/inline_tagged.adb (test for excess errors)
WARNING: gnat.dg/inline_tagged.adb compilation failed to produce executable
FAIL: gnat.dg/interface_conv.adb (test for excess errors)
WARNING: gnat.dg/interface_conv.adb compilation failed to produce executable
FAIL: gnat.dg/kill_value.adb (test for excess errors)
WARNING: gnat.dg/kill_value.adb compilation failed to produce executable
FAIL: gnat.dg/nested_controlled_alloc.adb (test for excess errors)
WARNING: gnat.dg/nested_controlled_alloc.adb compilation failed to produce executable
FAIL: gnat.dg/nested_return_test.adb (test for excess errors)
WARNING: gnat.dg/nested_return_test.adb compilation failed to produce executable
FAIL: gnat.dg/outer_agg_bitfield_constructor.adb (test for excess errors)
WARNING: gnat.dg/outer_agg_bitfield_constructor.adb compilation failed to produce executable
FAIL: gnat.dg/pointer_conversion.adb (test for excess errors)
WARNING: gnat.dg/pointer_conversion.adb compilation failed to produce executable
FAIL: gnat.dg/scalar_mode_agg_compare.adb (test for excess errors)
WARNING: gnat.dg/scalar_mode_agg_compare.adb compilation failed to produce executable
FAIL: gnat.dg/self_aggregate_with_array.adb (test for excess errors)
WARNING: gnat.dg/self_aggregate_with_array.adb compilation failed to produce executable
FAIL: gnat.dg/self_aggregate_with_pointer.adb (test for excess errors)
WARNING: gnat.dg/self_aggregate_with_pointer.adb compilation failed to produce executable
FAIL: gnat.dg/self_aggregate_with_zeros.adb (test for excess errors)
WARNING: gnat.dg/self_aggregate_with_zeros.adb compilation failed to produce executable
FAIL: gnat.dg/spipaterr.adb (test for excess errors)
WARNING: gnat.dg/spipaterr.adb compilation failed to produce executable
FAIL: gnat.dg/string_slice.adb (test for excess errors)
WARNING: gnat.dg/string_slice.adb compilation failed to produce executable
FAIL: gnat.dg/test_bounded.adb (test for excess errors)
WARNING: gnat.dg/test_bounded.adb compilation failed to produce executable
FAIL: gnat.dg/test_image.adb (test for excess errors)
WARNING: gnat.dg/test_image.adb compilation failed to produce executable
FAIL: gnat.dg/test_prio.adb (test for excess errors)
WARNING: gnat.dg/test_prio.adb compilation failed to produce executable
FAIL: gnat.dg/test_self.adb (test for excess errors)
WARNING: gnat.dg/test_self.adb compilation failed to produce executable
FAIL: gnat.dg/test_self_ref.adb (test for excess errors)
WARNING: gnat.dg/test_self_ref.adb compilation failed to produce executable
FAIL: gnat.dg/timing_events.adb (test for excess errors)
WARNING: gnat.dg/timing_events.adb compilation failed to produce executable
FAIL: gnat.dg/wide_test.adb (test for excess errors)
WARNING: gnat.dg/wide_test.adb compilation failed to produce executable
=== gnat Summary for unix/-m64 ===
# of expected passes 48
# of unexpected failures 34
=== gnat Summary ===
# of expected passes 162
# of unexpected failures 34
=== objc tests ===
Running target unix/-m32
=== objc Summary for unix/-m32 ===
# of expected passes 1760
# of expected failures 7
# of unsupported tests 24
Running target unix/-m64
=== objc Summary for unix/-m64 ===
# of expected passes 1760
# of expected failures 7
# of unsupported tests 24
=== objc Summary ===
# of expected passes 3520
# of expected failures 14
# of unsupported tests 48
/tmp/cvs/gcc-20061120/Build/gcc/xgcc version 4.3.0 20061120 (experimental)
=== libffi tests ===
Running target unix/-m32
=== libffi Summary for unix/-m32 ===
# of expected passes 1084
# of unsupported tests 8
Running target unix/-m64
=== libffi Summary for unix/-m64 ===
# of expected passes 1084
# of unsupported tests 8
=== libffi Summary ===
# of expected passes 2168
# of unsupported tests 16
=== libgomp tests ===
Running target unix/-m32
=== libgomp Summary for unix/-m32 ===
# of expected passes 1544
Running target unix/-m64
=== libgomp Summary for unix/-m64 ===
# of expected passes 1544
=== libgomp Summary ===
# of expected passes 3088
=== libjava tests ===
Running target unix/-m32
=== libjava Summary for unix/-m32 ===
# of expected passes 7006
# of expected failures 12
# of untested testcases 8
Running target unix/-m64
FAIL: events output
=== libjava Summary for unix/-m64 ===
# of expected passes 7005
# of unexpected failures 1
# of expected failures 12
# of untested testcases 8
=== libjava Summary ===
# of expected passes 14011
# of unexpected failures 1
# of expected failures 24
# of untested testcases 16
=== libmudflap tests ===
Running target unix/-m32
=== libmudflap Summary for unix/-m32 ===
# of expected passes 1826
Running target unix/-m64
FAIL: libmudflap.c/fail27-frag.c output pattern test
FAIL: libmudflap.c/fail27-frag.c (-static) output pattern test
FAIL: libmudflap.c/fail27-frag.c (-O2) output pattern test
FAIL: libmudflap.c/fail27-frag.c (-O3) output pattern test
FAIL: libmudflap.cth/pass59-frag.c (test for excess errors)
FAIL: libmudflap.cth/pass59-frag.c (-static -DSTATIC) (test for excess errors)
FAIL: libmudflap.cth/pass59-frag.c (-O2) (test for excess errors)
FAIL: libmudflap.cth/pass59-frag.c (-O3) (test for excess errors)
=== libmudflap Summary for unix/-m64 ===
# of expected passes 1818
# of unexpected failures 8
=== libmudflap Summary ===
# of expected passes 3644
# of unexpected failures 8
=== libstdc++ tests ===
Running target unix/-m32
FAIL: abi_check
XPASS: 26_numerics/cmath/c99_classification_macros_c.cc (test for excess errors)
=== libstdc++ Summary for unix/-m32 ===
# of expected passes 4453
# of unexpected failures 1
# of unexpected successes 1
# of expected failures 15
Running target unix/-m64
FAIL: abi_check
XPASS: 26_numerics/cmath/c99_classification_macros_c.cc (test for excess errors)
XPASS: 27_io/fpos/14320-1.cc execution test
FAIL: abi/cxx_runtime_only_linkage.cc (test for excess errors)
=== libstdc++ Summary for unix/-m64 ===
# of expected passes 3820
# of unexpected failures 2
# of unexpected successes 2
# of expected failures 14
# of unsupported tests 316
=== libstdc++ Summary ===
# of expected passes 8273
# of unexpected failures 3
# of unexpected successes 3
# of expected failures 29
# of unsupported tests 316
Compiler version: 4.3.0 20061120 (experimental)
Platform: powerpc64-suse-linux-gnu
configure flags: --prefix=/tmp/cvs/gcc-20061120/Build/root --host=powerpc64-suse-linux --enable-shared --enable-threads --enable-__cxa_atexit --with-system-zlib --with-cpu=default32 --enable-secureplt --with-long-double-128 --enable-languages=c,ada,c++,fortran,java,objc