This is the mail archive of the
gcc-testresults@gcc.gnu.org
mailing list for the GCC project.
Results for 4.3.0 20061117 (experimental) testsuite on i386-apple-darwin8.8.1
- From: fx at pito dot local (FX)
- To: gcc-testresults at gcc dot gnu dot org
- Date: Sat, 18 Nov 2006 08:44:43 +0100 (CET)
- Subject: Results for 4.3.0 20061117 (experimental) testsuite on i386-apple-darwin8.8.1
LAST_UPDATED: Fri Nov 17 21:52:25 UTC 2006 (revision 118945)
Native configuration is i386-apple-darwin8.8.1
=== g++ tests ===
Running target unix
FAIL: tmpdir-g++.dg-struct-layout-1/t026 cp_compat_x_tst.o-cp_compat_y_tst.o execute
FAIL: g++.dg/abi/rtti3.C scan-assembler .weak[ \\t]_?_ZTSPP1A
FAIL: g++.dg/abi/thunk4.C scan-assembler .weak[ \\t]_?_ZThn._N7Derived3FooEv
FAIL: g++.dg/ext/visibility/class1.C scan-assembler InitEv@PLT
FAIL: g++.dg/other/unused1.C scan-assembler (string|ascii?)z?\\t"class2("|\\\\\\\\000)
FAIL: g++.dg/other/unused1.C scan-assembler (string|ascii?)z?\\t"printer("|\\\\\\\\000)
XPASS: g++.dg/tree-ssa/ivopts-1.C scan-tree-dump-not offset: -4B
XPASS: g++.dg/tree-ssa/ivopts-1.C scan-tree-dump-not &x\\[5\\]
FAIL: g++.dg/warn/weak1.C (test for excess errors)
WARNING: g++.dg/warn/weak1.C compilation failed to produce executable
FAIL: g++.dg/special/conpr-3.C execution test
=== g++ Summary ===
# of expected passes 13112
# of unexpected failures 8
# of unexpected successes 2
# of expected failures 67
# of unsupported tests 109
/Users/fxcdrt/gfortran/ibin/gcc/testsuite/g++/../../g++ version 4.3.0 20061117 (experimental)
=== gcc tests ===
Running target unix
FAIL: gcc.c-torture/compile/pr27528.c -O0 (test for excess errors)
FAIL: gcc.c-torture/compile/pr27528.c -O1 (test for excess errors)
FAIL: gcc.c-torture/compile/pr27528.c -O2 (test for excess errors)
FAIL: gcc.c-torture/compile/pr27528.c -O3 -fomit-frame-pointer (test for excess errors)
FAIL: gcc.c-torture/compile/pr27528.c -O3 -g (test for excess errors)
FAIL: gcc.c-torture/compile/pr27528.c -Os (test for excess errors)
FAIL: gcc.dg/alias-10.c scan-tree-dump-times Unswitching 1
FAIL: gcc.dg/builtin-apply4.c execution test
FAIL: gcc.dg/setjmp-3.c (test for excess errors)
FAIL: gcc.dg/setjmp-4.c (test for excess errors)
FAIL: gcc.dg/sibcall-6.c execution test
FAIL: gcc.dg/tree-ssa/gen-vect-11b.c scan-tree-dump-times vectorized 0 loops 1
FAIL: gcc.dg/tree-ssa/gen-vect-11c.c scan-tree-dump-times vectorized 0 loops 1
FAIL: gcc.dg/tree-ssa/loadpre1.c scan-tree-dump-times Eliminated: 1 1
FAIL: gcc.dg/tree-ssa/loadpre14.c scan-tree-dump-times Eliminated: 1 1
FAIL: gcc.dg/tree-ssa/loadpre15.c scan-tree-dump-times Eliminated: 1 1
FAIL: gcc.dg/tree-ssa/loop-3.c scan-tree-dump-times step: 1
FAIL: gcc.target/i386/980211-1.c (test for excess errors)
FAIL: gcc.target/i386/local2.c scan-assembler-not sub[^\\\\n]*sp
FAIL: gcc.target/i386/pr21291.c (test for excess errors)
FAIL: gcc.target/i386/ssefn-1.c scan-assembler-not movsd
FAIL: gcc.target/i386/ssefn-1.c scan-assembler-not mulsd
FAIL: gcc.target/i386/x87regparm-1.c scan-assembler-not \\\\(%esp\\\\)
FAIL: gcc.target/i386/x87regparm-2.c scan-assembler-not \\\\(%esp\\\\)
FAIL: gcc.target/i386/x87regparm-3.c scan-assembler-times \\(%esp\\) 4
FAIL: gcc.target/i386/x87regparm-4.c scan-assembler-not \\\\(%esp\\\\)
=== gcc Summary ===
# of expected passes 41966
# of unexpected failures 26
# of expected failures 111
# of untested testcases 28
# of unsupported tests 390
/Users/fxcdrt/gfortran/ibin/gcc/xgcc version 4.3.0 20061117 (experimental)
=== gfortran tests ===
Running target unix
FAIL: gfortran.dg/char_transpose_1.f90 -O0 execution test
FAIL: gfortran.dg/char_transpose_1.f90 -O1 execution test
FAIL: gfortran.dg/char_transpose_1.f90 -O2 execution test
FAIL: gfortran.dg/char_transpose_1.f90 -O3 -fomit-frame-pointer execution test
FAIL: gfortran.dg/char_transpose_1.f90 -O3 -fomit-frame-pointer -funroll-loops execution test
FAIL: gfortran.dg/char_transpose_1.f90 -O3 -fomit-frame-pointer -funroll-all-loops -finline-functions execution test
FAIL: gfortran.dg/char_transpose_1.f90 -O3 -g execution test
FAIL: gfortran.dg/char_transpose_1.f90 -Os execution test
FAIL: gfortran.dg/matmul_3.f90 -O0 execution test
FAIL: gfortran.dg/matmul_3.f90 -O1 execution test
FAIL: gfortran.dg/matmul_3.f90 -O2 execution test
FAIL: gfortran.dg/matmul_3.f90 -O3 -fomit-frame-pointer execution test
FAIL: gfortran.dg/matmul_3.f90 -O3 -fomit-frame-pointer -funroll-loops execution test
FAIL: gfortran.dg/matmul_3.f90 -O3 -fomit-frame-pointer -funroll-all-loops -finline-functions execution test
FAIL: gfortran.dg/matmul_3.f90 -O3 -g execution test
FAIL: gfortran.dg/matmul_3.f90 -Os execution test
FAIL: gfortran.dg/matmul_4.f90 -O0 execution test
FAIL: gfortran.dg/matmul_4.f90 -O1 execution test
FAIL: gfortran.dg/matmul_4.f90 -O2 execution test
FAIL: gfortran.dg/matmul_4.f90 -O3 -fomit-frame-pointer execution test
FAIL: gfortran.dg/matmul_4.f90 -O3 -fomit-frame-pointer -funroll-loops execution test
FAIL: gfortran.dg/matmul_4.f90 -O3 -fomit-frame-pointer -funroll-all-loops -finline-functions execution test
FAIL: gfortran.dg/matmul_4.f90 -O3 -g execution test
FAIL: gfortran.dg/matmul_4.f90 -Os execution test
FAIL: gfortran.dg/ret_array_1.f90 -O0 execution test
FAIL: gfortran.dg/ret_array_1.f90 -O1 execution test
FAIL: gfortran.dg/ret_array_1.f90 -O2 execution test
FAIL: gfortran.dg/ret_array_1.f90 -O3 -fomit-frame-pointer execution test
FAIL: gfortran.dg/ret_array_1.f90 -O3 -fomit-frame-pointer -funroll-loops execution test
FAIL: gfortran.dg/ret_array_1.f90 -O3 -fomit-frame-pointer -funroll-all-loops -finline-functions execution test
FAIL: gfortran.dg/ret_array_1.f90 -O3 -g execution test
FAIL: gfortran.dg/ret_array_1.f90 -Os execution test
FAIL: gfortran.dg/temporary_1.f90 -O0 execution test
FAIL: gfortran.dg/temporary_1.f90 -O1 execution test
FAIL: gfortran.dg/temporary_1.f90 -O2 execution test
FAIL: gfortran.dg/temporary_1.f90 -O3 -fomit-frame-pointer execution test
FAIL: gfortran.dg/temporary_1.f90 -O3 -fomit-frame-pointer -funroll-loops execution test
FAIL: gfortran.dg/temporary_1.f90 -O3 -fomit-frame-pointer -funroll-all-loops -finline-functions execution test
FAIL: gfortran.dg/temporary_1.f90 -O3 -g execution test
FAIL: gfortran.dg/temporary_1.f90 -Os execution test
=== gfortran Summary ===
# of expected passes 15084
# of unexpected failures 40
# of expected failures 7
# of unsupported tests 46
/Users/fxcdrt/gfortran/ibin/gcc/testsuite/gfortran/../../gfortran version 4.3.0 20061117 (experimental)
=== obj-c++ tests ===
Running target unix
FAIL: obj-c++.dg/gnu-runtime-2.mm (test for excess errors)
FAIL: obj-c++.dg/stubify-1.mm (test for excess errors)
ERROR: obj-c++.dg/stubify-1.mm: error executing dg-final: couldn't open "stubify-1.s": no such file or directory
UNRESOLVED: obj-c++.dg/stubify-1.mm: error executing dg-final: couldn't open "stubify-1.s": no such file or directory
FAIL: obj-c++.dg/stubify-2.mm (test for excess errors)
ERROR: obj-c++.dg/stubify-2.mm: error executing dg-final: couldn't open "stubify-2.mm.08.jump": no such file or directory
UNRESOLVED: obj-c++.dg/stubify-2.mm: error executing dg-final: couldn't open "stubify-2.mm.08.jump": no such file or directory
=== obj-c++ Summary ===
# of expected passes 460
# of unexpected failures 3
# of unresolved testcases 2
/Users/fxcdrt/gfortran/ibin/gcc/testsuite/obj-c++/../../g++ version 4.3.0 20061117 (experimental)
=== objc tests ===
Running target unix
FAIL: objc.dg/stret-2.m scan-assembler objc_msgSend_stret
FAIL: objc.dg/stret-2.m scan-assembler-not objc_msgSend[^_S]
FAIL: objc.dg/stret-2.m scan-assembler-not objc_msgSendSuper[^_]
FAIL: objc.dg/stubify-1.m (test for excess errors)
ERROR: objc.dg/stubify-1.m: error executing dg-final: couldn't open "stubify-1.s": no such file or directory
UNRESOLVED: objc.dg/stubify-1.m: error executing dg-final: couldn't open "stubify-1.s": no such file or directory
FAIL: objc.dg/stubify-2.m (test for excess errors)
ERROR: objc.dg/stubify-2.m: error executing dg-final: no files matched glob pattern "stubify-2.m.[0-9][0-9][0-9]r.jump"
UNRESOLVED: objc.dg/stubify-2.m: error executing dg-final: no files matched glob pattern "stubify-2.m.[0-9][0-9][0-9]r.jump"
FAIL: objc.dg/symtab-1.m scan-assembler L_OBJC_SYMBOLS.*:\\n\\t.long\\t0\\n\\t.long\\t0\\n\\t.short\\t2\\n\\t.short\\t0\\n\\t.long\\tL_OBJC_CLASS_Derived.*\\n\\t.long\\tL_OBJC_CLASS_Base.*\\n
=== objc Summary ===
# of expected passes 2974
# of unexpected failures 6
# of expected failures 7
# of unresolved testcases 2
# of unsupported tests 2
/Users/fxcdrt/gfortran/ibin/gcc/xgcc version 4.3.0 20061117 (experimental)
Compiler version: 4.3.0 20061117 (experimental)
Platform: i386-apple-darwin8.8.1
configure flags: --prefix=/usr/local --with-gmp=/Users/fxcdrt/local --enable-languages=c,c++,fortran,objc,obj-c++