This is the mail archive of the gcc-testresults@gcc.gnu.org mailing list for the GCC project.
Index Nav: | [Date Index] [Subject Index] [Author Index] [Thread Index] | |
---|---|---|
Message Nav: | [Date Prev] [Date Next] | [Thread Prev] [Thread Next] |
Other format: | [Raw text] |
LAST_UPDATED: Wed Nov 15 12:33:45 UTC 2006 (revision 118854) Native configuration is s390x-ibm-linux-gnu === g++ tests === Running target unix === g++ Summary === # of expected passes 13131 # of expected failures 67 # of unsupported tests 116 /build/gcc-4.3-build/gcc/testsuite/g++/../../g++ version 4.3.0 20061115 (experimental) === gcc tests === Running target unix FAIL: gcc.c-torture/execute/mayalias-2.c compilation, -O3 -g (internal compiler error) UNRESOLVED: gcc.c-torture/execute/mayalias-2.c execution, -O3 -g FAIL: gcc.c-torture/execute/mayalias-3.c compilation, -O3 -g (internal compiler error) UNRESOLVED: gcc.c-torture/execute/mayalias-3.c execution, -O3 -g XPASS: gcc.dg/cpp/cmdlne-dI-M.c scan-file (^|\\\\n)cmdlne-dI-M.*:[^\\\\n]*cmdlne-dI-M.c XPASS: gcc.dg/cpp/cmdlne-dM-M.c scan-file (^|\\\\n)cmdlne-dM-M[^\\\\n]*:[^\\\\n]*cmdlne-dM-M.c FAIL: gcc.dg/alias-10.c scan-tree-dump-times Unswitching 1 FAIL: gcc.dg/builtin-bswap-4.c execution test FAIL: gcc.dg/inline-16.c (test for excess errors) FAIL: gcc.dg/torture/builtin-sin-mpfr-1.c -O0 (test for excess errors) FAIL: gcc.dg/torture/builtin-sin-mpfr-1.c -O1 (test for excess errors) FAIL: gcc.dg/torture/builtin-sin-mpfr-1.c -O2 (test for excess errors) FAIL: gcc.dg/torture/builtin-sin-mpfr-1.c -O3 -fomit-frame-pointer (test for excess errors) FAIL: gcc.dg/torture/builtin-sin-mpfr-1.c -O3 -fomit-frame-pointer -funroll-loops (test for excess errors) FAIL: gcc.dg/torture/builtin-sin-mpfr-1.c -O3 -fomit-frame-pointer -funroll-all-loops -finline-functions (test for excess errors) FAIL: gcc.dg/torture/builtin-sin-mpfr-1.c -O3 -g (test for excess errors) FAIL: gcc.dg/torture/builtin-sin-mpfr-1.c -Os (test for excess errors) XPASS: gcc.dg/tree-ssa/20040204-1.c scan-tree-dump-times link_error 0 FAIL: gcc.dg/tree-ssa/loadpre1.c scan-tree-dump-times Eliminated: 1 1 FAIL: gcc.dg/tree-ssa/loadpre14.c scan-tree-dump-times Eliminated: 1 1 FAIL: gcc.dg/tree-ssa/loadpre15.c scan-tree-dump-times Eliminated: 1 1 XPASS: gcc.dg/tree-ssa/sra-2.c scan-tree-dump-times link_error 0 === gcc Summary === # of expected passes 40802 # of unexpected failures 16 # of unexpected successes 4 # of expected failures 76 # of unresolved testcases 2 # of untested testcases 28 # of unsupported tests 352 /build/gcc-4.3-build/gcc/xgcc version 4.3.0 20061115 (experimental) === gfortran tests === Running target unix === gfortran Summary === # of expected passes 15151 # of expected failures 6 # of unsupported tests 19 /build/gcc-4.3-build/gcc/testsuite/gfortran/../../gfortran version 4.3.0 20061115 (experimental) === objc tests === Running target unix === objc Summary === # of expected passes 1760 # of expected failures 7 # of unsupported tests 24 /build/gcc-4.3-build/gcc/xgcc version 4.3.0 20061115 (experimental) === libffi tests === Running target unix FAIL: libffi.call/float.c -O0 -W -Wall execution test FAIL: libffi.call/float2.c -O0 -W -Wall execution test FAIL: libffi.call/float.c -O2 execution test FAIL: libffi.call/float2.c -O2 execution test FAIL: libffi.call/float3.c -O2 execution test FAIL: libffi.call/float.c -O3 execution test FAIL: libffi.call/float2.c -O3 execution test FAIL: libffi.call/float.c -Os execution test FAIL: libffi.call/float2.c -Os execution test === libffi Summary === # of expected passes 1075 # of unexpected failures 9 # of unsupported tests 8 === libgomp tests === Running target unix === libgomp Summary === # of expected passes 1544 === libjava tests === Running target unix FAIL: events output === libjava Summary === # of expected passes 7005 # of unexpected failures 1 # of expected failures 12 # of untested testcases 8 === libmudflap tests === Running target unix FAIL: libmudflap.cth/pass59-frag.c (test for excess errors) FAIL: libmudflap.cth/pass59-frag.c (-static -DSTATIC) (test for excess errors) FAIL: libmudflap.cth/pass59-frag.c (-O2) (test for excess errors) FAIL: libmudflap.cth/pass59-frag.c (-O3) (test for excess errors) === libmudflap Summary === # of expected passes 1822 # of unexpected failures 4 === libstdc++ tests === Running target unix XPASS: 26_numerics/cmath/c99_classification_macros_c.cc (test for excess errors) XPASS: 27_io/fpos/14320-1.cc execution test === libstdc++ Summary === # of expected passes 4454 # of unexpected successes 2 # of expected failures 14 Compiler version: 4.3.0 20061115 (experimental) Platform: s390x-ibm-linux-gnu configure flags: --prefix=/build/gcc-4.3-install --enable-shared --with-system-zlib --enable-threads=posix --enable-__cxa_atexit --enable-checking --with-mpfr=/usr/local/ --program-suffix=-4.3.0 --enable-languages=c,c++,fortran,java,objc
Index Nav: | [Date Index] [Subject Index] [Author Index] [Thread Index] | |
---|---|---|
Message Nav: | [Date Prev] [Date Next] | [Thread Prev] [Thread Next] |