This is the mail archive of the
gcc-testresults@gcc.gnu.org
mailing list for the GCC project.
Results for 4.3.0 20061115 (experimental) testsuite on x86_64-redhat-linux-gnu
- From: Grigory Zagorodnev <grigory_zagorodnev at linux dot intel dot com>
- To: gcc-testresults at gcc dot gnu dot org
- Date: Thu, 16 Nov 2006 00:07:43 +0300
- Subject: Results for 4.3.0 20061115 (experimental) testsuite on x86_64-redhat-linux-gnu
LAST_UPDATED: Wed Nov 15 17:23:48 UTC 2006 (revision 118860)
Native configuration is x86_64-redhat-linux-gnu
=== g++ tests ===
Running target unix
XPASS: g++.dg/tree-ssa/ivopts-1.C scan-tree-dump-not &x\[5\]
=== g++ Summary ===
# of expected passes 13160
# of unexpected successes 1
# of expected failures 68
# of unsupported tests 103
/home/testbot/bootstrap/007259/bld/gcc/testsuite/g++/../../g++ version 4.3.0 20061115 (experimental)
=== gcc tests ===
Running target unix
FAIL: gcc.c-torture/execute/mayalias-2.c compilation, -O3 -g (internal compiler error)
UNRESOLVED: gcc.c-torture/execute/mayalias-2.c execution, -O3 -g
FAIL: gcc.c-torture/execute/mayalias-3.c compilation, -O3 -g (internal compiler error)
UNRESOLVED: gcc.c-torture/execute/mayalias-3.c execution, -O3 -g
FAIL: gcc.dg/alias-10.c scan-tree-dump-times Unswitching 1
FAIL: gcc.dg/inline-16.c (test for excess errors)
WARNING: gcc.dg/torture/fp-int-convert-float128-timode.c -O0 compilation failed to produce executable
WARNING: gcc.dg/torture/fp-int-convert-float128-timode.c -O1 compilation failed to produce executable
WARNING: gcc.dg/torture/fp-int-convert-float128-timode.c -O2 compilation failed to produce executable
WARNING: gcc.dg/torture/fp-int-convert-float128-timode.c -O3 -fomit-frame-pointer compilation failed to produce executable
WARNING: gcc.dg/torture/fp-int-convert-float128-timode.c -O3 -g compilation failed to produce executable
WARNING: gcc.dg/torture/fp-int-convert-float128-timode.c -Os compilation failed to produce executable
WARNING: gcc.dg/torture/fp-int-convert-float128.c -O0 compilation failed to produce executable
WARNING: gcc.dg/torture/fp-int-convert-float128.c -O1 compilation failed to produce executable
WARNING: gcc.dg/torture/fp-int-convert-float128.c -O2 compilation failed to produce executable
WARNING: gcc.dg/torture/fp-int-convert-float128.c -O3 -fomit-frame-pointer compilation failed to produce executable
WARNING: gcc.dg/torture/fp-int-convert-float128.c -O3 -g compilation failed to produce executable
WARNING: gcc.dg/torture/fp-int-convert-float128.c -Os compilation failed to produce executable
FAIL: gcc.dg/tree-ssa/loadpre1.c scan-tree-dump-times Eliminated: 1 1
FAIL: gcc.dg/tree-ssa/loadpre14.c scan-tree-dump-times Eliminated: 1 1
FAIL: gcc.dg/tree-ssa/loadpre15.c scan-tree-dump-times Eliminated: 1 1
=== gcc Summary ===
# of expected passes 42042
# of unexpected failures 7
# of expected failures 123
# of unresolved testcases 2
# of untested testcases 28
# of unsupported tests 402
/home/testbot/bootstrap/007259/bld/gcc/xgcc version 4.3.0 20061115 (experimental)
=== gfortran tests ===
Running target unix
FAIL: gfortran.dg/csqrt_2.f -O0 execution test
FAIL: gfortran.dg/csqrt_2.f -O1 execution test
FAIL: gfortran.dg/csqrt_2.f -O2 execution test
FAIL: gfortran.dg/csqrt_2.f -O3 -fomit-frame-pointer execution test
FAIL: gfortran.dg/csqrt_2.f -O3 -fomit-frame-pointer -funroll-loops execution test
FAIL: gfortran.dg/csqrt_2.f -O3 -fomit-frame-pointer -funroll-all-loops -finline-functions execution test
FAIL: gfortran.dg/csqrt_2.f -O3 -g execution test
FAIL: gfortran.dg/csqrt_2.f -Os execution test
FAIL: gfortran.dg/import3.f90 -O (test for errors, line 27)
FAIL: gfortran.dg/import3.f90 -O (test for excess errors)
=== gfortran Summary ===
# of expected passes 15205
# of unexpected failures 10
# of expected failures 7
# of unsupported tests 17
/home/testbot/bootstrap/007259/bld/gcc/testsuite/gfortran/../../gfortran version 4.3.0 20061115 (experimental)
=== objc tests ===
Running target unix
=== objc Summary ===
# of expected passes 1760
# of expected failures 7
# of unsupported tests 24
/home/testbot/bootstrap/007259/bld/gcc/xgcc version 4.3.0 20061115 (experimental)
=== libffi tests ===
Running target unix
=== libffi Summary ===
# of expected passes 1084
# of unsupported tests 8
=== libgomp tests ===
Running target unix
FAIL: libgomp.c/atomic-2.c (test for excess errors)
WARNING: libgomp.c/atomic-2.c compilation failed to produce executable
FAIL: libgomp.c/critical-1.c execution test
FAIL: libgomp.fortran/pr29629.f90 -O0 execution test
=== libgomp Summary ===
# of expected passes 1540
# of unexpected failures 3
=== libjava tests ===
Running target unix
FAIL: /home/testbot/bootstrap/007259/src/libjava/testsuite/libjava.jar/simple.jar execution - gij test
FAIL: PR28178 execution - gij test
FAIL: jniutf execution - gij test
FAIL: simple_int execution - gij test
FAIL: geterrorname run
FAIL: ArrayStore2 execution - gij test
FAIL: ExtraClassLoader -findirect-dispatch execution - bytecode->native test
FAIL: FileHandleGcTest execution - gij test
FAIL: FileHandleGcTest execution - gij test
FAIL: InvokeReturn execution - gij test
FAIL: Invoke_2 execution - gij test
FAIL: KeepInline execution - gij test
FAIL: MathBuiltin execution - gij test
FAIL: N19990310_02 execution - gij test
FAIL: PR12350 execution - gij test
FAIL: PR12915 execution - gij test
FAIL: PR160 execution - gij test
FAIL: PR19921 execution - gij test
FAIL: PR3731 execution - gij test
FAIL: Process_1 execution - gij test
FAIL: Process_2 execution - gij test
FAIL: Process_3 execution - gij test
FAIL: Process_3 execution - gij test
FAIL: Process_3 -O3 execution - bytecode->native test
FAIL: Process_6 execution - gij test
FAIL: RH194522 execution - gij test
FAIL: Serialization execution - gij test
FAIL: StringBuffer_1 execution - gij test
FAIL: StringBuffer_1 -O3 -findirect-dispatch execution - bytecode->native test
FAIL: SyncTest -O3 execution - bytecode->native test
FAIL: anonarray execution - gij test
FAIL: anonarray2 execution - gij test
FAIL: assign2 execution - gij test
FAIL: err11 -findirect-dispatch execution - bytecode->native test
FAIL: err14 execution - gij test
FAIL: err7 execution - gij test
FAIL: indirect execution - gij test
FAIL: indirect_read execution - gij test
FAIL: indirect_read -O3 -findirect-dispatch execution - bytecode->native test
FAIL: indirect_write execution - gij test
FAIL: inner_interface execution - gij test
FAIL: invokethrow execution - gij test
FAIL: klass execution - gij test
FAIL: pr13107_2 execution - bytecode->native test
FAIL: pr13107_3 execution - gij test
FAIL: pr25676 execution - gij test
FAIL: pr27171 -O3 -findirect-dispatch execution - bytecode->native test
FAIL: stacktrace -O3 execution - source compiled test
FAIL: tp execution - gij test
=== libjava Summary ===
# of expected passes 6909
# of unexpected failures 49
# of expected failures 12
# of untested testcases 57
=== libmudflap tests ===
Running target unix
FAIL: libmudflap.cth/pass59-frag.c (test for excess errors)
FAIL: libmudflap.cth/pass59-frag.c (-static -DSTATIC) (test for excess errors)
FAIL: libmudflap.cth/pass59-frag.c (-O2) (test for excess errors)
FAIL: libmudflap.cth/pass59-frag.c (-O3) (test for excess errors)
=== libmudflap Summary ===
# of expected passes 1822
# of unexpected failures 4
=== libstdc++ tests ===
Running target unix
XPASS: 26_numerics/cmath/c99_classification_macros_c.cc (test for excess errors)
XPASS: 27_io/fpos/14320-1.cc execution test
=== libstdc++ Summary ===
# of expected passes 4454
# of unexpected successes 2
# of expected failures 14
Compiler version: 4.3.0 20061115 (experimental)
Platform: x86_64-redhat-linux-gnu
configure flags: --prefix=/home/testbot/bootstrap/007259/usr --program-suffix=-43 -enable-shared --enable-threads=posix --enable-checking --with-system-zlib --enable-__cxa_atexit --host=x86_64-redhat-linux --enable-languages=c,c++,fortran,java,objc