This is the mail archive of the
gcc-testresults@gcc.gnu.org
mailing list for the GCC project.
Results for 4.3.0 20061114 (experimental) testsuite on x86_64-redhat-linux-gnu
- From: Grigory Zagorodnev <grigory_zagorodnev at linux dot intel dot com>
- To: gcc-testresults at gcc dot gnu dot org
- Date: Wed, 15 Nov 2006 00:06:36 +0300
- Subject: Results for 4.3.0 20061114 (experimental) testsuite on x86_64-redhat-linux-gnu
LAST_UPDATED: Tue Nov 14 17:24:41 UTC 2006 (revision 118816)
Native configuration is x86_64-redhat-linux-gnu
=== g++ tests ===
Running target unix
XPASS: g++.dg/tree-ssa/ivopts-1.C scan-tree-dump-not &x\[5\]
=== g++ Summary ===
# of expected passes 13158
# of unexpected successes 1
# of expected failures 68
# of unsupported tests 102
/home/testbot/bootstrap/007204/bld/gcc/testsuite/g++/../../g++ version 4.3.0 20061114 (experimental)
=== gcc tests ===
Running target unix
FAIL: gcc.c-torture/execute/mayalias-2.c compilation, -O3 -g (internal compiler error)
UNRESOLVED: gcc.c-torture/execute/mayalias-2.c execution, -O3 -g
FAIL: gcc.c-torture/execute/mayalias-3.c compilation, -O3 -g (internal compiler error)
UNRESOLVED: gcc.c-torture/execute/mayalias-3.c execution, -O3 -g
FAIL: gcc.dg/alias-10.c scan-tree-dump-times Unswitching 1
FAIL: gcc.dg/inline-16.c (test for excess errors)
WARNING: gcc.dg/torture/fp-int-convert-float128-timode.c -O0 compilation failed to produce executable
WARNING: gcc.dg/torture/fp-int-convert-float128-timode.c -O1 compilation failed to produce executable
WARNING: gcc.dg/torture/fp-int-convert-float128-timode.c -O2 compilation failed to produce executable
WARNING: gcc.dg/torture/fp-int-convert-float128-timode.c -O3 -fomit-frame-pointer compilation failed to produce executable
WARNING: gcc.dg/torture/fp-int-convert-float128-timode.c -O3 -g compilation failed to produce executable
WARNING: gcc.dg/torture/fp-int-convert-float128-timode.c -Os compilation failed to produce executable
WARNING: gcc.dg/torture/fp-int-convert-float128.c -O0 compilation failed to produce executable
WARNING: gcc.dg/torture/fp-int-convert-float128.c -O1 compilation failed to produce executable
WARNING: gcc.dg/torture/fp-int-convert-float128.c -O2 compilation failed to produce executable
WARNING: gcc.dg/torture/fp-int-convert-float128.c -O3 -fomit-frame-pointer compilation failed to produce executable
WARNING: gcc.dg/torture/fp-int-convert-float128.c -O3 -g compilation failed to produce executable
WARNING: gcc.dg/torture/fp-int-convert-float128.c -Os compilation failed to produce executable
FAIL: gcc.dg/tree-ssa/loadpre1.c scan-tree-dump-times Eliminated: 1 1
FAIL: gcc.dg/tree-ssa/loadpre14.c scan-tree-dump-times Eliminated: 1 1
FAIL: gcc.dg/tree-ssa/loadpre15.c scan-tree-dump-times Eliminated: 1 1
=== gcc Summary ===
# of expected passes 42032
# of unexpected failures 7
# of expected failures 123
# of unresolved testcases 2
# of untested testcases 28
# of unsupported tests 394
/home/testbot/bootstrap/007204/bld/gcc/xgcc version 4.3.0 20061114 (experimental)
=== gfortran tests ===
Running target unix
FAIL: gfortran.dg/csqrt_2.f -O0 execution test
FAIL: gfortran.dg/csqrt_2.f -O1 execution test
FAIL: gfortran.dg/csqrt_2.f -O2 execution test
FAIL: gfortran.dg/csqrt_2.f -O3 -fomit-frame-pointer execution test
FAIL: gfortran.dg/csqrt_2.f -O3 -fomit-frame-pointer -funroll-loops execution test
FAIL: gfortran.dg/csqrt_2.f -O3 -fomit-frame-pointer -funroll-all-loops -finline-functions execution test
FAIL: gfortran.dg/csqrt_2.f -O3 -g execution test
FAIL: gfortran.dg/csqrt_2.f -Os execution test
=== gfortran Summary ===
# of expected passes 15149
# of unexpected failures 8
# of expected failures 7
# of unsupported tests 17
/home/testbot/bootstrap/007204/bld/gcc/testsuite/gfortran/../../gfortran version 4.3.0 20061114 (experimental)
=== objc tests ===
Running target unix
=== objc Summary ===
# of expected passes 1760
# of expected failures 7
# of unsupported tests 24
/home/testbot/bootstrap/007204/bld/gcc/xgcc version 4.3.0 20061114 (experimental)
=== libffi tests ===
Running target unix
=== libffi Summary ===
# of expected passes 1084
# of unsupported tests 8
=== libgomp tests ===
Running target unix
FAIL: libgomp.c/atomic-2.c (test for excess errors)
WARNING: libgomp.c/atomic-2.c compilation failed to produce executable
FAIL: libgomp.fortran/pr29629.f90 -O0 execution test
=== libgomp Summary ===
# of expected passes 1541
# of unexpected failures 2
=== libjava tests ===
Running target unix
FAIL: PR28178 execution - gij test
FAIL: cxxtest execution - gij test
FAIL: directbuffer execution - gij test
FAIL: field run
FAIL: martin execution - gij test
FAIL: overload execution - gij test
FAIL: ArrayStore2 execution - gij test
FAIL: Divide_1 execution - bytecode->native test
FAIL: EvaluationOrder execution - gij test
FAIL: FileHandleGcTest execution - gij test
FAIL: FileHandleGcTest -O3 execution - source compiled test
FAIL: FileHandleGcTest execution - gij test
FAIL: G19990303_02 execution - gij test
FAIL: G19990303_02 execution - gij test
FAIL: II execution - gij test
FAIL: InvokeReturn execution - gij test
FAIL: Matrix4f execution - gij test
FAIL: N19990310_3 execution - gij test
FAIL: PR162 execution - gij test
FAIL: PR18699 execution - gij test
FAIL: PR18699 execution - gij test
FAIL: PR242 execution - gij test
FAIL: PR55 execution - gij test
FAIL: PR7482 execution - gij test
FAIL: Process_2 execution - gij test
FAIL: Process_3 execution - gij test
FAIL: Process_4 execution - gij test
FAIL: StringBuffer_1 execution - gij test
FAIL: String_overflow execution - gij test
FAIL: SyncGlobal execution - gij test
FAIL: Thread_HoldsLock execution - gij test
FAIL: anon_ctor_itf_arg execution - gij test
FAIL: bytearray -findirect-dispatch execution - bytecode->native test
FAIL: direct_read execution - gij test
FAIL: err13 execution - gij test
FAIL: err5 -O3 -findirect-dispatch execution - bytecode->native test
FAIL: err6 execution - gij test
FAIL: final_inner execution - bytecode->native test
FAIL: inline -O3 execution - bytecode->native test
FAIL: inline execution - gij test
FAIL: inner_array execution - gij test
FAIL: md5test execution - gij test
FAIL: nested_with_ctor execution - gij test
FAIL: pr109 execution - gij test
FAIL: pr8945 execution - gij test
FAIL: private_direct_read -O3 -findirect-dispatch execution - bytecode->native test
FAIL: shatest execution - gij test
FAIL: shatest execution - gij test
FAIL: test_long execution - gij test
FAIL: utf8concat execution - source compiled test
FAIL: utilTest -findirect-dispatch execution - bytecode->native test
FAIL: /home/testbot/bootstrap/007204/bld/x86_64-redhat-linux/libjava/testsuite/TestMultiple.exe execution - /home/testbot/bootstrap/007204/bld/x86_64-redhat-linux/libjava/testsuite/TestMultiple.exe
=== libjava Summary ===
# of expected passes 6901
# of unexpected failures 52
# of expected failures 12
# of untested testcases 60
=== libmudflap tests ===
Running target unix
FAIL: libmudflap.cth/pass59-frag.c (test for excess errors)
FAIL: libmudflap.cth/pass59-frag.c (-static -DSTATIC) (test for excess errors)
FAIL: libmudflap.cth/pass59-frag.c (-O2) (test for excess errors)
FAIL: libmudflap.cth/pass59-frag.c (-O3) (test for excess errors)
=== libmudflap Summary ===
# of expected passes 1822
# of unexpected failures 4
=== libstdc++ tests ===
Running target unix
XPASS: 26_numerics/cmath/c99_classification_macros_c.cc (test for excess errors)
XPASS: 27_io/fpos/14320-1.cc execution test
=== libstdc++ Summary ===
# of expected passes 4454
# of unexpected successes 2
# of expected failures 14
Compiler version: 4.3.0 20061114 (experimental)
Platform: x86_64-redhat-linux-gnu
configure flags: --prefix=/home/testbot/bootstrap/007204/usr --program-suffix=-43 -enable-shared --enable-threads=posix --enable-checking --with-system-zlib --enable-__cxa_atexit --host=x86_64-redhat-linux --enable-languages=c,c++,fortran,java,objc