This is the mail archive of the
gcc-testresults@gcc.gnu.org
mailing list for the GCC project.
Results for 4.3.0 20061114 (experimental) testsuite on i686-apple-darwin9
- From: Mike Stump <mrs at apple dot com>
- To: gcc-testresults <gcc-testresults at gcc dot gnu dot org>
- Date: Tue, 14 Nov 2006 12:41:47 -0800
- Subject: Results for 4.3.0 20061114 (experimental) testsuite on i686-apple-darwin9
I built on:
ProductName: Mac OS X
ProductVersion: 10.5
BuildVersion: 9A305
aka citroen, no install first so libgomp is bad, but accurate.
LAST_UPDATED: Tue Nov 14 08:03:55 UTC 2006 (revision 118807)
Native configuration is i686-apple-darwin9
=== g++ tests ===
Running target unix
FAIL: tmpdir-g++.dg-struct-layout-1/t026 cp_compat_x_tst.o-
cp_compat_y_tst.o execute
FAIL: g++.dg/abi/rtti3.C scan-assembler .weak[ \\t]_?_ZTSPP1A
FAIL: g++.dg/abi/thunk4.C scan-assembler .weak[ \\t]_?
_ZThn._N7Derived3FooEv
FAIL: g++.dg/ext/visibility/class1.C scan-assembler InitEv@PLT
FAIL: g++.dg/other/unused1.C scan-assembler (string|ascii?)z?\
\t"class2("|\\\\\\\\000)
FAIL: g++.dg/other/unused1.C scan-assembler (string|ascii?)z?\
\t"printer("|\\\\\\\\000)
XPASS: g++.dg/tree-ssa/ivopts-1.C scan-tree-dump-not offset: -4B
XPASS: g++.dg/tree-ssa/ivopts-1.C scan-tree-dump-not &x\\[5\\]
FAIL: g++.dg/warn/weak1.C (test for excess errors)
WARNING: g++.dg/warn/weak1.C compilation failed to produce executable
FAIL: g++.dg/special/conpr-3.C execution test
=== g++ Summary ===
# of expected passes 13104
# of unexpected failures 8
# of unexpected successes 2
# of expected failures 67
# of unsupported tests 109
/Volumes/sandbox/mrs/gcc-darwinO2/gcc/testsuite/g++/../../g++ version
4.3.0 20061114 (experimental)
=== gcc tests ===
Running target unix
FAIL: gcc.c-torture/compile/pr27528.c -O0 (test for excess errors)
FAIL: gcc.c-torture/compile/pr27528.c -O1 (test for excess errors)
FAIL: gcc.c-torture/compile/pr27528.c -O2 (test for excess errors)
FAIL: gcc.c-torture/compile/pr27528.c -O3 -fomit-frame-pointer (test
for excess errors)
FAIL: gcc.c-torture/compile/pr27528.c -O3 -g (test for excess errors)
FAIL: gcc.c-torture/compile/pr27528.c -Os (test for excess errors)
FAIL: gcc.c-torture/execute/mayalias-2.c compilation, -O3 -g
(internal compiler error)
UNRESOLVED: gcc.c-torture/execute/mayalias-2.c execution, -O3 -g
FAIL: gcc.c-torture/execute/mayalias-3.c compilation, -O3 -g
(internal compiler error)
UNRESOLVED: gcc.c-torture/execute/mayalias-3.c execution, -O3 -g
FAIL: gcc.dg/alias-10.c scan-tree-dump-times Unswitching 1
FAIL: gcc.dg/builtin-apply4.c execution test
FAIL: gcc.dg/setjmp-3.c (test for excess errors)
FAIL: gcc.dg/setjmp-4.c (test for excess errors)
FAIL: gcc.dg/sibcall-6.c execution test
FAIL: gcc.dg/torture/builtin-sin-mpfr-1.c -O0 (test for excess errors)
FAIL: gcc.dg/torture/builtin-sin-mpfr-1.c -O1 (test for excess errors)
FAIL: gcc.dg/torture/builtin-sin-mpfr-1.c -O2 (test for excess errors)
FAIL: gcc.dg/torture/builtin-sin-mpfr-1.c -O3 -fomit-frame-pointer
(test for excess errors)
FAIL: gcc.dg/torture/builtin-sin-mpfr-1.c -O3 -fomit-frame-pointer -
funroll-loops (test for excess errors)
FAIL: gcc.dg/torture/builtin-sin-mpfr-1.c -O3 -fomit-frame-pointer -
funroll-all-loops -finline-functions (test for excess errors)
FAIL: gcc.dg/torture/builtin-sin-mpfr-1.c -O3 -g (test for excess
errors)
FAIL: gcc.dg/torture/builtin-sin-mpfr-1.c -Os (test for excess errors)
FAIL: gcc.dg/tree-ssa/gen-vect-11b.c scan-tree-dump-times vectorized 0
loops 1
FAIL: gcc.dg/tree-ssa/gen-vect-11c.c scan-tree-dump-times vectorized 0
loops 1
FAIL: gcc.dg/tree-ssa/loadpre1.c scan-tree-dump-times Eliminated: 1 1
FAIL: gcc.dg/tree-ssa/loadpre14.c scan-tree-dump-times Eliminated: 1 1
FAIL: gcc.dg/tree-ssa/loadpre15.c scan-tree-dump-times Eliminated: 1 1
FAIL: gcc.dg/tree-ssa/loop-3.c scan-tree-dump-times step: 1
FAIL: gcc.target/i386/980211-1.c (test for excess errors)
FAIL: gcc.target/i386/local2.c scan-assembler-not sub[^\\\\n]*sp
FAIL: gcc.target/i386/pr21291.c (test for excess errors)
FAIL: gcc.target/i386/ssefn-1.c scan-assembler-not movsd
FAIL: gcc.target/i386/ssefn-1.c scan-assembler-not mulsd
=== gcc Summary ===
# of expected passes 41888
# of unexpected failures 32
# of expected failures 111
# of unresolved testcases 2
# of untested testcases 28
# of unsupported tests 383
/Volumes/sandbox/mrs/gcc-darwinO2/gcc/xgcc version 4.3.0 20061114
(experimental)
=== gfortran tests ===
Running target unix
FAIL: gfortran.dg/char_transpose_1.f90 -O0 execution test
FAIL: gfortran.dg/char_transpose_1.f90 -O1 execution test
FAIL: gfortran.dg/char_transpose_1.f90 -O2 execution test
FAIL: gfortran.dg/char_transpose_1.f90 -O3 -fomit-frame-pointer
execution test
FAIL: gfortran.dg/char_transpose_1.f90 -O3 -fomit-frame-pointer -
funroll-loops execution test
FAIL: gfortran.dg/char_transpose_1.f90 -O3 -fomit-frame-pointer -
funroll-all-loops -finline-functions execution test
FAIL: gfortran.dg/char_transpose_1.f90 -O3 -g execution test
FAIL: gfortran.dg/char_transpose_1.f90 -Os execution test
FAIL: gfortran.dg/matmul_3.f90 -O0 execution test
FAIL: gfortran.dg/matmul_3.f90 -O1 execution test
FAIL: gfortran.dg/matmul_3.f90 -O2 execution test
FAIL: gfortran.dg/matmul_3.f90 -O3 -fomit-frame-pointer execution test
FAIL: gfortran.dg/matmul_3.f90 -O3 -fomit-frame-pointer -funroll-
loops execution test
FAIL: gfortran.dg/matmul_3.f90 -O3 -fomit-frame-pointer -funroll-all-
loops -finline-functions execution test
FAIL: gfortran.dg/matmul_3.f90 -O3 -g execution test
FAIL: gfortran.dg/matmul_3.f90 -Os execution test
FAIL: gfortran.dg/matmul_4.f90 -O0 execution test
FAIL: gfortran.dg/matmul_4.f90 -O1 execution test
FAIL: gfortran.dg/matmul_4.f90 -O2 execution test
FAIL: gfortran.dg/matmul_4.f90 -O3 -fomit-frame-pointer execution test
FAIL: gfortran.dg/matmul_4.f90 -O3 -fomit-frame-pointer -funroll-
loops execution test
FAIL: gfortran.dg/matmul_4.f90 -O3 -fomit-frame-pointer -funroll-all-
loops -finline-functions execution test
FAIL: gfortran.dg/matmul_4.f90 -O3 -g execution test
FAIL: gfortran.dg/matmul_4.f90 -Os execution test
FAIL: gfortran.dg/ret_array_1.f90 -O0 execution test
FAIL: gfortran.dg/ret_array_1.f90 -O1 execution test
FAIL: gfortran.dg/ret_array_1.f90 -O2 execution test
FAIL: gfortran.dg/ret_array_1.f90 -O3 -fomit-frame-pointer execution
test
FAIL: gfortran.dg/ret_array_1.f90 -O3 -fomit-frame-pointer -funroll-
loops execution test
FAIL: gfortran.dg/ret_array_1.f90 -O3 -fomit-frame-pointer -funroll-
all-loops -finline-functions execution test
FAIL: gfortran.dg/ret_array_1.f90 -O3 -g execution test
FAIL: gfortran.dg/ret_array_1.f90 -Os execution test
FAIL: gfortran.dg/stat_1.f90 -O0 execution test
FAIL: gfortran.dg/stat_1.f90 -O1 execution test
FAIL: gfortran.dg/stat_1.f90 -O2 execution test
FAIL: gfortran.dg/stat_1.f90 -O3 -fomit-frame-pointer execution test
FAIL: gfortran.dg/stat_1.f90 -O3 -fomit-frame-pointer -funroll-loops
execution test
FAIL: gfortran.dg/stat_1.f90 -O3 -fomit-frame-pointer -funroll-all-
loops -finline-functions execution test
FAIL: gfortran.dg/stat_1.f90 -O3 -g execution test
FAIL: gfortran.dg/stat_1.f90 -Os execution test
FAIL: gfortran.dg/stat_2.f90 -O0 execution test
FAIL: gfortran.dg/stat_2.f90 -O1 execution test
FAIL: gfortran.dg/stat_2.f90 -O2 execution test
FAIL: gfortran.dg/stat_2.f90 -O3 -fomit-frame-pointer execution test
FAIL: gfortran.dg/stat_2.f90 -O3 -fomit-frame-pointer -funroll-loops
execution test
FAIL: gfortran.dg/stat_2.f90 -O3 -fomit-frame-pointer -funroll-all-
loops -finline-functions execution test
FAIL: gfortran.dg/stat_2.f90 -O3 -g execution test
FAIL: gfortran.dg/stat_2.f90 -Os execution test
FAIL: gfortran.dg/temporary_1.f90 -O0 execution test
FAIL: gfortran.dg/temporary_1.f90 -O1 execution test
FAIL: gfortran.dg/temporary_1.f90 -O2 execution test
FAIL: gfortran.dg/temporary_1.f90 -O3 -fomit-frame-pointer execution
test
FAIL: gfortran.dg/temporary_1.f90 -O3 -fomit-frame-pointer -funroll-
loops execution test
FAIL: gfortran.dg/temporary_1.f90 -O3 -fomit-frame-pointer -funroll-
all-loops -finline-functions execution test
FAIL: gfortran.dg/temporary_1.f90 -O3 -g execution test
FAIL: gfortran.dg/temporary_1.f90 -Os execution test
=== gfortran Summary ===
# of expected passes 15008
# of unexpected failures 56
# of expected failures 7
# of unsupported tests 38
/Volumes/sandbox/mrs/gcc-darwinO2/gcc/testsuite/gfortran/../../
gfortran version 4.3.0 20061114 (experimental)
=== obj-c++ tests ===
Running target unix
FAIL: obj-c++.dg/gnu-runtime-2.mm (test for excess errors)
FAIL: obj-c++.dg/stubify-1.mm (test for excess errors)
ERROR: obj-c++.dg/stubify-1.mm: error executing dg-final: couldn't
open "stubify-1.s": no such file or directory
UNRESOLVED: obj-c++.dg/stubify-1.mm: error executing dg-final:
couldn't open "stubify-1.s": no such file or directory
FAIL: obj-c++.dg/stubify-2.mm (test for excess errors)
ERROR: obj-c++.dg/stubify-2.mm: error executing dg-final: couldn't
open "stubify-2.mm.08.jump": no such file or directory
UNRESOLVED: obj-c++.dg/stubify-2.mm: error executing dg-final:
couldn't open "stubify-2.mm.08.jump": no such file or directory
=== obj-c++ Summary ===
# of expected passes 460
# of unexpected failures 3
# of unresolved testcases 2
/Volumes/sandbox/mrs/gcc-darwinO2/gcc/testsuite/obj-c++/../../g++
version 4.3.0 20061114 (experimental)
=== objc tests ===
Running target unix
FAIL: objc.dg/no-extra-load.m (test for excess errors)
ERROR: objc.dg/no-extra-load.m: error executing dg-final: couldn't
open "no-extra-load.s": no such file or directory
UNRESOLVED: objc.dg/no-extra-load.m: error executing dg-final:
couldn't open "no-extra-load.s": no such file or directory
FAIL: objc.dg/stret-2.m scan-assembler objc_msgSend_stret
FAIL: objc.dg/stret-2.m scan-assembler-not objc_msgSend[^_S]
FAIL: objc.dg/stret-2.m scan-assembler-not objc_msgSendSuper[^_]
FAIL: objc.dg/stubify-1.m (test for excess errors)
ERROR: objc.dg/stubify-1.m: error executing dg-final: couldn't open
"stubify-1.s": no such file or directory
UNRESOLVED: objc.dg/stubify-1.m: error executing dg-final: couldn't
open "stubify-1.s": no such file or directory
FAIL: objc.dg/stubify-2.m (test for excess errors)
ERROR: objc.dg/stubify-2.m: error executing dg-final: no files matched
glob pattern "stubify-2.m.[0-9][0-9][0-9]r.jump"
UNRESOLVED: objc.dg/stubify-2.m: error executing dg-final: no files
matched glob pattern "stubify-2.m.[0-9][0-9][0-9]r.jump"
FAIL: objc.dg/symtab-1.m scan-assembler L_OBJC_SYMBOLS.*:\\n\\t.long\
\t0\\n\\t.long\\t0\\n\\t.short\\t2\\n\\t.short\\t0\\n\\t.long\
\tL_OBJC_CLASS_Derived.*\\n\\t.long\\tL_OBJC_CLASS_Base.*\\n
=== objc Summary ===
# of expected passes 2972
# of unexpected failures 7
# of expected failures 7
# of unresolved testcases 3
# of unsupported tests 2
/Volumes/sandbox/mrs/gcc-darwinO2/gcc/xgcc version 4.3.0 20061114
(experimental)
=== treelang tests ===
Running target unix
FAIL: treelang/compile/var_defs.tree (test for excess errors)
=== treelang Summary ===
# of expected passes 49
# of unexpected failures 1
=== libgomp tests ===
Running target unix
FAIL: libgomp.c++/ctor-1.C -O0 (test for excess errors)
FAIL: libgomp.c++/ctor-1.C -O1 (test for excess errors)
FAIL: libgomp.c++/ctor-1.C -O2 (test for excess errors)
FAIL: libgomp.c++/ctor-1.C -O3 -fomit-frame-pointer (test for excess
errors)
FAIL: libgomp.c++/ctor-1.C -O3 -fomit-frame-pointer -funroll-loops
(test for excess errors)
FAIL: libgomp.c++/ctor-1.C -O3 -fomit-frame-pointer -funroll-all-
loops -finline-functions (test for excess errors)
FAIL: libgomp.c++/ctor-1.C -O3 -g (test for excess errors)
FAIL: libgomp.c++/ctor-1.C -Os (test for excess errors)
FAIL: libgomp.c++/ctor-2.C -O0 (test for excess errors)
FAIL: libgomp.c++/ctor-2.C -O1 (test for excess errors)
FAIL: libgomp.c++/ctor-2.C -O2 (test for excess errors)
FAIL: libgomp.c++/ctor-2.C -O3 -fomit-frame-pointer (test for excess
errors)
FAIL: libgomp.c++/ctor-2.C -O3 -fomit-frame-pointer -funroll-loops
(test for excess errors)
FAIL: libgomp.c++/ctor-2.C -O3 -fomit-frame-pointer -funroll-all-
loops -finline-functions (test for excess errors)
FAIL: libgomp.c++/ctor-2.C -O3 -g (test for excess errors)
FAIL: libgomp.c++/ctor-2.C -Os (test for excess errors)
FAIL: libgomp.c++/ctor-3.C -O0 (test for excess errors)
FAIL: libgomp.c++/ctor-3.C -O1 (test for excess errors)
FAIL: libgomp.c++/ctor-3.C -O2 (test for excess errors)
FAIL: libgomp.c++/ctor-3.C -O3 -fomit-frame-pointer (test for excess
errors)
FAIL: libgomp.c++/ctor-3.C -O3 -fomit-frame-pointer -funroll-loops
(test for excess errors)
FAIL: libgomp.c++/ctor-3.C -O3 -fomit-frame-pointer -funroll-all-
loops -finline-functions (test for excess errors)
FAIL: libgomp.c++/ctor-3.C -O3 -g (test for excess errors)
FAIL: libgomp.c++/ctor-3.C -Os (test for excess errors)
FAIL: libgomp.c++/ctor-4.C -O0 (test for excess errors)
FAIL: libgomp.c++/ctor-4.C -O1 (test for excess errors)
FAIL: libgomp.c++/ctor-4.C -O2 (test for excess errors)
FAIL: libgomp.c++/ctor-4.C -O3 -fomit-frame-pointer (test for excess
errors)
FAIL: libgomp.c++/ctor-4.C -O3 -fomit-frame-pointer -funroll-loops
(test for excess errors)
FAIL: libgomp.c++/ctor-4.C -O3 -fomit-frame-pointer -funroll-all-
loops -finline-functions (test for excess errors)
FAIL: libgomp.c++/ctor-4.C -O3 -g (test for excess errors)
FAIL: libgomp.c++/ctor-4.C -Os (test for excess errors)
FAIL: libgomp.c++/ctor-6.C -O0 (test for excess errors)
FAIL: libgomp.c++/ctor-6.C -O1 (test for excess errors)
FAIL: libgomp.c++/ctor-6.C -O2 (test for excess errors)
FAIL: libgomp.c++/ctor-6.C -O3 -fomit-frame-pointer (test for excess
errors)
FAIL: libgomp.c++/ctor-6.C -O3 -fomit-frame-pointer -funroll-loops
(test for excess errors)
FAIL: libgomp.c++/ctor-6.C -O3 -fomit-frame-pointer -funroll-all-
loops -finline-functions (test for excess errors)
FAIL: libgomp.c++/ctor-6.C -O3 -g (test for excess errors)
FAIL: libgomp.c++/ctor-6.C -Os (test for excess errors)
FAIL: libgomp.c++/ctor-7.C -O0 (test for excess errors)
FAIL: libgomp.c++/ctor-7.C -O1 (test for excess errors)
FAIL: libgomp.c++/ctor-7.C -O2 (test for excess errors)
FAIL: libgomp.c++/ctor-7.C -O3 -fomit-frame-pointer (test for excess
errors)
FAIL: libgomp.c++/ctor-7.C -O3 -fomit-frame-pointer -funroll-loops
(test for excess errors)
FAIL: libgomp.c++/ctor-7.C -O3 -fomit-frame-pointer -funroll-all-
loops -finline-functions (test for excess errors)
FAIL: libgomp.c++/ctor-7.C -O3 -g (test for excess errors)
FAIL: libgomp.c++/ctor-7.C -Os (test for excess errors)
FAIL: libgomp.c++/loop-1.C -O (test for excess errors)
FAIL: libgomp.c++/loop-2.C -O (test for excess errors)
FAIL: libgomp.c++/loop-3.C -O (test for excess errors)
FAIL: libgomp.c++/loop-4.C -O (test for excess errors)
FAIL: libgomp.c++/loop-5.C -O (test for excess errors)
FAIL: libgomp.c++/loop-6.C -O0 (test for excess errors)
FAIL: libgomp.c++/loop-6.C -O1 (test for excess errors)
FAIL: libgomp.c++/loop-6.C -O2 (test for excess errors)
FAIL: libgomp.c++/loop-6.C -O3 -fomit-frame-pointer (test for excess
errors)
FAIL: libgomp.c++/loop-6.C -O3 -fomit-frame-pointer -funroll-loops
(test for excess errors)
FAIL: libgomp.c++/loop-6.C -O3 -fomit-frame-pointer -funroll-all-
loops -finline-functions (test for excess errors)
FAIL: libgomp.c++/loop-6.C -O3 -g (test for excess errors)
FAIL: libgomp.c++/loop-6.C -Os (test for excess errors)
FAIL: libgomp.c++/loop-7.C -O0 (test for excess errors)
FAIL: libgomp.c++/loop-7.C -O1 (test for excess errors)
FAIL: libgomp.c++/loop-7.C -O2 (test for excess errors)
FAIL: libgomp.c++/loop-7.C -O3 -fomit-frame-pointer (test for excess
errors)
FAIL: libgomp.c++/loop-7.C -O3 -fomit-frame-pointer -funroll-loops
(test for excess errors)
FAIL: libgomp.c++/loop-7.C -O3 -fomit-frame-pointer -funroll-all-
loops -finline-functions (test for excess errors)
FAIL: libgomp.c++/loop-7.C -O3 -g (test for excess errors)
FAIL: libgomp.c++/loop-7.C -Os (test for excess errors)
FAIL: libgomp.c++/master-1.C -O0 (test for excess errors)
FAIL: libgomp.c++/master-1.C -O1 (test for excess errors)
FAIL: libgomp.c++/master-1.C -O2 (test for excess errors)
FAIL: libgomp.c++/master-1.C -O3 -fomit-frame-pointer (test for
excess errors)
FAIL: libgomp.c++/master-1.C -O3 -fomit-frame-pointer -funroll-loops
(test for excess errors)
FAIL: libgomp.c++/master-1.C -O3 -fomit-frame-pointer -funroll-all-
loops -finline-functions (test for excess errors)
FAIL: libgomp.c++/master-1.C -O3 -g (test for excess errors)
FAIL: libgomp.c++/master-1.C -Os (test for excess errors)
FAIL: libgomp.c++/nested-1.C -O0 (test for excess errors)
FAIL: libgomp.c++/nested-1.C -O1 (test for excess errors)
FAIL: libgomp.c++/nested-1.C -O2 (test for excess errors)
FAIL: libgomp.c++/nested-1.C -O3 -fomit-frame-pointer (test for
excess errors)
FAIL: libgomp.c++/nested-1.C -O3 -fomit-frame-pointer -funroll-loops
(test for excess errors)
FAIL: libgomp.c++/nested-1.C -O3 -fomit-frame-pointer -funroll-all-
loops -finline-functions (test for excess errors)
FAIL: libgomp.c++/nested-1.C -O3 -g (test for excess errors)
FAIL: libgomp.c++/nested-1.C -Os (test for excess errors)
FAIL: libgomp.c++/parallel-1.C -O (test for excess errors)
FAIL: libgomp.c++/pr26691.C -O (test for excess errors)
FAIL: libgomp.c++/pr26943.C -O0 (test for excess errors)
FAIL: libgomp.c++/pr26943.C -O1 (test for excess errors)
FAIL: libgomp.c++/pr26943.C -O2 (test for excess errors)
FAIL: libgomp.c++/pr26943.C -O3 -fomit-frame-pointer (test for
excess errors)
FAIL: libgomp.c++/pr26943.C -O3 -fomit-frame-pointer -funroll-loops
(test for excess errors)
FAIL: libgomp.c++/pr26943.C -O3 -fomit-frame-pointer -funroll-all-
loops -finline-functions (test for excess errors)
FAIL: libgomp.c++/pr26943.C -O3 -g (test for excess errors)
FAIL: libgomp.c++/pr26943.C -Os (test for excess errors)
FAIL: libgomp.c++/pr27337.C -O0 (test for excess errors)
FAIL: libgomp.c++/pr27337.C -O1 (test for excess errors)
FAIL: libgomp.c++/pr27337.C -O2 (test for excess errors)
FAIL: libgomp.c++/pr27337.C -O3 -fomit-frame-pointer (test for
excess errors)
FAIL: libgomp.c++/pr27337.C -O3 -fomit-frame-pointer -funroll-loops
(test for excess errors)
FAIL: libgomp.c++/pr27337.C -O3 -fomit-frame-pointer -funroll-all-
loops -finline-functions (test for excess errors)
FAIL: libgomp.c++/pr27337.C -O3 -g (test for excess errors)
FAIL: libgomp.c++/pr27337.C -Os (test for excess errors)
FAIL: libgomp.c++/reduction-1.C -O (test for excess errors)
FAIL: libgomp.c++/reduction-2.C -O (test for excess errors)
FAIL: libgomp.c++/reduction-3.C -O (test for excess errors)
FAIL: libgomp.c++/sections-1.C -O (test for excess errors)
FAIL: libgomp.c++/shared-1.C -O (test for excess errors)
FAIL: libgomp.c++/shared-2.C -O (test for excess errors)
FAIL: libgomp.c++/single-1.C -O (test for excess errors)
FAIL: libgomp.c++/single-2.C -O (test for excess errors)
FAIL: libgomp.c++/single-3.C -O (test for excess errors)
=== libgomp Summary ===
# of expected passes 1212
# of unexpected failures 112
# of unsupported tests 111
Compiler version: 4.3.0 20061114 (experimental)
Platform: i686-apple-darwin9
configure flags: --with-arch=nocona --with-tune=generic --prefix=/tmp/
gcc-20061113 --build=i686-apple-darwin9 --host=i686-apple-darwin9 --
target=i686-apple-darwin9 --enable-languages=c,c+
+,fortran,java,objc,obj-c++,treelang
BOOT_CFLAGS=-O2 -g -fomit-frame-pointer