This is the mail archive of the gcc-testresults@gcc.gnu.org mailing list for the GCC project.
Index Nav: | [Date Index] [Subject Index] [Author Index] [Thread Index] | |
---|---|---|
Message Nav: | [Date Prev] [Date Next] | [Thread Prev] [Thread Next] |
Other format: | [Raw text] |
LAST_UPDATED: Native configuration is i686-pc-linux-gnu === g++ tests === Running target unix XPASS: g++.dg/tree-ssa/pr14814.C scan-tree-dump-times &this 0 === g++ Summary === # of expected passes 12354 # of unexpected successes 1 # of expected failures 67 # of unsupported tests 69 /scratch/gcc/nightly-2006-11-13-4.1/i686-pc-linux-gnu/build_gcc/build/test-4.1-0-i686-pc-linux-gnu/host-i686-pc-linux-gnu/fsf-4.1/bin/c++ version 4.1.2 20061113 (prerelease) === gcc tests === Running target unix FAIL: gcc.c-torture/execute/pr28651.c execution, -O0 FAIL: gcc.c-torture/execute/pr28651.c execution, -O1 FAIL: gcc.c-torture/execute/pr28651.c execution, -O2 FAIL: gcc.c-torture/execute/pr28651.c execution, -O3 -fomit-frame-pointer FAIL: gcc.c-torture/execute/pr28651.c execution, -O3 -g FAIL: gcc.c-torture/execute/pr28651.c execution, -Os === gcc Summary === # of expected passes 38884 # of unexpected failures 6 # of expected failures 101 # of untested testcases 28 # of unsupported tests 246 /scratch/gcc/nightly-2006-11-13-4.1/i686-pc-linux-gnu/build_gcc/build/test-4.1-0-i686-pc-linux-gnu/host-i686-pc-linux-gnu/fsf-4.1/bin/gcc version 4.1.2 20061113 (prerelease) === libstdc++ tests === Running target unix FAIL: 22_locale/messages/members/char/1.cc execution test FAIL: 22_locale/messages/members/char/2.cc execution test FAIL: 22_locale/messages/members/char/wrapped_env.cc execution test FAIL: 22_locale/messages/members/char/wrapped_locale.cc execution test FAIL: 22_locale/messages_byname/named_equivalence.cc execution test === libstdc++ Summary === # of expected passes 4002 # of unexpected failures 5 # of expected failures 13 # of unsupported tests 19 Compiler version: 4.1.2 20061113 (prerelease) Platform: i686-pc-linux-gnu configure flags: --target=i686-pc-linux-gnu --enable-languages=c,c++ --with-sysroot=/usr/local/tools/gcc-3.4.0/i686-pc-linux-gnu/sysroot --with-gnu-as --with-gnu-ld --prefix=/usr/local/tools/gcc-3.4.0
Index Nav: | [Date Index] [Subject Index] [Author Index] [Thread Index] | |
---|---|---|
Message Nav: | [Date Prev] [Date Next] | [Thread Prev] [Thread Next] |