This is the mail archive of the
gcc-testresults@gcc.gnu.org
mailing list for the GCC project.
Results for 4.2.0 20061107 (prerelease) testsuite on i686-pc-linux-gnu
- From: Greg Schafer <gschafer at zip dot com dot au>
- To: gcc-testresults at gcc dot gnu dot org
- Date: Mon, 13 Nov 2006 16:26:42 +1100
- Subject: Results for 4.2.0 20061107 (prerelease) testsuite on i686-pc-linux-gnu
This is using the GCC 4.2-20061107 snapshot tarball and is based on the
DIY Linux Reference Build recipe from:
http://www.diy-linux.org/
Using these packages:
FSF binutils-2.17
glibc-2.5
Running under a 2.6.18 kernel.
LAST_UPDATED: Obtained from SVN: branches/gcc-4_2-branch revision 118560
Native configuration is i686-pc-linux-gnu
=== g++ tests ===
Running target unix
XPASS: g++.dg/tree-ssa/ivopts-1.C scan-tree-dump-not &x\\[5\\]
=== g++ Summary ===
# of expected passes 13234
# of unexpected successes 1
# of expected failures 68
# of unsupported tests 73
/home/pkgmgr/src/gcc-build/gcc/testsuite/g++/../../g++ version 4.2.0 20061107 (prerelease)
=== gcc tests ===
Running target unix
FAIL: gcc.c-torture/execute/mayalias-2.c compilation, -O3 -g (internal compiler error)
UNRESOLVED: gcc.c-torture/execute/mayalias-2.c execution, -O3 -g
FAIL: gcc.dg/tree-ssa/loadpre1.c scan-tree-dump-times Eliminated: 1 1
FAIL: gcc.dg/tree-ssa/loadpre14.c scan-tree-dump-times Eliminated: 1 1
FAIL: gcc.dg/tree-ssa/loadpre15.c scan-tree-dump-times Eliminated: 1 1
=== gcc Summary ===
# of expected passes 41579
# of unexpected failures 4
# of expected failures 112
# of unresolved testcases 1
# of untested testcases 28
# of unsupported tests 283
/home/pkgmgr/src/gcc-build/gcc/xgcc version 4.2.0 20061107 (prerelease)
=== libgomp tests ===
Running target unix
=== libgomp Summary ===
# of expected passes 466
=== libmudflap tests ===
Running target unix
=== libmudflap Summary ===
# of expected passes 1814
=== libstdc++ tests ===
Running target unix
XPASS: 26_numerics/cmath/c99_classification_macros_c.cc (test for excess errors)
=== libstdc++ Summary ===
# of expected passes 3821
# of unexpected successes 1
# of expected failures 15
# of unsupported tests 316
Compiler version: 4.2.0 20061107 (prerelease)
Platform: i686-pc-linux-gnu
configure flags: --libexecdir=/usr/lib --enable-shared --disable-multilib --disable-bootstrap --enable-clocale=gnu --enable-threads=posix --enable-__cxa_atexit --enable-languages=c,c++