This is the mail archive of the
gcc-testresults@gcc.gnu.org
mailing list for the GCC project.
Results for 4.3.0 20061111 (experimental) testsuite on hppa2.0w-hp-hpux11.11
- From: John David Anglin <dave at hiauly3 dot hia dot nrc dot ca>
- To: dave at hiauly3 dot hia dot nrc dot ca, gcc-testresults at gcc dot gnu dot org
- Date: Sat, 11 Nov 2006 22:01:36 -0500 (EST)
- Subject: Results for 4.3.0 20061111 (experimental) testsuite on hppa2.0w-hp-hpux11.11
LAST_UPDATED: Sat Nov 11 04:39:58 UTC 2006 (revision 118684M)
=== acats tests ===
FAIL: c974005
FAIL: cxh1001
=== acats Summary ===
# of expected passes 2313
# of unexpected failures 2
Native configuration is hppa2.0w-hp-hpux11.11
=== g++ tests ===
Running target unix
XPASS: g++.dg/tree-ssa/ivopts-1.C scan-tree-dump-not &x\\[5\\]
FAIL: g++.old-deja/g++.abi/cxa_vec.C execution test
=== g++ Summary ===
# of expected passes 12614
# of unexpected failures 1
# of unexpected successes 1
# of expected failures 71
# of unsupported tests 182
/test/gnu/gcc/objdir/gcc/testsuite/g++/../../g++ version 4.3.0 20061111 (experimental)
=== gcc tests ===
Running target unix
WARNING: program timed out.
FAIL: gcc.c-torture/compile/20001226-1.c -O3 -g (test for excess errors)
XPASS: gcc.dg/cpp/cmdlne-dI-M.c scan-file (^|\\\\n)cmdlne-dI-M.*:[^\\\\n]*cmdlne-dI-M.c
XPASS: gcc.dg/cpp/cmdlne-dM-M.c scan-file (^|\\\\n)cmdlne-dM-M[^\\\\n]*:[^\\\\n]*cmdlne-dM-M.c
FAIL: gcc.dg/builtin-bswap-1.c (test for excess errors)
ERROR: gcc.dg/builtin-bswap-1.c: error executing dg-final: couldn't open "builtin-bswap-1.s": no such file or directory
UNRESOLVED: gcc.dg/builtin-bswap-1.c: error executing dg-final: couldn't open "builtin-bswap-1.s": no such file or directory
FAIL: gcc.dg/builtin-bswap-2.c (test for excess errors)
WARNING: gcc.dg/builtin-bswap-2.c compilation failed to produce executable
FAIL: gcc.dg/builtin-bswap-3.c (test for excess errors)
WARNING: gcc.dg/builtin-bswap-3.c compilation failed to produce executable
FAIL: gcc.dg/builtin-bswap-4.c (test for excess errors)
WARNING: gcc.dg/builtin-bswap-4.c compilation failed to produce executable
FAIL: gcc.dg/builtins-57.c scan-tree-dump trunc
FAIL: gcc.dg/pr28796-2.c (test for excess errors)
WARNING: gcc.dg/pr28796-2.c compilation failed to produce executable
FAIL: gcc.dg/torture/builtin-sin-mpfr-1.c -O0 (test for excess errors)
FAIL: gcc.dg/torture/builtin-sin-mpfr-1.c -O1 (test for excess errors)
FAIL: gcc.dg/torture/builtin-sin-mpfr-1.c -O2 (test for excess errors)
FAIL: gcc.dg/torture/builtin-sin-mpfr-1.c -O3 -fomit-frame-pointer (test for excess errors)
FAIL: gcc.dg/torture/builtin-sin-mpfr-1.c -O3 -fomit-frame-pointer -funroll-loops (test for excess errors)
FAIL: gcc.dg/torture/builtin-sin-mpfr-1.c -O3 -fomit-frame-pointer -funroll-all-loops -finline-functions (test for excess errors)
FAIL: gcc.dg/torture/builtin-sin-mpfr-1.c -O3 -g (test for excess errors)
FAIL: gcc.dg/torture/builtin-sin-mpfr-1.c -Os (test for excess errors)
FAIL: gcc.dg/tree-ssa/loadpre1.c scan-tree-dump-times Eliminated: 1 1
FAIL: gcc.dg/tree-ssa/loadpre14.c scan-tree-dump-times Eliminated: 1 1
FAIL: gcc.dg/tree-ssa/loadpre15.c scan-tree-dump-times Eliminated: 1 1
FAIL: gcc.target/i386/math-torture/lceil.c -O0 (internal compiler error)
FAIL: gcc.target/i386/math-torture/lceil.c -O0 (test for excess errors)
FAIL: gcc.target/i386/math-torture/lceil.c -O1 (internal compiler error)
FAIL: gcc.target/i386/math-torture/lceil.c -O1 (test for excess errors)
FAIL: gcc.target/i386/math-torture/lceil.c -O2 (internal compiler error)
FAIL: gcc.target/i386/math-torture/lceil.c -O2 (test for excess errors)
FAIL: gcc.target/i386/math-torture/lceil.c -O3 -fomit-frame-pointer (internal compiler error)
FAIL: gcc.target/i386/math-torture/lceil.c -O3 -fomit-frame-pointer (test for excess errors)
FAIL: gcc.target/i386/math-torture/lceil.c -O3 -g (internal compiler error)
FAIL: gcc.target/i386/math-torture/lceil.c -O3 -g (test for excess errors)
FAIL: gcc.target/i386/math-torture/lceil.c -Os (internal compiler error)
FAIL: gcc.target/i386/math-torture/lceil.c -Os (test for excess errors)
FAIL: gcc.target/i386/math-torture/lfloor.c -O0 (internal compiler error)
FAIL: gcc.target/i386/math-torture/lfloor.c -O0 (test for excess errors)
FAIL: gcc.target/i386/math-torture/lfloor.c -O1 (internal compiler error)
FAIL: gcc.target/i386/math-torture/lfloor.c -O1 (test for excess errors)
FAIL: gcc.target/i386/math-torture/lfloor.c -O2 (internal compiler error)
FAIL: gcc.target/i386/math-torture/lfloor.c -O2 (test for excess errors)
FAIL: gcc.target/i386/math-torture/lfloor.c -O3 -fomit-frame-pointer (internal compiler error)
FAIL: gcc.target/i386/math-torture/lfloor.c -O3 -fomit-frame-pointer (test for excess errors)
FAIL: gcc.target/i386/math-torture/lfloor.c -O3 -g (internal compiler error)
FAIL: gcc.target/i386/math-torture/lfloor.c -O3 -g (test for excess errors)
FAIL: gcc.target/i386/math-torture/lfloor.c -Os (internal compiler error)
FAIL: gcc.target/i386/math-torture/lfloor.c -Os (test for excess errors)
=== gcc Summary ===
# of expected passes 39979
# of unexpected failures 42
# of unexpected successes 2
# of expected failures 79
# of unresolved testcases 1
# of untested testcases 28
# of unsupported tests 488
/test/gnu/gcc/objdir/gcc/xgcc version 4.3.0 20061111 (experimental)
=== gfortran tests ===
Running target unix
=== gfortran Summary ===
# of expected passes 14895
# of expected failures 6
# of unsupported tests 105
/test/gnu/gcc/objdir/gcc/testsuite/gfortran/../../gfortran version 4.3.0 20061111 (experimental)
=== gnat tests ===
Running target unix
=== gnat Summary ===
# of expected passes 113
=== obj-c++ tests ===
Running target unix
FAIL: obj-c++.dg/bitfield-1.mm (internal compiler error)
FAIL: obj-c++.dg/bitfield-1.mm (test for excess errors)
WARNING: obj-c++.dg/bitfield-1.mm compilation failed to produce executable
FAIL: obj-c++.dg/comp-types-10.mm (internal compiler error)
FAIL: obj-c++.dg/comp-types-10.mm (test for excess errors)
FAIL: obj-c++.dg/cxx-ivars-2.mm execution test
FAIL: obj-c++.dg/encode-8.mm execution test
FAIL: obj-c++.dg/gnu-runtime-2.mm (test for excess errors)
FAIL: obj-c++.dg/isa-field-1.mm (test for excess errors)
FAIL: obj-c++.dg/lookup-2.mm (test for excess errors)
WARNING: obj-c++.dg/lookup-2.mm compilation failed to produce executable
FAIL: obj-c++.dg/try-catch-2.mm (test for excess errors)
WARNING: obj-c++.dg/try-catch-2.mm compilation failed to produce executable
FAIL: obj-c++.dg/try-catch-9.mm (internal compiler error)
FAIL: obj-c++.dg/try-catch-9.mm (test for excess errors)
WARNING: obj-c++.dg/try-catch-9.mm compilation failed to produce executable
=== obj-c++ Summary ===
# of expected passes 423
# of unexpected failures 12
# of unsupported tests 14
/test/gnu/gcc/objdir/gcc/testsuite/obj-c++/../../g++ version 4.3.0 20061111 (experimental)
=== objc tests ===
Running target unix
=== objc Summary ===
# of expected passes 1754
# of expected failures 7
# of unsupported tests 27
/test/gnu/gcc/objdir/gcc/xgcc version 4.3.0 20061111 (experimental)
=== libffi tests ===
Running target unix
=== libffi Summary ===
# of expected passes 1084
# of unsupported tests 8
=== libgomp tests ===
Running target unix
FAIL: libgomp.fortran/vla6.f90 -O1 execution test
=== libgomp Summary ===
# of expected passes 1309
# of unexpected failures 1
# of unsupported tests 118
=== libjava tests ===
Running target unix
FAIL: LargeFile execution - source compiled test
FAIL: LargeFile execution - gij test
FAIL: LargeFile execution - bytecode->native test
FAIL: LargeFile execution - gij test
FAIL: LargeFile -findirect-dispatch execution - bytecode->native test
FAIL: LargeFile -O3 execution - source compiled test
FAIL: LargeFile execution - gij test
FAIL: LargeFile -O3 execution - bytecode->native test
FAIL: LargeFile execution - gij test
FAIL: LargeFile -O3 -findirect-dispatch execution - bytecode->native test
FAIL: SyncTest execution - gij test
FAIL: TLtest execution - gij test
=== libjava Summary ===
# of expected passes 6982
# of unexpected failures 12
# of expected failures 12
# of untested testcases 20
=== libstdc++ tests ===
Running target unix
FAIL: 23_containers/deque/check_construct_destroy.cc (test for excess errors)
WARNING: 23_containers/deque/check_construct_destroy.cc compilation failed to produce executable
FAIL: 23_containers/deque/cons/2.cc (test for excess errors)
WARNING: 23_containers/deque/cons/2.cc compilation failed to produce executable
FAIL: 23_containers/list/check_construct_destroy.cc (test for excess errors)
WARNING: 23_containers/list/check_construct_destroy.cc compilation failed to produce executable
FAIL: 23_containers/set/check_construct_destroy.cc (test for excess errors)
WARNING: 23_containers/set/check_construct_destroy.cc compilation failed to produce executable
FAIL: 23_containers/vector/capacity/2.cc (test for excess errors)
WARNING: 23_containers/vector/capacity/2.cc compilation failed to produce executable
FAIL: 23_containers/vector/check_construct_destroy.cc (test for excess errors)
WARNING: 23_containers/vector/check_construct_destroy.cc compilation failed to produce executable
FAIL: 23_containers/vector/cons/4.cc (test for excess errors)
WARNING: 23_containers/vector/cons/4.cc compilation failed to produce executable
FAIL: ext/hash_set/check_construct_destroy.cc (test for excess errors)
WARNING: ext/hash_set/check_construct_destroy.cc compilation failed to produce executable
FAIL: ext/pool_allocator/allocate_chunk.cc execution test
FAIL: ext/slist/check_construct_destroy.cc (test for excess errors)
WARNING: ext/slist/check_construct_destroy.cc compilation failed to produce executable
=== libstdc++ Summary ===
# of expected passes 3771
# of unexpected failures 10
# of expected failures 15
# of unsupported tests 332
Compiler version: 4.3.0 20061111 (experimental)
Platform: hppa2.0w-hp-hpux11.11
configure flags: --with-gnu-as --with-as=/opt/gnu/bin/as --enable-shared --disable-nls --with-local-prefix=/opt/gnu --prefix=/opt/gnu/gcc/gcc-4.3.0 --enable-debug=no --enable-threads=posix --with-mpfr=/opt/gnu/gcc/gcc-4.3.0 --with-gmp=/opt/gnu/gcc/gcc-4.3.0 --disable-libmudflap --enable-languages=c,ada,c++,fortran,java,objc,obj-c++