This is the mail archive of the
gcc-testresults@gcc.gnu.org
mailing list for the GCC project.
Results for 4.3.0 20061111 (experimental) testsuite on i686-pc-linux-gnu
- From: Weidong Cui <mason dot cui at gmail dot com>
- To: gcc-testresults at gcc dot gnu dot org
- Date: Sat, 11 Nov 2006 11:27:34 -0900
- Subject: Results for 4.3.0 20061111 (experimental) testsuite on i686-pc-linux-gnu
LAST_UPDATED: Sat Nov 11 13:30:37 UTC 2006 (revision 118692)
Native configuration is i686-pc-linux-gnu
=== g++ tests ===
Running target unix
XPASS: g++.dg/tree-ssa/ivopts-1.C scan-tree-dump-not &x\\[5\\]
=== g++ Summary ===
# of expected passes 13240
# of unexpected successes 1
# of expected failures 68
# of unsupported tests 74
/home/cuiwd/gcc4/obj/gcc/testsuite/g++/../../g++ version 4.3.0 20061111 (experimental)
=== gcc tests ===
Running target unix
WARNING: program timed out.
FAIL: gcc.c-torture/compile/20001226-1.c -O0 (test for excess errors)
FAIL: gcc.c-torture/execute/mayalias-2.c compilation, -O3 -g (internal compiler error)
UNRESOLVED: gcc.c-torture/execute/mayalias-2.c execution, -O3 -g
FAIL: gcc.dg/tree-ssa/loadpre1.c scan-tree-dump-times Eliminated: 1 1
FAIL: gcc.dg/tree-ssa/loadpre14.c scan-tree-dump-times Eliminated: 1 1
FAIL: gcc.dg/tree-ssa/loadpre15.c scan-tree-dump-times Eliminated: 1 1
=== gcc Summary ===
# of expected passes 42160
# of unexpected failures 5
# of expected failures 112
# of unresolved testcases 1
# of untested testcases 28
# of unsupported tests 283
/home/cuiwd/gcc4/obj/gcc/xgcc version 4.3.0 20061111 (experimental)
=== gfortran tests ===
Running target unix
=== gfortran Summary ===
# of expected passes 15135
# of expected failures 7
# of unsupported tests 16
/home/cuiwd/gcc4/obj/gcc/testsuite/gfortran/../../gfortran version 4.3.0 20061111 (experimental)
=== objc tests ===
Running target unix
=== objc Summary ===
# of expected passes 1760
# of expected failures 7
# of unsupported tests 24
/home/cuiwd/gcc4/obj/gcc/xgcc version 4.3.0 20061111 (experimental)
=== libffi tests ===
Running target unix
FAIL: libffi.call/return_fl2.c -O0 -W -Wall execution test
FAIL: libffi.call/return_fl2.c -O2 execution test
FAIL: libffi.call/return_fl2.c -O3 execution test
FAIL: libffi.call/return_fl2.c -Os execution test
=== libffi Summary ===
# of expected passes 1080
# of unexpected failures 4
# of unsupported tests 8
=== libgomp tests ===
Running target unix
=== libgomp Summary ===
# of expected passes 1544
=== libjava tests ===
Running target unix
=== libjava Summary ===
# of expected passes 7006
# of expected failures 12
# of untested testcases 8
=== libmudflap tests ===
Running target unix
=== libmudflap Summary ===
# of expected passes 1826
=== libstdc++ tests ===
Running target unix
FAIL: abi_check
XPASS: 26_numerics/cmath/c99_classification_macros_c.cc (test for excess errors)
=== libstdc++ Summary ===
# of expected passes 3821
# of unexpected failures 1
# of unexpected successes 1
# of expected failures 15
# of unsupported tests 316
Compiler version: 4.3.0 20061111 (experimental)
Platform: i686-pc-linux-gnu
configure flags: --prefix=/home/cuiwd/gcc4/ins/ --with-mpfr=/usr/local --enable-shared --enable-threads --enable-languages=c,c++,fortran,java,objc