This is the mail archive of the
gcc-testresults@gcc.gnu.org
mailing list for the GCC project.
Results for 4.3.0 20061110 (experimental) testsuite on x86_64-redhat-linux-gnu
- From: Grigory Zagorodnev <grigory_zagorodnev at linux dot intel dot com>
- To: gcc-testresults at gcc dot gnu dot org
- Date: Sat, 11 Nov 2006 00:08:09 +0300
- Subject: Results for 4.3.0 20061110 (experimental) testsuite on x86_64-redhat-linux-gnu
LAST_UPDATED: Fri Nov 10 17:23:22 UTC 2006 (revision 118657)
Native configuration is x86_64-redhat-linux-gnu
=== g++ tests ===
Running target unix
XPASS: g++.dg/tree-ssa/ivopts-1.C scan-tree-dump-not &x\[5\]
=== g++ Summary ===
# of expected passes 13157
# of unexpected successes 1
# of expected failures 68
# of unsupported tests 102
/home/testbot/bootstrap/007037/bld/gcc/testsuite/g++/../../g++ version 4.3.0 20061110 (experimental)
=== gcc tests ===
Running target unix
FAIL: gcc.c-torture/execute/mayalias-2.c compilation, -O3 -g (internal compiler error)
UNRESOLVED: gcc.c-torture/execute/mayalias-2.c execution, -O3 -g
FAIL: gcc.dg/inline-16.c (test for excess errors)
WARNING: gcc.dg/torture/fp-int-convert-float128-timode.c -O0 compilation failed to produce executable
WARNING: gcc.dg/torture/fp-int-convert-float128-timode.c -O1 compilation failed to produce executable
WARNING: gcc.dg/torture/fp-int-convert-float128-timode.c -O2 compilation failed to produce executable
WARNING: gcc.dg/torture/fp-int-convert-float128-timode.c -O3 -fomit-frame-pointer compilation failed to produce executable
WARNING: gcc.dg/torture/fp-int-convert-float128-timode.c -O3 -g compilation failed to produce executable
WARNING: gcc.dg/torture/fp-int-convert-float128-timode.c -Os compilation failed to produce executable
WARNING: gcc.dg/torture/fp-int-convert-float128.c -O0 compilation failed to produce executable
WARNING: gcc.dg/torture/fp-int-convert-float128.c -O1 compilation failed to produce executable
WARNING: gcc.dg/torture/fp-int-convert-float128.c -O2 compilation failed to produce executable
WARNING: gcc.dg/torture/fp-int-convert-float128.c -O3 -fomit-frame-pointer compilation failed to produce executable
WARNING: gcc.dg/torture/fp-int-convert-float128.c -O3 -g compilation failed to produce executable
WARNING: gcc.dg/torture/fp-int-convert-float128.c -Os compilation failed to produce executable
FAIL: gcc.dg/tree-ssa/loadpre1.c scan-tree-dump-times Eliminated: 1 1
FAIL: gcc.dg/tree-ssa/loadpre14.c scan-tree-dump-times Eliminated: 1 1
FAIL: gcc.dg/tree-ssa/loadpre15.c scan-tree-dump-times Eliminated: 1 1
=== gcc Summary ===
# of expected passes 41973
# of unexpected failures 5
# of expected failures 123
# of unresolved testcases 1
# of untested testcases 28
# of unsupported tests 393
/home/testbot/bootstrap/007037/bld/gcc/xgcc version 4.3.0 20061110 (experimental)
=== gfortran tests ===
Running target unix
FAIL: gfortran.dg/csqrt_2.f -O0 execution test
FAIL: gfortran.dg/csqrt_2.f -O1 execution test
FAIL: gfortran.dg/csqrt_2.f -O2 execution test
FAIL: gfortran.dg/csqrt_2.f -O3 -fomit-frame-pointer execution test
FAIL: gfortran.dg/csqrt_2.f -O3 -fomit-frame-pointer -funroll-loops execution test
FAIL: gfortran.dg/csqrt_2.f -O3 -fomit-frame-pointer -funroll-all-loops -finline-functions execution test
FAIL: gfortran.dg/csqrt_2.f -O3 -g execution test
FAIL: gfortran.dg/csqrt_2.f -Os execution test
=== gfortran Summary ===
# of expected passes 15107
# of unexpected failures 8
# of expected failures 7
# of unsupported tests 17
/home/testbot/bootstrap/007037/bld/gcc/testsuite/gfortran/../../gfortran version 4.3.0 20061110 (experimental)
=== objc tests ===
Running target unix
=== objc Summary ===
# of expected passes 1760
# of expected failures 7
# of unsupported tests 24
/home/testbot/bootstrap/007037/bld/gcc/xgcc version 4.3.0 20061110 (experimental)
=== libffi tests ===
Running target unix
=== libffi Summary ===
# of expected passes 1084
# of unsupported tests 8
=== libgomp tests ===
Running target unix
FAIL: libgomp.c/appendix-a/a.2.1.c execution test
FAIL: libgomp.c/atomic-2.c (test for excess errors)
WARNING: libgomp.c/atomic-2.c compilation failed to produce executable
=== libgomp Summary ===
# of expected passes 1541
# of unexpected failures 2
=== libjava tests ===
Running target unix
FAIL: /home/testbot/bootstrap/007037/src/libjava/testsuite/libjava.jar/simple.jar execution - gij test
FAIL: bytebuffer execution - gij test
FAIL: field execution - gij test
FAIL: iface execution - gij test
FAIL: invoke execution - gij test
FAIL: jniutf execution - gij test
FAIL: pr11951 execution - gij test
FAIL: ArrayStore execution - gij test
FAIL: FileHandleGcTest execution - gij test
FAIL: FileHandleGcTest execution - gij test
FAIL: G19990301_01 execution - gij test
FAIL: InterfaceDispatch -findirect-dispatch execution - bytecode->native test
FAIL: Matrix4f execution - bytecode->native test
FAIL: Matrix4f -O3 -findirect-dispatch execution - bytecode->native test
FAIL: PR12350 execution - gij test
FAIL: PR162 execution - gij test
FAIL: PR162 execution - gij test
FAIL: PR16867 execution - gij test
FAIL: PR218 execution - gij test
FAIL: PR260 execution - gij test
FAIL: PR29013 execution - gij test
FAIL: Process_3 execution - bytecode->native test
FAIL: Process_3 execution - gij test
FAIL: Process_3 -findirect-dispatch execution - bytecode->native test
FAIL: String_overflow execution - gij test
FAIL: SyncTest execution - bytecode->native test
FAIL: SyncTest -O3 execution - source compiled test
FAIL: SyncTest -O3 execution - bytecode->native test
FAIL: TestProxy execution - gij test
FAIL: TestProxy execution - gij test
FAIL: anon execution - gij test
FAIL: anon2 execution - bytecode->native test
FAIL: anon2 execution - gij test
FAIL: anon2 execution - gij test
FAIL: anon3 execution - gij test
FAIL: anonarray3 execution - gij test
FAIL: assign2 execution - gij test
FAIL: direct_read execution - gij test
FAIL: err13 execution - gij test
FAIL: indirect_read execution - gij test
FAIL: inner1 execution - gij test
FAIL: instinit2 execution - source compiled test
FAIL: nested_with_ctor execution - gij test
FAIL: newarray_overflow execution - gij test
FAIL: pr109 execution - gij test
FAIL: pr13107_3 execution - gij test
FAIL: pr25676 execution - gij test
FAIL: pr83 execution - gij test
FAIL: pr8676 execution - gij test
FAIL: pr8945 execution - gij test
FAIL: stacktrace execution - gij test
FAIL: stringconst2 execution - gij test
FAIL: tmi execution - gij test
FAIL: utf8concat execution - gij test
=== libjava Summary ===
# of expected passes 6898
# of unexpected failures 54
# of expected failures 12
# of untested testcases 62
=== libmudflap tests ===
Running target unix
=== libmudflap Summary ===
# of expected passes 1814
=== libstdc++ tests ===
Running target unix
XPASS: 26_numerics/cmath/c99_classification_macros_c.cc (test for excess errors)
XPASS: 27_io/fpos/14320-1.cc execution test
=== libstdc++ Summary ===
# of expected passes 4454
# of unexpected successes 2
# of expected failures 14
Compiler version: 4.3.0 20061110 (experimental)
Platform: x86_64-redhat-linux-gnu
configure flags: --prefix=/home/testbot/bootstrap/007037/usr --program-suffix=-43 -enable-shared --enable-threads=posix --enable-checking --with-system-zlib --enable-__cxa_atexit --host=x86_64-redhat-linux --enable-languages=c,c++,fortran,java,objc