This is the mail archive of the
gcc-testresults@gcc.gnu.org
mailing list for the GCC project.
Results for 4.3.0 20061109 (experimental) testsuite on x86_64-unknown-linux-gnu (c,fortran)
- From: Tobias Burnus <burnus at net-b dot de>
- To: gcc-testresults at gcc dot gnu dot org
- Date: Fri, 10 Nov 2006 11:51:37 +0100
- Subject: Results for 4.3.0 20061109 (experimental) testsuite on x86_64-unknown-linux-gnu (c,fortran)
Tested with current gcc trunk (20061109, r118648) on x86_64 with
openSUSE 10.2beta2.
With --enable-languages=c,fortran
Fri Nov 10 10:05:14 2006
Native configuration is x86_64-unknown-linux-gnu
=== gcc tests ===
Running
/home/tob/projects/gcc/gcc/testsuite/gcc.c-torture/execute/execute.exp ...
FAIL: gcc.c-torture/execute/mayalias-2.c compilation, -O3 -g (internal
compiler error)
Running /home/tob/projects/gcc/gcc/testsuite/gcc.dg/dg.exp ...
FAIL: gcc.dg/inline-16.c (test for excess errors)
Running
/home/tob/projects/gcc/gcc/testsuite/gcc.dg/torture/dg-torture.exp ...
WARNING: gcc.dg/torture/fp-int-convert-float128-timode.c -O0
compilation failed to produce executable
WARNING: gcc.dg/torture/fp-int-convert-float128-timode.c -O1
compilation failed to produce executable
WARNING: gcc.dg/torture/fp-int-convert-float128-timode.c -O2
compilation failed to produce executable
WARNING: gcc.dg/torture/fp-int-convert-float128-timode.c -O3
-fomit-frame-pointer compilation failed to produce executable
WARNING: gcc.dg/torture/fp-int-convert-float128-timode.c -O3 -g
compilation failed to produce executable
WARNING: gcc.dg/torture/fp-int-convert-float128-timode.c -Os
compilation failed to produce executable
WARNING: gcc.dg/torture/fp-int-convert-float128.c -O0 compilation
failed to produce executable
WARNING: gcc.dg/torture/fp-int-convert-float128.c -O1 compilation
failed to produce executable
WARNING: gcc.dg/torture/fp-int-convert-float128.c -O2 compilation
failed to produce executable
WARNING: gcc.dg/torture/fp-int-convert-float128.c -O3
-fomit-frame-pointer compilation failed to produce executable
WARNING: gcc.dg/torture/fp-int-convert-float128.c -O3 -g compilation
failed to produce executable
WARNING: gcc.dg/torture/fp-int-convert-float128.c -Os compilation
failed to produce executable
Running
/home/tob/projects/gcc/gcc/testsuite/gcc.dg/tree-ssa/tree-ssa.exp ...
FAIL: gcc.dg/tree-ssa/loadpre1.c scan-tree-dump-times Eliminated: 1 1
FAIL: gcc.dg/tree-ssa/loadpre14.c scan-tree-dump-times Eliminated: 1 1
FAIL: gcc.dg/tree-ssa/loadpre15.c scan-tree-dump-times Eliminated: 1 1
skipping test framework tests, CHECK_TEST_FRAMEWORK is not defined
=== gcc Summary ===
# of expected passes 41973
# of unexpected failures 5
# of expected failures 123
# of unresolved testcases 1
# of untested testcases 28
# of unsupported tests 393
=== gfortran tests ===
=== gfortran Summary ===
# of expected passes 15164
# of expected failures 7
# of unsupported tests 17
=== libmudflap tests ===
Running
/home/tob/projects/gcc/libmudflap/testsuite/libmudflap.c/cfrags.exp ...
FAIL: libmudflap.c/pass35-frag.c cannot track unknown size extern (test
for warnings, line )
FAIL: libmudflap.c/pass35-frag.c (test for excess errors)
FAIL: libmudflap.c/pass35-frag.c cannot track unknown size extern (test
for warnings, line )
FAIL: libmudflap.c/pass35-frag.c (test for excess errors)
FAIL: libmudflap.c/fail8-frag.c (-static) output pattern test
FAIL: libmudflap.c/fail9-frag.c (-static) output pattern test
FAIL: libmudflap.c/pass35-frag.c (-static) cannot track unknown size
extern (test for warnings, line )
FAIL: libmudflap.c/pass35-frag.c (-static) (test for excess errors)
FAIL: libmudflap.c/pass35-frag.c (-static) cannot track unknown size
extern (test for warnings, line )
FAIL: libmudflap.c/pass35-frag.c (-static) (test for excess errors)
FAIL: libmudflap.c/pass35-frag.c (-O2) cannot track unknown size extern
(test for warnings, line )
FAIL: libmudflap.c/pass35-frag.c (-O2) (test for excess errors)
FAIL: libmudflap.c/pass35-frag.c (-O2) cannot track unknown size extern
(test for warnings, line )
FAIL: libmudflap.c/pass35-frag.c (-O2) (test for excess errors)
FAIL: libmudflap.c/pass35-frag.c (-O3) cannot track unknown size extern
(test for warnings, line )
FAIL: libmudflap.c/pass35-frag.c (-O3) (test for excess errors)
FAIL: libmudflap.c/pass35-frag.c (-O3) cannot track unknown size extern
(test for warnings, line )
FAIL: libmudflap.c/pass35-frag.c (-O3) (test for excess errors)
Running
/home/tob/projects/gcc/libmudflap/testsuite/libmudflap.c/externs.exp ...
FAIL: externs-1 compilation
FAIL: externs-1 compilation -static
FAIL: externs-1 compilation -O2
FAIL: externs-1 compilation -O3
=== libmudflap Summary ===
# of expected passes 1658
# of unexpected failures 22
# of unsupported tests 2