This is the mail archive of the
gcc-testresults@gcc.gnu.org
mailing list for the GCC project.
Results for 4.3.0 20061108 (experimental) testsuite on x86_64-redhat-linux-gnu
- From: Grigory Zagorodnev <grigory_zagorodnev at linux dot intel dot com>
- To: gcc-testresults at gcc dot gnu dot org
- Date: Thu, 9 Nov 2006 00:01:02 +0300
- Subject: Results for 4.3.0 20061108 (experimental) testsuite on x86_64-redhat-linux-gnu
LAST_UPDATED: Wed Nov 8 17:22:58 UTC 2006 (revision 118588)
Native configuration is x86_64-redhat-linux-gnu
=== g++ tests ===
Running target unix
XPASS: g++.dg/tree-ssa/ivopts-1.C scan-tree-dump-not &x\[5\]
=== g++ Summary ===
# of expected passes 13157
# of unexpected successes 1
# of expected failures 68
# of unsupported tests 102
/home/testbot/bootstrap/006938/bld/gcc/testsuite/g++/../../g++ version 4.3.0 20061108 (experimental)
=== gcc tests ===
Running target unix
FAIL: gcc.c-torture/execute/mayalias-2.c compilation, -O3 -g (internal compiler error)
UNRESOLVED: gcc.c-torture/execute/mayalias-2.c execution, -O3 -g
FAIL: gcc.dg/inline-16.c (test for excess errors)
WARNING: gcc.dg/torture/fp-int-convert-float128-timode.c -O0 compilation failed to produce executable
WARNING: gcc.dg/torture/fp-int-convert-float128-timode.c -O1 compilation failed to produce executable
WARNING: gcc.dg/torture/fp-int-convert-float128-timode.c -O2 compilation failed to produce executable
WARNING: gcc.dg/torture/fp-int-convert-float128-timode.c -O3 -fomit-frame-pointer compilation failed to produce executable
WARNING: gcc.dg/torture/fp-int-convert-float128-timode.c -O3 -g compilation failed to produce executable
WARNING: gcc.dg/torture/fp-int-convert-float128-timode.c -Os compilation failed to produce executable
WARNING: gcc.dg/torture/fp-int-convert-float128.c -O0 compilation failed to produce executable
WARNING: gcc.dg/torture/fp-int-convert-float128.c -O1 compilation failed to produce executable
WARNING: gcc.dg/torture/fp-int-convert-float128.c -O2 compilation failed to produce executable
WARNING: gcc.dg/torture/fp-int-convert-float128.c -O3 -fomit-frame-pointer compilation failed to produce executable
WARNING: gcc.dg/torture/fp-int-convert-float128.c -O3 -g compilation failed to produce executable
WARNING: gcc.dg/torture/fp-int-convert-float128.c -Os compilation failed to produce executable
FAIL: gcc.dg/tree-ssa/loadpre1.c scan-tree-dump-times Eliminated: 1 1
FAIL: gcc.dg/tree-ssa/loadpre14.c scan-tree-dump-times Eliminated: 1 1
FAIL: gcc.dg/tree-ssa/loadpre15.c scan-tree-dump-times Eliminated: 1 1
=== gcc Summary ===
# of expected passes 41939
# of unexpected failures 5
# of expected failures 123
# of unresolved testcases 1
# of untested testcases 28
# of unsupported tests 393
/home/testbot/bootstrap/006938/bld/gcc/xgcc version 4.3.0 20061108 (experimental)
=== gfortran tests ===
Running target unix
FAIL: gfortran.dg/csqrt_2.f -O0 execution test
FAIL: gfortran.dg/csqrt_2.f -O1 execution test
FAIL: gfortran.dg/csqrt_2.f -O2 execution test
FAIL: gfortran.dg/csqrt_2.f -O3 -fomit-frame-pointer execution test
FAIL: gfortran.dg/csqrt_2.f -O3 -fomit-frame-pointer -funroll-loops execution test
FAIL: gfortran.dg/csqrt_2.f -O3 -fomit-frame-pointer -funroll-all-loops -finline-functions execution test
FAIL: gfortran.dg/csqrt_2.f -O3 -g execution test
FAIL: gfortran.dg/csqrt_2.f -Os execution test
=== gfortran Summary ===
# of expected passes 15088
# of unexpected failures 8
# of expected failures 7
# of unsupported tests 17
/home/testbot/bootstrap/006938/bld/gcc/testsuite/gfortran/../../gfortran version 4.3.0 20061108 (experimental)
=== objc tests ===
Running target unix
=== objc Summary ===
# of expected passes 1760
# of expected failures 7
# of unsupported tests 24
/home/testbot/bootstrap/006938/bld/gcc/xgcc version 4.3.0 20061108 (experimental)
=== libffi tests ===
Running target unix
=== libffi Summary ===
# of expected passes 1084
# of unsupported tests 8
=== libgomp tests ===
Running target unix
FAIL: libgomp.c/appendix-a/a.2.1.c execution test
FAIL: libgomp.c/atomic-2.c (test for excess errors)
WARNING: libgomp.c/atomic-2.c compilation failed to produce executable
=== libgomp Summary ===
# of expected passes 1541
# of unexpected failures 2
=== libjava tests ===
Running target unix
FAIL: PR28178 execution - gij test
FAIL: cxxtest execution - gij test
FAIL: directbuffer execution - gij test
FAIL: iface execution - gij test
FAIL: pr11951 run
FAIL: register run
FAIL: ArrayStore execution - gij test
FAIL: ArrayStore execution - gij test
FAIL: Array_3 execution - gij test
FAIL: CompareNaN execution - gij test
FAIL: FileHandleGcTest execution - gij test
FAIL: G19990303_01 execution - gij test
FAIL: G19990310_01 execution - gij test
FAIL: InvokeReturn execution - gij test
FAIL: Invoke_1 -findirect-dispatch execution - bytecode->native test
FAIL: N19990310_5 -findirect-dispatch execution - bytecode->native test
FAIL: Overflow execution - gij test
FAIL: PR12656 -findirect-dispatch execution - bytecode->native test
FAIL: PR19870 execution - bytecode->native test
FAIL: PR19870 execution - gij test
FAIL: PR242 execution - gij test
FAIL: PR3731 execution - gij test
FAIL: PR5057 execution - bytecode->native test
FAIL: PR5057_2 execution - gij test
FAIL: PR6085 execution - gij test
FAIL: PR6820 execution - gij test
FAIL: Process_1 execution - gij test
FAIL: Process_1 execution - gij test
FAIL: Process_3 execution - gij test
FAIL: Process_3 -O3 -findirect-dispatch execution - bytecode->native test
FAIL: Process_6 execution - gij test
FAIL: StackTrace2 -O3 execution - bytecode->native test
FAIL: StackTrace2 -O3 -findirect-dispatch execution - bytecode->native test
FAIL: SyncTest execution - bytecode->native test
FAIL: SyncTest -O3 execution - source compiled test
FAIL: SyncTest execution - gij test
FAIL: Throw_2 execution - gij test
FAIL: anon4 execution - gij test
FAIL: anon4 execution - gij test
FAIL: bytearray execution - gij test
FAIL: emptystring execution - gij test
FAIL: err2 execution - gij test
FAIL: err2 execution - gij test
FAIL: err4 execution - gij test
FAIL: err5 execution - gij test
FAIL: err5 execution - gij test
FAIL: inner4 execution - gij test
FAIL: invoke_from_inner execution - gij test
FAIL: klass execution - gij test
FAIL: override execution - gij test
FAIL: pr109 execution - gij test
FAIL: pr13107_3 execution - gij test
FAIL: pr184 execution - gij test
FAIL: pr21785 execution - gij test
FAIL: pr26390 -findirect-dispatch execution - bytecode->native test
FAIL: pr26390 execution - gij test
FAIL: pr83 execution - gij test
FAIL: shatest execution - gij test
FAIL: stacktrace execution - source compiled test
FAIL: stringconst execution - gij test
FAIL: stub execution - gij test
FAIL: stub -findirect-dispatch execution - bytecode->native test
=== libjava Summary ===
# of expected passes 6880
# of unexpected failures 62
# of expected failures 12
# of untested testcases 70
=== libmudflap tests ===
Running target unix
=== libmudflap Summary ===
# of expected passes 1814
=== libstdc++ tests ===
Running target unix
XPASS: 26_numerics/cmath/c99_classification_macros_c.cc (test for excess errors)
XPASS: 27_io/fpos/14320-1.cc execution test
=== libstdc++ Summary ===
# of expected passes 4454
# of unexpected successes 2
# of expected failures 14
Compiler version: 4.3.0 20061108 (experimental)
Platform: x86_64-redhat-linux-gnu
configure flags: --prefix=/home/testbot/bootstrap/006938/usr --program-suffix=-43 -enable-shared --enable-threads=posix --enable-checking --with-system-zlib --enable-__cxa_atexit --host=x86_64-redhat-linux --enable-languages=c,c++,fortran,java,objc