This is the mail archive of the
gcc-testresults@gcc.gnu.org
mailing list for the GCC project.
Results for 4.2.0 20061108 (prerelease) testsuite on s390-ibm-linux-gnu
- From: Andreas Krebbel <Andreas dot Krebbel at de dot ibm dot com>
- To: gcc-testresults at gcc dot gnu dot org
- Date: Wed, 8 Nov 2006 19:08:55 +0100
- Subject: Results for 4.2.0 20061108 (prerelease) testsuite on s390-ibm-linux-gnu
LAST_UPDATED: Wed Nov 8 10:09:46 UTC 2006 (revision 118580)
=== acats tests ===
FAIL: c35507m
FAIL: cd2a23e
FAIL: cxh1001
=== acats Summary ===
# of expected passes 2312
# of unexpected failures 3
Native configuration is s390-ibm-linux-gnu
=== g++ tests ===
Running target unix
=== g++ Summary ===
# of expected passes 13150
# of expected failures 67
# of unsupported tests 114
/build/BUILD/gcc/obj-s390-redhat-linux/gcc/testsuite/g++/../../g++ version 4.2.0 20061108 (prerelease)
=== gcc tests ===
Running target unix
FAIL: gcc.c-torture/execute/920625-1.c compilation, -O3 -fomit-frame-pointer
UNRESOLVED: gcc.c-torture/execute/920625-1.c execution, -O3 -fomit-frame-pointer
FAIL: gcc.c-torture/execute/920625-1.c compilation, -O3 -fomit-frame-pointer -funroll-loops
UNRESOLVED: gcc.c-torture/execute/920625-1.c execution, -O3 -fomit-frame-pointer -funroll-loops
FAIL: gcc.c-torture/execute/920625-1.c compilation, -O3 -fomit-frame-pointer -funroll-all-loops -finline-functions
UNRESOLVED: gcc.c-torture/execute/920625-1.c execution, -O3 -fomit-frame-pointer -funroll-all-loops -finline-functions
FAIL: gcc.c-torture/execute/920625-1.c compilation, -O3 -g
UNRESOLVED: gcc.c-torture/execute/920625-1.c execution, -O3 -g
FAIL: gcc.c-torture/execute/920625-1.c compilation, -Os
UNRESOLVED: gcc.c-torture/execute/920625-1.c execution, -Os
ERROR: tcl error sourcing /build/BUILD/gcc/gcc/testsuite/gcc.c-torture/execute/execute.exp.
ERROR: couldn't open "/build/BUILD/gcc/gcc/testsuite/gcc.c-torture/execute/920710-1.c": no such file or directory
ERROR: /build/BUILD/gcc/gcc/testsuite/gcc.c-torture/execute/ieee/ieee.exp does not exist.
ERROR: /build/BUILD/gcc/gcc/testsuite/gcc.c-torture/unsorted/unsorted.exp does not exist.
FAIL: gcc.dg/charset/asm2.c not_a_string (test for errors, line 6)
FAIL: gcc.dg/charset/asm2.c not_a_string (test for errors, line 12)
FAIL: gcc.dg/charset/asm2.c (test for excess errors)
ERROR: tcl error sourcing /build/BUILD/gcc/gcc/testsuite/gcc.dg/charset/charset.exp.
ERROR: couldn't open "/build/BUILD/gcc/gcc/testsuite/gcc.dg/charset/asm3.c": no such file or directory
FAIL: gcc.dg/compat/fnptr-by-value-1 c_compat_x_tst.o compile
FAIL: gcc.dg/compat/fnptr-by-value-1 c_compat_y_tst.o compile
UNRESOLVED: gcc.dg/compat/fnptr-by-value-1 c_compat_x_tst.o-c_compat_y_tst.o link
UNRESOLVED: gcc.dg/compat/fnptr-by-value-1 c_compat_x_tst.o-c_compat_y_tst.o execute
ERROR: tcl error sourcing /build/BUILD/gcc/gcc/testsuite/gcc.dg/compat/compat.exp.
ERROR: couldn't open "/build/BUILD/gcc/gcc/testsuite/gcc.dg/compat/scalar-by-value-1_main.c": no such file or directory
ERROR: /build/BUILD/gcc/gcc/testsuite/gcc.dg/compat/struct-layout-1.exp does not exist.
ERROR: /build/BUILD/gcc/gcc/testsuite/gcc.dg/cpp/cpp.exp does not exist.
ERROR: /build/BUILD/gcc/gcc/testsuite/gcc.dg/cpp/trad/trad.exp does not exist.
ERROR: /build/BUILD/gcc/gcc/testsuite/gcc.dg/debug/debug.exp does not exist.
ERROR: /build/BUILD/gcc/gcc/testsuite/gcc.dg/debug/dwarf2/dwarf2.exp does not exist.
ERROR: /build/BUILD/gcc/gcc/testsuite/gcc.dg/dfp/dfp.exp does not exist.
ERROR: tcl error sourcing /build/BUILD/gcc/gcc/testsuite/gcc.dg/dg.exp.
ERROR: couldn't open "/build/BUILD/gcc/gcc/testsuite/gcc.dg/20000111-1.c": no such file or directory
ERROR: /build/BUILD/gcc/gcc/testsuite/gcc.dg/format/format.exp does not exist.
ERROR: /build/BUILD/gcc/gcc/testsuite/gcc.dg/gomp/gomp.exp does not exist.
ERROR: /build/BUILD/gcc/gcc/testsuite/gcc.dg/ipa/ipa.exp does not exist.
ERROR: /build/BUILD/gcc/gcc/testsuite/gcc.dg/noncompile/noncompile.exp does not exist.
ERROR: /build/BUILD/gcc/gcc/testsuite/gcc.dg/pch/pch.exp does not exist.
ERROR: /build/BUILD/gcc/gcc/testsuite/gcc.dg/special/mips-abi.exp does not exist.
ERROR: /build/BUILD/gcc/gcc/testsuite/gcc.dg/special/special.exp does not exist.
ERROR: /build/BUILD/gcc/gcc/testsuite/gcc.dg/tls/tls.exp does not exist.
ERROR: /build/BUILD/gcc/gcc/testsuite/gcc.dg/torture/dg-torture.exp does not exist.
ERROR: /build/BUILD/gcc/gcc/testsuite/gcc.dg/tree-prof/tree-prof.exp does not exist.
ERROR: /build/BUILD/gcc/gcc/testsuite/gcc.dg/tree-ssa/tree-ssa.exp does not exist.
ERROR: /build/BUILD/gcc/gcc/testsuite/gcc.dg/vect/vect.exp does not exist.
ERROR: /build/BUILD/gcc/gcc/testsuite/gcc.dg/vmx/vmx.exp does not exist.
ERROR: /build/BUILD/gcc/gcc/testsuite/gcc.dg/weak/weak.exp does not exist.
FAIL: gcc.misc-tests/bprob-1.c compilation, -O0 -fprofile-arcs
UNRESOLVED: gcc.misc-tests/bprob-1.c execution, -O0 -fprofile-arcs
UNRESOLVED: gcc.misc-tests/bprob-1.c compilation, -O0 -fbranch-probabilities
UNRESOLVED: gcc.misc-tests/bprob-1.c execution, -O0 -fbranch-probabilities
ERROR: tcl error sourcing /build/BUILD/gcc/gcc/testsuite/gcc.misc-tests/bprob.exp.
ERROR: couldn't open "/build/BUILD/gcc/gcc/testsuite/gcc.misc-tests/bprob-1.c": no such file or directory
ERROR: /build/BUILD/gcc/gcc/testsuite/gcc.misc-tests/dectest.exp does not exist.
ERROR: /build/BUILD/gcc/gcc/testsuite/gcc.misc-tests/dhry.exp does not exist.
ERROR: /build/BUILD/gcc/gcc/testsuite/gcc.misc-tests/gcov.exp does not exist.
ERROR: /build/BUILD/gcc/gcc/testsuite/gcc.misc-tests/i386-prefetch.exp does not exist.
ERROR: /build/BUILD/gcc/gcc/testsuite/gcc.misc-tests/linkage.exp does not exist.
ERROR: /build/BUILD/gcc/gcc/testsuite/gcc.misc-tests/matrix1.exp does not exist.
ERROR: /build/BUILD/gcc/gcc/testsuite/gcc.misc-tests/mg-2.exp does not exist.
ERROR: /build/BUILD/gcc/gcc/testsuite/gcc.misc-tests/mg.exp does not exist.
ERROR: /build/BUILD/gcc/gcc/testsuite/gcc.misc-tests/options.exp does not exist.
ERROR: /build/BUILD/gcc/gcc/testsuite/gcc.misc-tests/sieve.exp does not exist.
ERROR: /build/BUILD/gcc/gcc/testsuite/gcc.misc-tests/sort2.exp does not exist.
=== gcc Summary ===
# of expected passes 10690
# of unexpected failures 11
# of unresolved testcases 10
# of unsupported tests 30
/build/BUILD/gcc/obj-s390-redhat-linux/gcc/xgcc version 4.2.0 20061108 (prerelease)
=== gfortran tests ===
Running target unix
XPASS: gfortran.dg/csqrt_2.f -O0 execution test
XPASS: gfortran.dg/csqrt_2.f -O1 execution test
XPASS: gfortran.dg/csqrt_2.f -O2 execution test
XPASS: gfortran.dg/csqrt_2.f -O3 -fomit-frame-pointer execution test
XPASS: gfortran.dg/csqrt_2.f -O3 -fomit-frame-pointer -funroll-loops execution test
XPASS: gfortran.dg/csqrt_2.f -O3 -fomit-frame-pointer -funroll-all-loops -finline-functions execution test
XPASS: gfortran.dg/csqrt_2.f -O3 -g execution test
XPASS: gfortran.dg/csqrt_2.f -Os execution test
FAIL: gfortran.fortran-torture/execute/where_16.f90 execution, -O3 -fomit-frame-pointer
FAIL: gfortran.fortran-torture/execute/where_16.f90 execution, -O3 -fomit-frame-pointer -funroll-loops
FAIL: gfortran.fortran-torture/execute/where_16.f90 execution, -O3 -fomit-frame-pointer -funroll-all-loops -finline-functions
FAIL: gfortran.fortran-torture/execute/where_16.f90 execution, -O3 -g
=== gfortran Summary ===
# of expected passes 14762
# of unexpected failures 4
# of unexpected successes 8
# of expected failures 6
# of unsupported tests 91
/build/BUILD/gcc/obj-s390-redhat-linux/gcc/testsuite/gfortran/../../gfortran version 4.2.0 20061108 (prerelease)
=== gnat tests ===
Running target unix
=== gnat Summary ===
# of expected passes 34
=== obj-c++ tests ===
Running target unix
FAIL: obj-c++.dg/cxx-ivars-2.mm execution test
FAIL: obj-c++.dg/encode-8.mm execution test
FAIL: obj-c++.dg/isa-field-1.mm (test for excess errors)
FAIL: obj-c++.dg/lookup-2.mm (test for excess errors)
WARNING: obj-c++.dg/lookup-2.mm compilation failed to produce executable
FAIL: obj-c++.dg/try-catch-2.mm (test for excess errors)
WARNING: obj-c++.dg/try-catch-2.mm compilation failed to produce executable
FAIL: obj-c++.dg/try-catch-9.mm (test for excess errors)
WARNING: obj-c++.dg/try-catch-9.mm compilation failed to produce executable
=== obj-c++ Summary ===
# of expected passes 429
# of unexpected failures 6
# of unsupported tests 13
/build/BUILD/gcc/obj-s390-redhat-linux/gcc/testsuite/obj-c++/../../g++ version 4.2.0 20061108 (prerelease)
=== objc tests ===
Running target unix
=== objc Summary ===
# of expected passes 1760
# of expected failures 7
# of unsupported tests 24
/build/BUILD/gcc/obj-s390-redhat-linux/gcc/xgcc version 4.2.0 20061108 (prerelease)
=== libffi tests ===
Running target unix
=== libffi Summary ===
# of expected passes 1084
# of unsupported tests 8
=== libgomp tests ===
Running target unix
FAIL: libgomp.fortran/omp_parse4.f90 -O3 -fomit-frame-pointer execution test
FAIL: libgomp.fortran/omp_parse4.f90 -O3 -fomit-frame-pointer -funroll-loops execution test
FAIL: libgomp.fortran/omp_parse4.f90 -O3 -fomit-frame-pointer -funroll-all-loops -finline-functions execution test
FAIL: libgomp.fortran/omp_parse4.f90 -O3 -g execution test
=== libgomp Summary ===
# of expected passes 1540
# of unexpected failures 4
=== libjava tests ===
Running target unix
=== libjava Summary ===
# of expected passes 7006
# of expected failures 12
# of untested testcases 8
=== libmudflap tests ===
Running target unix
=== libmudflap Summary ===
# of expected passes 1814
=== libstdc++ tests ===
Running target unix
FAIL: abi_check
FAIL: 22_locale/money_get/get/char/11.cc execution test
FAIL: 22_locale/money_get/get/char/12.cc execution test
FAIL: 22_locale/money_get/get/char/13.cc execution test
FAIL: 22_locale/money_get/get/char/15.cc execution test
FAIL: 22_locale/money_get/get/char/16.cc execution test
FAIL: 22_locale/money_get/get/char/3.cc execution test
FAIL: 22_locale/money_get/get/char/4.cc execution test
FAIL: 22_locale/money_get/get/char/5.cc execution test
FAIL: 22_locale/money_get/get/char/wrapped_env.cc execution test
FAIL: 22_locale/money_get/get/char/wrapped_locale.cc execution test
FAIL: 22_locale/money_get/get/wchar_t/11.cc execution test
FAIL: 22_locale/money_get/get/wchar_t/12.cc execution test
FAIL: 22_locale/money_get/get/wchar_t/13.cc execution test
FAIL: 22_locale/money_get/get/wchar_t/15.cc execution test
FAIL: 22_locale/money_get/get/wchar_t/16.cc execution test
FAIL: 22_locale/money_get/get/wchar_t/3.cc execution test
FAIL: 22_locale/money_get/get/wchar_t/4.cc execution test
FAIL: 22_locale/money_get/get/wchar_t/5.cc execution test
FAIL: 22_locale/money_get/get/wchar_t/wrapped_env.cc execution test
FAIL: 22_locale/money_get/get/wchar_t/wrapped_locale.cc execution test
FAIL: 22_locale/num_get/get/char/1.cc execution test
FAIL: 22_locale/num_get/get/char/10.cc execution test
FAIL: 22_locale/num_get/get/char/4.cc execution test
FAIL: 22_locale/num_get/get/char/wrapped_env.cc execution test
FAIL: 22_locale/num_get/get/char/wrapped_locale.cc execution test
FAIL: 22_locale/num_get/get/wchar_t/1.cc execution test
FAIL: 22_locale/num_get/get/wchar_t/10.cc execution test
FAIL: 22_locale/num_get/get/wchar_t/4.cc execution test
FAIL: 22_locale/num_get/get/wchar_t/wrapped_env.cc execution test
FAIL: 22_locale/num_get/get/wchar_t/wrapped_locale.cc execution test
XPASS: 26_numerics/cmath/c99_classification_macros_c.cc (test for excess errors)
FAIL: 26_numerics/complex/13450.cc execution test
FAIL: 26_numerics/complex/complex_inserters_extractors.cc execution test
FAIL: 27_io/basic_istream/extractors_arithmetic/char/01.cc execution test
FAIL: 27_io/basic_istream/extractors_arithmetic/char/12.cc execution test
FAIL: 27_io/basic_istream/extractors_arithmetic/wchar_t/01.cc execution test
FAIL: 27_io/basic_istream/extractors_arithmetic/wchar_t/12.cc execution test
=== libstdc++ Summary ===
# of expected passes 4416
# of unexpected failures 37
# of unexpected successes 1
# of expected failures 15
Compiler version: 4.2.0 20061108 (prerelease)
Platform: s390-ibm-linux-gnu
configure flags: --prefix=/usr --mandir=/usr/share/man --infodir=/usr/share/info --enable-shared --enable-threads=posix --enable-checking=release --with-system-zlib --enable-__cxa_atexit --disable-libunwind-exceptions --host=s390-redhat-linux --enable-languages=c,ada,c++,fortran,java,objc,obj-c++