This is the mail archive of the
gcc-testresults@gcc.gnu.org
mailing list for the GCC project.
Results for 4.3.0 20061107 (experimental) testsuite on x86_64-redhat-linux-gnu
- From: Grigory Zagorodnev <grigory_zagorodnev at linux dot intel dot com>
- To: gcc-testresults at gcc dot gnu dot org
- Date: Wed, 8 Nov 2006 00:02:28 +0300
- Subject: Results for 4.3.0 20061107 (experimental) testsuite on x86_64-redhat-linux-gnu
LAST_UPDATED: Tue Nov 7 17:25:13 UTC 2006 (revision 118554)
Native configuration is x86_64-redhat-linux-gnu
=== g++ tests ===
Running target unix
XPASS: g++.dg/tree-ssa/ivopts-1.C scan-tree-dump-not &x\[5\]
=== g++ Summary ===
# of expected passes 13156
# of unexpected successes 1
# of expected failures 68
# of unsupported tests 102
/home/testbot/bootstrap/006889/bld/gcc/testsuite/g++/../../g++ version 4.3.0 20061107 (experimental)
=== gcc tests ===
Running target unix
FAIL: gcc.c-torture/execute/mayalias-2.c compilation, -O3 -g (internal compiler error)
UNRESOLVED: gcc.c-torture/execute/mayalias-2.c execution, -O3 -g
FAIL: gcc.dg/builtin-bswap-2.c (test for excess errors)
WARNING: gcc.dg/builtin-bswap-2.c compilation failed to produce executable
FAIL: gcc.dg/builtin-bswap-3.c (test for excess errors)
WARNING: gcc.dg/builtin-bswap-3.c compilation failed to produce executable
FAIL: gcc.dg/builtin-bswap-4.c (test for excess errors)
WARNING: gcc.dg/builtin-bswap-4.c compilation failed to produce executable
FAIL: gcc.dg/inline-16.c (test for excess errors)
WARNING: gcc.dg/torture/fp-int-convert-float128-timode.c -O0 compilation failed to produce executable
WARNING: gcc.dg/torture/fp-int-convert-float128-timode.c -O1 compilation failed to produce executable
WARNING: gcc.dg/torture/fp-int-convert-float128-timode.c -O2 compilation failed to produce executable
WARNING: gcc.dg/torture/fp-int-convert-float128-timode.c -O3 -fomit-frame-pointer compilation failed to produce executable
WARNING: gcc.dg/torture/fp-int-convert-float128-timode.c -O3 -g compilation failed to produce executable
WARNING: gcc.dg/torture/fp-int-convert-float128-timode.c -Os compilation failed to produce executable
WARNING: gcc.dg/torture/fp-int-convert-float128.c -O0 compilation failed to produce executable
WARNING: gcc.dg/torture/fp-int-convert-float128.c -O1 compilation failed to produce executable
WARNING: gcc.dg/torture/fp-int-convert-float128.c -O2 compilation failed to produce executable
WARNING: gcc.dg/torture/fp-int-convert-float128.c -O3 -fomit-frame-pointer compilation failed to produce executable
WARNING: gcc.dg/torture/fp-int-convert-float128.c -O3 -g compilation failed to produce executable
WARNING: gcc.dg/torture/fp-int-convert-float128.c -Os compilation failed to produce executable
FAIL: gcc.dg/tree-ssa/loadpre1.c scan-tree-dump-times Eliminated: 1 1
FAIL: gcc.dg/tree-ssa/loadpre14.c scan-tree-dump-times Eliminated: 1 1
FAIL: gcc.dg/tree-ssa/loadpre15.c scan-tree-dump-times Eliminated: 1 1
FAIL: gcc.target/i386/builtin-bswap-1.c (test for excess errors)
ERROR: gcc.target/i386/builtin-bswap-1.c: error executing dg-final: couldn't open "builtin-bswap-1.s": no such file or directory
UNRESOLVED: gcc.target/i386/builtin-bswap-1.c: error executing dg-final: couldn't open "builtin-bswap-1.s": no such file or directory
=== gcc Summary ===
# of expected passes 41861
# of unexpected failures 9
# of expected failures 123
# of unresolved testcases 2
# of untested testcases 28
# of unsupported tests 393
/home/testbot/bootstrap/006889/bld/gcc/xgcc version 4.3.0 20061107 (experimental)
=== gfortran tests ===
Running target unix
FAIL: gfortran.dg/csqrt_2.f -O0 execution test
FAIL: gfortran.dg/csqrt_2.f -O1 execution test
FAIL: gfortran.dg/csqrt_2.f -O2 execution test
FAIL: gfortran.dg/csqrt_2.f -O3 -fomit-frame-pointer execution test
FAIL: gfortran.dg/csqrt_2.f -O3 -fomit-frame-pointer -funroll-loops execution test
FAIL: gfortran.dg/csqrt_2.f -O3 -fomit-frame-pointer -funroll-all-loops -finline-functions execution test
FAIL: gfortran.dg/csqrt_2.f -O3 -g execution test
FAIL: gfortran.dg/csqrt_2.f -Os execution test
=== gfortran Summary ===
# of expected passes 15088
# of unexpected failures 8
# of expected failures 7
# of unsupported tests 17
/home/testbot/bootstrap/006889/bld/gcc/testsuite/gfortran/../../gfortran version 4.3.0 20061107 (experimental)
=== objc tests ===
Running target unix
=== objc Summary ===
# of expected passes 1760
# of expected failures 7
# of unsupported tests 24
/home/testbot/bootstrap/006889/bld/gcc/xgcc version 4.3.0 20061107 (experimental)
=== libffi tests ===
Running target unix
=== libffi Summary ===
# of expected passes 1084
# of unsupported tests 8
=== libgomp tests ===
Running target unix
FAIL: libgomp.c/atomic-2.c (test for excess errors)
WARNING: libgomp.c/atomic-2.c compilation failed to produce executable
FAIL: libgomp.c++/ctor-7.C -O3 -fomit-frame-pointer execution test
FAIL: libgomp.fortran/pr29629.f90 -O0 execution test
=== libgomp Summary ===
# of expected passes 1540
# of unexpected failures 3
=== libjava tests ===
Running target unix
FAIL: simple run
FAIL: /home/testbot/bootstrap/006889/src/libjava/testsuite/libjava.jar/simple.jar execution - gij test
FAIL: bytebuffer execution - gij test
FAIL: calls execution - gij test
FAIL: martin execution - gij test
FAIL: ArrayStore execution - gij test
FAIL: ArrayStore2 execution - gij test
FAIL: Class_1 execution - gij test
FAIL: Divide_1 execution - gij test
FAIL: ExtraClassLoader execution - gij test
FAIL: FileHandleGcTest execution - gij test
FAIL: FileHandleGcTest execution - gij test
FAIL: Final execution - gij test
FAIL: Float_1 execution - gij test
FAIL: G19990301_01 execution - gij test
FAIL: G19990304_01 execution - gij test
FAIL: InvokeInterface execution - gij test
FAIL: InvokeInterface execution - gij test
FAIL: KeepInline execution - gij test
FAIL: N19990310_3 execution - gij test
FAIL: Overflow execution - gij test
FAIL: PR12416 execution - gij test
FAIL: PR16867 execution - gij test
FAIL: PR18699 -findirect-dispatch execution - bytecode->native test
FAIL: PR20056 execution - gij test
FAIL: PR242 execution - gij test
FAIL: PR25535 execution - gij test
FAIL: PR29013 execution - gij test
FAIL: PR6729 execution - gij test
FAIL: Process_4 execution - gij test
FAIL: SyncTest execution - source compiled test
FAIL: Thread_Alive execution - gij test
FAIL: anon execution - gij test
FAIL: anon4 execution - gij test
FAIL: direct_read execution - gij test
FAIL: err2 execution - gij test
FAIL: err3 execution - gij test
FAIL: err7 execution - gij test
FAIL: initexc execution - gij test
FAIL: inner3 execution - gij test
FAIL: instance execution - gij test
FAIL: klass execution - gij test
FAIL: multiple_finit execution - gij test
FAIL: pr25676 execution - gij test
FAIL: pr8823 execution - gij test
FAIL: pr8945 execution - gij test
FAIL: private_direct_read execution - gij test
FAIL: stringconst execution - gij test
FAIL: tp execution - gij test
FAIL: update_outer execution - gij test
FAIL: utilTest execution - gij test
FAIL: utilTest -O3 execution - bytecode->native test
FAIL: utilTest execution - gij test
=== libjava Summary ===
# of expected passes 6901
# of unexpected failures 53
# of expected failures 12
# of untested testcases 61
=== libmudflap tests ===
Running target unix
=== libmudflap Summary ===
# of expected passes 1814
=== libstdc++ tests ===
Running target unix
XPASS: 26_numerics/cmath/c99_classification_macros_c.cc (test for excess errors)
XPASS: 27_io/fpos/14320-1.cc execution test
=== libstdc++ Summary ===
# of expected passes 4453
# of unexpected successes 2
# of expected failures 14
Compiler version: 4.3.0 20061107 (experimental)
Platform: x86_64-redhat-linux-gnu
configure flags: --prefix=/home/testbot/bootstrap/006889/usr --program-suffix=-43 -enable-shared --enable-threads=posix --enable-checking --with-system-zlib --enable-__cxa_atexit --host=x86_64-redhat-linux --enable-languages=c,c++,fortran,java,objc