This is the mail archive of the gcc-testresults@gcc.gnu.org mailing list for the GCC project.
Index Nav: | [Date Index] [Subject Index] [Author Index] [Thread Index] | |
---|---|---|
Message Nav: | [Date Prev] [Date Next] | [Thread Prev] [Thread Next] |
Other format: | [Raw text] |
Ubuntu 5 on pentium3-smp cross tool versions: GNU assembler 2.17.50 20061105 GNU gdb 6.5.50.20061105-cvs GNU ld version 2.17.50 20061105 GNU Make 3.80 expect version 5.42.1 host gcc version: gcc (GCC) 4.3.0 20061104 (experimental) LAST_UPDATED: Sun Nov 5 01:21:30 UTC 2006 (revision 118491) Target is mn10300-unknown-elf Host is i686-pc-linux-gnu === gcc tests === Running target mn10300-sim FAIL: gcc.c-torture/compile/20020604-1.c -O3 -fomit-frame-pointer -funroll-loops (internal compiler error) FAIL: gcc.c-torture/compile/20020604-1.c -O3 -fomit-frame-pointer -funroll-loops (test for excess errors) FAIL: gcc.c-torture/compile/20020604-1.c -O3 -fomit-frame-pointer -funroll-all-loops -finline-functions (internal compiler error) FAIL: gcc.c-torture/compile/20020604-1.c -O3 -fomit-frame-pointer -funroll-all-loops -finline-functions (test for excess errors) FAIL: gcc.c-torture/compile/920501-4.c -O1 (internal compiler error) FAIL: gcc.c-torture/compile/920501-4.c -O1 (test for excess errors) FAIL: gcc.c-torture/compile/920501-4.c -O2 (internal compiler error) FAIL: gcc.c-torture/compile/920501-4.c -O2 (test for excess errors) FAIL: gcc.c-torture/compile/920501-4.c -O3 -fomit-frame-pointer (internal compiler error) FAIL: gcc.c-torture/compile/920501-4.c -O3 -fomit-frame-pointer (test for excess errors) FAIL: gcc.c-torture/compile/920501-4.c -O3 -fomit-frame-pointer -funroll-loops (internal compiler error) FAIL: gcc.c-torture/compile/920501-4.c -O3 -fomit-frame-pointer -funroll-loops (test for excess errors) FAIL: gcc.c-torture/compile/920501-4.c -O3 -fomit-frame-pointer -funroll-all-loops -finline-functions (internal compiler error) FAIL: gcc.c-torture/compile/920501-4.c -O3 -fomit-frame-pointer -funroll-all-loops -finline-functions (test for excess errors) FAIL: gcc.c-torture/compile/920501-4.c -O3 -g (internal compiler error) FAIL: gcc.c-torture/compile/920501-4.c -O3 -g (test for excess errors) FAIL: gcc.c-torture/compile/920501-4.c -Os (internal compiler error) FAIL: gcc.c-torture/compile/920501-4.c -Os (test for excess errors) FAIL: gcc.c-torture/compile/921116-2.c -O1 (internal compiler error) FAIL: gcc.c-torture/compile/921116-2.c -O1 (test for excess errors) FAIL: gcc.c-torture/compile/921116-2.c -O2 (internal compiler error) FAIL: gcc.c-torture/compile/921116-2.c -O2 (test for excess errors) FAIL: gcc.c-torture/compile/921116-2.c -O3 -fomit-frame-pointer (internal compiler error) FAIL: gcc.c-torture/compile/921116-2.c -O3 -fomit-frame-pointer (test for excess errors) FAIL: gcc.c-torture/compile/921116-2.c -O3 -g (internal compiler error) FAIL: gcc.c-torture/compile/921116-2.c -O3 -g (test for excess errors) FAIL: gcc.c-torture/compile/921116-2.c -Os (internal compiler error) FAIL: gcc.c-torture/compile/921116-2.c -Os (test for excess errors) FAIL: gcc.c-torture/compile/931003-1.c -O1 (internal compiler error) FAIL: gcc.c-torture/compile/931003-1.c -O1 (test for excess errors) FAIL: gcc.c-torture/compile/931003-1.c -O2 (internal compiler error) FAIL: gcc.c-torture/compile/931003-1.c -O2 (test for excess errors) FAIL: gcc.c-torture/compile/931003-1.c -O3 -fomit-frame-pointer (internal compiler error) FAIL: gcc.c-torture/compile/931003-1.c -O3 -fomit-frame-pointer (test for excess errors) FAIL: gcc.c-torture/compile/931003-1.c -O3 -fomit-frame-pointer -funroll-loops (internal compiler error) FAIL: gcc.c-torture/compile/931003-1.c -O3 -fomit-frame-pointer -funroll-loops (test for excess errors) FAIL: gcc.c-torture/compile/931003-1.c -O3 -fomit-frame-pointer -funroll-all-loops -finline-functions (internal compiler error) FAIL: gcc.c-torture/compile/931003-1.c -O3 -fomit-frame-pointer -funroll-all-loops -finline-functions (test for excess errors) FAIL: gcc.c-torture/compile/931003-1.c -O3 -g (internal compiler error) FAIL: gcc.c-torture/compile/931003-1.c -O3 -g (test for excess errors) FAIL: gcc.c-torture/compile/931003-1.c -Os (internal compiler error) FAIL: gcc.c-torture/compile/931003-1.c -Os (test for excess errors) FAIL: gcc.c-torture/compile/981006-1.c -O0 (internal compiler error) FAIL: gcc.c-torture/compile/981006-1.c -O0 (test for excess errors) FAIL: gcc.c-torture/compile/981006-1.c -O1 (internal compiler error) FAIL: gcc.c-torture/compile/981006-1.c -O1 (test for excess errors) FAIL: gcc.c-torture/compile/981006-1.c -O2 (internal compiler error) FAIL: gcc.c-torture/compile/981006-1.c -O2 (test for excess errors) FAIL: gcc.c-torture/compile/981006-1.c -O3 -fomit-frame-pointer (internal compiler error) FAIL: gcc.c-torture/compile/981006-1.c -O3 -fomit-frame-pointer (test for excess errors) FAIL: gcc.c-torture/compile/981006-1.c -O3 -g (internal compiler error) FAIL: gcc.c-torture/compile/981006-1.c -O3 -g (test for excess errors) FAIL: gcc.c-torture/compile/981006-1.c -Os (internal compiler error) FAIL: gcc.c-torture/compile/981006-1.c -Os (test for excess errors) FAIL: gcc.c-torture/compile/990517-1.c -O1 (internal compiler error) FAIL: gcc.c-torture/compile/990517-1.c -O1 (test for excess errors) FAIL: gcc.c-torture/compile/990517-1.c -O2 (internal compiler error) FAIL: gcc.c-torture/compile/990517-1.c -O2 (test for excess errors) FAIL: gcc.c-torture/compile/990517-1.c -O3 -fomit-frame-pointer (internal compiler error) FAIL: gcc.c-torture/compile/990517-1.c -O3 -fomit-frame-pointer (test for excess errors) FAIL: gcc.c-torture/compile/990517-1.c -O3 -fomit-frame-pointer -funroll-loops (internal compiler error) FAIL: gcc.c-torture/compile/990517-1.c -O3 -fomit-frame-pointer -funroll-loops (test for excess errors) FAIL: gcc.c-torture/compile/990517-1.c -O3 -fomit-frame-pointer -funroll-all-loops -finline-functions (internal compiler error) FAIL: gcc.c-torture/compile/990517-1.c -O3 -fomit-frame-pointer -funroll-all-loops -finline-functions (test for excess errors) FAIL: gcc.c-torture/compile/990517-1.c -O3 -g (internal compiler error) FAIL: gcc.c-torture/compile/990517-1.c -O3 -g (test for excess errors) FAIL: gcc.c-torture/compile/990517-1.c -Os (internal compiler error) FAIL: gcc.c-torture/compile/990517-1.c -Os (test for excess errors) FAIL: gcc.c-torture/compile/pr23929.c -O3 -fomit-frame-pointer -funroll-loops (internal compiler error) FAIL: gcc.c-torture/compile/pr23929.c -O3 -fomit-frame-pointer -funroll-loops (test for excess errors) FAIL: gcc.c-torture/compile/pr23929.c -O3 -fomit-frame-pointer -funroll-all-loops -finline-functions (internal compiler error) FAIL: gcc.c-torture/compile/pr23929.c -O3 -fomit-frame-pointer -funroll-all-loops -finline-functions (test for excess errors) FAIL: gcc.c-torture/execute/builtins/memops-asm.c compilation, -O0 UNRESOLVED: gcc.c-torture/execute/builtins/memops-asm.c execution, -O0 FAIL: gcc.c-torture/execute/builtins/memops-asm.c compilation, -O1 UNRESOLVED: gcc.c-torture/execute/builtins/memops-asm.c execution, -O1 FAIL: gcc.c-torture/execute/builtins/memops-asm.c compilation, -O2 UNRESOLVED: gcc.c-torture/execute/builtins/memops-asm.c execution, -O2 FAIL: gcc.c-torture/execute/builtins/memops-asm.c compilation, -O3 -fomit-frame-pointer UNRESOLVED: gcc.c-torture/execute/builtins/memops-asm.c execution, -O3 -fomit-frame-pointer FAIL: gcc.c-torture/execute/builtins/memops-asm.c compilation, -O3 -g UNRESOLVED: gcc.c-torture/execute/builtins/memops-asm.c execution, -O3 -g FAIL: gcc.c-torture/execute/builtins/memops-asm.c compilation, -Os UNRESOLVED: gcc.c-torture/execute/builtins/memops-asm.c execution, -Os FAIL: gcc.c-torture/execute/builtins/strstr-asm.c compilation, -O0 UNRESOLVED: gcc.c-torture/execute/builtins/strstr-asm.c execution, -O0 FAIL: gcc.c-torture/execute/builtins/strstr-asm.c compilation, -O1 UNRESOLVED: gcc.c-torture/execute/builtins/strstr-asm.c execution, -O1 FAIL: gcc.c-torture/execute/builtins/strstr-asm.c compilation, -O2 UNRESOLVED: gcc.c-torture/execute/builtins/strstr-asm.c execution, -O2 FAIL: gcc.c-torture/execute/builtins/strstr-asm.c compilation, -O3 -fomit-frame-pointer UNRESOLVED: gcc.c-torture/execute/builtins/strstr-asm.c execution, -O3 -fomit-frame-pointer FAIL: gcc.c-torture/execute/builtins/strstr-asm.c compilation, -O3 -g UNRESOLVED: gcc.c-torture/execute/builtins/strstr-asm.c execution, -O3 -g FAIL: gcc.c-torture/execute/builtins/strstr-asm.c compilation, -Os UNRESOLVED: gcc.c-torture/execute/builtins/strstr-asm.c execution, -Os FAIL: gcc.c-torture/execute/20020402-1.c compilation, -O1 (internal compiler error) UNRESOLVED: gcc.c-torture/execute/20020402-1.c execution, -O1 FAIL: gcc.c-torture/execute/20020402-1.c compilation, -O2 (internal compiler error) UNRESOLVED: gcc.c-torture/execute/20020402-1.c execution, -O2 FAIL: gcc.c-torture/execute/20020402-1.c compilation, -O3 -fomit-frame-pointer (internal compiler error) UNRESOLVED: gcc.c-torture/execute/20020402-1.c execution, -O3 -fomit-frame-pointer FAIL: gcc.c-torture/execute/20020402-1.c compilation, -O3 -fomit-frame-pointer -funroll-loops (internal compiler error) UNRESOLVED: gcc.c-torture/execute/20020402-1.c execution, -O3 -fomit-frame-pointer -funroll-loops FAIL: gcc.c-torture/execute/20020402-1.c compilation, -O3 -fomit-frame-pointer -funroll-all-loops -finline-functions (internal compiler error) UNRESOLVED: gcc.c-torture/execute/20020402-1.c execution, -O3 -fomit-frame-pointer -funroll-all-loops -finline-functions FAIL: gcc.c-torture/execute/20020402-1.c compilation, -O3 -g (internal compiler error) UNRESOLVED: gcc.c-torture/execute/20020402-1.c execution, -O3 -g FAIL: gcc.c-torture/execute/20020402-1.c compilation, -Os (internal compiler error) UNRESOLVED: gcc.c-torture/execute/20020402-1.c execution, -Os FAIL: gcc.c-torture/execute/20020402-3.c compilation, -O3 -fomit-frame-pointer (internal compiler error) UNRESOLVED: gcc.c-torture/execute/20020402-3.c execution, -O3 -fomit-frame-pointer FAIL: gcc.c-torture/execute/20020402-3.c compilation, -O3 -fomit-frame-pointer -funroll-loops (internal compiler error) UNRESOLVED: gcc.c-torture/execute/20020402-3.c execution, -O3 -fomit-frame-pointer -funroll-loops FAIL: gcc.c-torture/execute/20020402-3.c compilation, -O3 -fomit-frame-pointer -funroll-all-loops -finline-functions (internal compiler error) UNRESOLVED: gcc.c-torture/execute/20020402-3.c execution, -O3 -fomit-frame-pointer -funroll-all-loops -finline-functions FAIL: gcc.c-torture/execute/20020402-3.c compilation, -O3 -g (internal compiler error) UNRESOLVED: gcc.c-torture/execute/20020402-3.c execution, -O3 -g FAIL: gcc.c-torture/execute/20030606-1.c compilation, -O3 -fomit-frame-pointer (internal compiler error) UNRESOLVED: gcc.c-torture/execute/20030606-1.c execution, -O3 -fomit-frame-pointer FAIL: gcc.c-torture/execute/20030606-1.c compilation, -O3 -g (internal compiler error) UNRESOLVED: gcc.c-torture/execute/20030606-1.c execution, -O3 -g FAIL: gcc.c-torture/execute/20041126-1.c compilation, -O1 (internal compiler error) UNRESOLVED: gcc.c-torture/execute/20041126-1.c execution, -O1 FAIL: gcc.c-torture/execute/920501-5.c compilation, -O1 (internal compiler error) UNRESOLVED: gcc.c-torture/execute/920501-5.c execution, -O1 FAIL: gcc.c-torture/execute/920501-5.c compilation, -O2 (internal compiler error) UNRESOLVED: gcc.c-torture/execute/920501-5.c execution, -O2 FAIL: gcc.c-torture/execute/920501-5.c compilation, -O3 -fomit-frame-pointer (internal compiler error) UNRESOLVED: gcc.c-torture/execute/920501-5.c execution, -O3 -fomit-frame-pointer FAIL: gcc.c-torture/execute/920501-5.c compilation, -O3 -g (internal compiler error) UNRESOLVED: gcc.c-torture/execute/920501-5.c execution, -O3 -g FAIL: gcc.c-torture/execute/920501-5.c compilation, -Os (internal compiler error) UNRESOLVED: gcc.c-torture/execute/920501-5.c execution, -Os FAIL: gcc.c-torture/execute/930614-2.c compilation, -Os (internal compiler error) UNRESOLVED: gcc.c-torture/execute/930614-2.c execution, -Os FAIL: gcc.c-torture/execute/930628-1.c compilation, -O1 (internal compiler error) UNRESOLVED: gcc.c-torture/execute/930628-1.c execution, -O1 FAIL: gcc.c-torture/execute/930628-1.c compilation, -Os (internal compiler error) UNRESOLVED: gcc.c-torture/execute/930628-1.c execution, -Os FAIL: gcc.c-torture/execute/930921-1.c compilation, -O3 -fomit-frame-pointer -funroll-loops (internal compiler error) UNRESOLVED: gcc.c-torture/execute/930921-1.c execution, -O3 -fomit-frame-pointer -funroll-loops FAIL: gcc.c-torture/execute/930921-1.c compilation, -O3 -fomit-frame-pointer -funroll-all-loops -finline-functions (internal compiler error) UNRESOLVED: gcc.c-torture/execute/930921-1.c execution, -O3 -fomit-frame-pointer -funroll-all-loops -finline-functions FAIL: gcc.c-torture/execute/990531-1.c compilation, -O1 (internal compiler error) UNRESOLVED: gcc.c-torture/execute/990531-1.c execution, -O1 FAIL: gcc.c-torture/execute/990531-1.c compilation, -O2 (internal compiler error) UNRESOLVED: gcc.c-torture/execute/990531-1.c execution, -O2 FAIL: gcc.c-torture/execute/990531-1.c compilation, -O3 -fomit-frame-pointer (internal compiler error) UNRESOLVED: gcc.c-torture/execute/990531-1.c execution, -O3 -fomit-frame-pointer FAIL: gcc.c-torture/execute/990531-1.c compilation, -O3 -g (internal compiler error) UNRESOLVED: gcc.c-torture/execute/990531-1.c execution, -O3 -g FAIL: gcc.c-torture/execute/990531-1.c compilation, -Os (internal compiler error) UNRESOLVED: gcc.c-torture/execute/990531-1.c execution, -Os FAIL: gcc.c-torture/execute/991228-1.c compilation, -O1 (internal compiler error) UNRESOLVED: gcc.c-torture/execute/991228-1.c execution, -O1 FAIL: gcc.c-torture/execute/991228-1.c compilation, -O2 (internal compiler error) UNRESOLVED: gcc.c-torture/execute/991228-1.c execution, -O2 FAIL: gcc.c-torture/execute/991228-1.c compilation, -O3 -fomit-frame-pointer (internal compiler error) UNRESOLVED: gcc.c-torture/execute/991228-1.c execution, -O3 -fomit-frame-pointer FAIL: gcc.c-torture/execute/991228-1.c compilation, -O3 -g (internal compiler error) UNRESOLVED: gcc.c-torture/execute/991228-1.c execution, -O3 -g FAIL: gcc.c-torture/execute/991228-1.c compilation, -Os (internal compiler error) UNRESOLVED: gcc.c-torture/execute/991228-1.c execution, -Os FAIL: gcc.c-torture/execute/cbrt.c compilation, -O1 (internal compiler error) UNRESOLVED: gcc.c-torture/execute/cbrt.c execution, -O1 FAIL: gcc.c-torture/execute/cbrt.c compilation, -O2 (internal compiler error) UNRESOLVED: gcc.c-torture/execute/cbrt.c execution, -O2 FAIL: gcc.c-torture/execute/cbrt.c compilation, -O3 -fomit-frame-pointer (internal compiler error) UNRESOLVED: gcc.c-torture/execute/cbrt.c execution, -O3 -fomit-frame-pointer FAIL: gcc.c-torture/execute/cbrt.c compilation, -O3 -g (internal compiler error) UNRESOLVED: gcc.c-torture/execute/cbrt.c execution, -O3 -g FAIL: gcc.c-torture/execute/cbrt.c compilation, -Os (internal compiler error) UNRESOLVED: gcc.c-torture/execute/cbrt.c execution, -Os FAIL: gcc.c-torture/execute/loop-1.c compilation, -O1 (internal compiler error) UNRESOLVED: gcc.c-torture/execute/loop-1.c execution, -O1 FAIL: gcc.c-torture/execute/loop-1.c compilation, -O2 (internal compiler error) UNRESOLVED: gcc.c-torture/execute/loop-1.c execution, -O2 FAIL: gcc.c-torture/execute/loop-1.c compilation, -O3 -fomit-frame-pointer (internal compiler error) UNRESOLVED: gcc.c-torture/execute/loop-1.c execution, -O3 -fomit-frame-pointer FAIL: gcc.c-torture/execute/loop-1.c compilation, -O3 -fomit-frame-pointer -funroll-loops (internal compiler error) UNRESOLVED: gcc.c-torture/execute/loop-1.c execution, -O3 -fomit-frame-pointer -funroll-loops FAIL: gcc.c-torture/execute/loop-1.c compilation, -O3 -fomit-frame-pointer -funroll-all-loops -finline-functions (internal compiler error) UNRESOLVED: gcc.c-torture/execute/loop-1.c execution, -O3 -fomit-frame-pointer -funroll-all-loops -finline-functions FAIL: gcc.c-torture/execute/loop-1.c compilation, -O3 -g (internal compiler error) UNRESOLVED: gcc.c-torture/execute/loop-1.c execution, -O3 -g FAIL: gcc.c-torture/execute/loop-1.c compilation, -Os (internal compiler error) UNRESOLVED: gcc.c-torture/execute/loop-1.c execution, -Os FAIL: gcc.c-torture/execute/loop-15.c compilation, -O1 (internal compiler error) UNRESOLVED: gcc.c-torture/execute/loop-15.c execution, -O1 FAIL: gcc.c-torture/execute/loop-15.c compilation, -O2 (internal compiler error) UNRESOLVED: gcc.c-torture/execute/loop-15.c execution, -O2 FAIL: gcc.c-torture/execute/loop-15.c compilation, -O3 -fomit-frame-pointer (internal compiler error) UNRESOLVED: gcc.c-torture/execute/loop-15.c execution, -O3 -fomit-frame-pointer FAIL: gcc.c-torture/execute/loop-15.c compilation, -O3 -fomit-frame-pointer -funroll-loops (internal compiler error) UNRESOLVED: gcc.c-torture/execute/loop-15.c execution, -O3 -fomit-frame-pointer -funroll-loops FAIL: gcc.c-torture/execute/loop-15.c compilation, -O3 -fomit-frame-pointer -funroll-all-loops -finline-functions (internal compiler error) UNRESOLVED: gcc.c-torture/execute/loop-15.c execution, -O3 -fomit-frame-pointer -funroll-all-loops -finline-functions FAIL: gcc.c-torture/execute/loop-15.c compilation, -O3 -g (internal compiler error) UNRESOLVED: gcc.c-torture/execute/loop-15.c execution, -O3 -g FAIL: gcc.c-torture/execute/loop-5.c compilation, -O1 (internal compiler error) UNRESOLVED: gcc.c-torture/execute/loop-5.c execution, -O1 FAIL: gcc.c-torture/execute/loop-5.c compilation, -O2 (internal compiler error) UNRESOLVED: gcc.c-torture/execute/loop-5.c execution, -O2 FAIL: gcc.c-torture/execute/loop-5.c compilation, -Os (internal compiler error) UNRESOLVED: gcc.c-torture/execute/loop-5.c execution, -Os FAIL: gcc.c-torture/execute/mayalias-2.c compilation, -O3 -g (internal compiler error) UNRESOLVED: gcc.c-torture/execute/mayalias-2.c execution, -O3 -g FAIL: gcc.c-torture/execute/multi-ix.c execution, -O0 FAIL: gcc.c-torture/execute/multi-ix.c compilation, -O1 (internal compiler error) UNRESOLVED: gcc.c-torture/execute/multi-ix.c execution, -O1 FAIL: gcc.c-torture/execute/multi-ix.c compilation, -O2 (internal compiler error) UNRESOLVED: gcc.c-torture/execute/multi-ix.c execution, -O2 FAIL: gcc.c-torture/execute/multi-ix.c compilation, -O3 -fomit-frame-pointer (internal compiler error) UNRESOLVED: gcc.c-torture/execute/multi-ix.c execution, -O3 -fomit-frame-pointer FAIL: gcc.c-torture/execute/multi-ix.c compilation, -O3 -fomit-frame-pointer -funroll-loops (internal compiler error) UNRESOLVED: gcc.c-torture/execute/multi-ix.c execution, -O3 -fomit-frame-pointer -funroll-loops FAIL: gcc.c-torture/execute/multi-ix.c compilation, -O3 -fomit-frame-pointer -funroll-all-loops -finline-functions (internal compiler error) UNRESOLVED: gcc.c-torture/execute/multi-ix.c execution, -O3 -fomit-frame-pointer -funroll-all-loops -finline-functions FAIL: gcc.c-torture/execute/multi-ix.c compilation, -O3 -g (internal compiler error) UNRESOLVED: gcc.c-torture/execute/multi-ix.c execution, -O3 -g FAIL: gcc.c-torture/execute/multi-ix.c compilation, -Os (internal compiler error) UNRESOLVED: gcc.c-torture/execute/multi-ix.c execution, -Os FAIL: gcc.c-torture/execute/pr20621-1.c compilation, -O1 (internal compiler error) UNRESOLVED: gcc.c-torture/execute/pr20621-1.c execution, -O1 FAIL: gcc.c-torture/execute/pr20621-1.c compilation, -O2 (internal compiler error) UNRESOLVED: gcc.c-torture/execute/pr20621-1.c execution, -O2 FAIL: gcc.c-torture/execute/pr20621-1.c compilation, -O3 -fomit-frame-pointer (internal compiler error) UNRESOLVED: gcc.c-torture/execute/pr20621-1.c execution, -O3 -fomit-frame-pointer FAIL: gcc.c-torture/execute/pr20621-1.c compilation, -O3 -g (internal compiler error) UNRESOLVED: gcc.c-torture/execute/pr20621-1.c execution, -O3 -g FAIL: gcc.c-torture/execute/pr20621-1.c compilation, -Os (internal compiler error) UNRESOLVED: gcc.c-torture/execute/pr20621-1.c execution, -Os FAIL: gcc.c-torture/execute/stdarg-3.c compilation, -O1 (internal compiler error) UNRESOLVED: gcc.c-torture/execute/stdarg-3.c execution, -O1 FAIL: gcc.c-torture/execute/stdarg-3.c compilation, -O2 (internal compiler error) UNRESOLVED: gcc.c-torture/execute/stdarg-3.c execution, -O2 FAIL: gcc.c-torture/execute/stdarg-3.c compilation, -O3 -fomit-frame-pointer (internal compiler error) UNRESOLVED: gcc.c-torture/execute/stdarg-3.c execution, -O3 -fomit-frame-pointer FAIL: gcc.c-torture/execute/stdarg-3.c compilation, -O3 -fomit-frame-pointer -funroll-loops (internal compiler error) UNRESOLVED: gcc.c-torture/execute/stdarg-3.c execution, -O3 -fomit-frame-pointer -funroll-loops FAIL: gcc.c-torture/execute/stdarg-3.c compilation, -O3 -fomit-frame-pointer -funroll-all-loops -finline-functions (internal compiler error) UNRESOLVED: gcc.c-torture/execute/stdarg-3.c execution, -O3 -fomit-frame-pointer -funroll-all-loops -finline-functions FAIL: gcc.c-torture/execute/stdarg-3.c compilation, -O3 -g (internal compiler error) UNRESOLVED: gcc.c-torture/execute/stdarg-3.c execution, -O3 -g FAIL: gcc.c-torture/execute/va-arg-22.c compilation, -O2 (internal compiler error) UNRESOLVED: gcc.c-torture/execute/va-arg-22.c execution, -O2 FAIL: gcc.c-torture/execute/va-arg-22.c compilation, -O3 -fomit-frame-pointer (internal compiler error) UNRESOLVED: gcc.c-torture/execute/va-arg-22.c execution, -O3 -fomit-frame-pointer FAIL: gcc.c-torture/execute/va-arg-22.c compilation, -O3 -fomit-frame-pointer -funroll-loops (internal compiler error) UNRESOLVED: gcc.c-torture/execute/va-arg-22.c execution, -O3 -fomit-frame-pointer -funroll-loops FAIL: gcc.c-torture/execute/va-arg-22.c compilation, -O3 -fomit-frame-pointer -funroll-all-loops -finline-functions (internal compiler error) UNRESOLVED: gcc.c-torture/execute/va-arg-22.c execution, -O3 -fomit-frame-pointer -funroll-all-loops -finline-functions FAIL: gcc.c-torture/execute/va-arg-22.c compilation, -O3 -g (internal compiler error) UNRESOLVED: gcc.c-torture/execute/va-arg-22.c execution, -O3 -g FAIL: gcc.c-torture/unsorted/arr.c, -O1 (internal compiler error) FAIL: gcc.c-torture/unsorted/arr.c, -O2 (internal compiler error) FAIL: gcc.c-torture/unsorted/arr.c, -O3 -fomit-frame-pointer (internal compiler error) FAIL: gcc.c-torture/unsorted/arr.c, -O3 -g (internal compiler error) FAIL: gcc.c-torture/unsorted/arr.c, -Os (internal compiler error) WARNING: program timed out. FAIL: tmpdir-gcc.dg-struct-layout-1/t001 c_compat_x_tst.o-c_compat_y_tst.o execute FAIL: tmpdir-gcc.dg-struct-layout-1/t002 c_compat_x_tst.o-c_compat_y_tst.o execute FAIL: tmpdir-gcc.dg-struct-layout-1/t003 c_compat_x_tst.o-c_compat_y_tst.o execute FAIL: tmpdir-gcc.dg-struct-layout-1/t024 c_compat_x_tst.o-c_compat_y_tst.o execute FAIL: tmpdir-gcc.dg-struct-layout-1/t025 c_compat_x_tst.o-c_compat_y_tst.o execute FAIL: tmpdir-gcc.dg-struct-layout-1/t026 c_compat_x_tst.o-c_compat_y_tst.o execute FAIL: tmpdir-gcc.dg-struct-layout-1/t027 c_compat_x_tst.o-c_compat_y_tst.o execute FAIL: tmpdir-gcc.dg-struct-layout-1/t028 c_compat_x_tst.o-c_compat_y_tst.o execute FAIL: gcc.dg/cpp/_Pragma6.c (test for excess errors) FAIL: gcc.dg/cpp/trad/include.c (test for excess errors) FAIL: gcc.dg/20020418-1.c (internal compiler error) FAIL: gcc.dg/20020418-1.c (test for excess errors) FAIL: gcc.dg/20020426-2.c (internal compiler error) FAIL: gcc.dg/20020426-2.c (test for excess errors) WARNING: gcc.dg/20020426-2.c compilation failed to produce executable FAIL: gcc.dg/20021014-1.c (test for excess errors) WARNING: gcc.dg/20021014-1.c compilation failed to produce executable FAIL: gcc.dg/20050607-1.c (test for excess errors) FAIL: gcc.dg/alias-7.c (test for excess errors) WARNING: gcc.dg/alias-7.c compilation failed to produce executable FAIL: gcc.dg/attr-alias-2.c (test for excess errors) FAIL: gcc.dg/builtins-57.c scan-tree-dump trunc FAIL: gcc.dg/nest.c (test for excess errors) WARNING: gcc.dg/nest.c compilation failed to produce executable FAIL: gcc.dg/nested-func-4.c (test for excess errors) WARNING: gcc.dg/nested-func-4.c compilation failed to produce executable FAIL: gcc.dg/pr19340.c (test for excess errors) FAIL: gcc.dg/pr27331.c (internal compiler error) FAIL: gcc.dg/pr27331.c (test for excess errors) FAIL: gcc.dg/pr28243.c (internal compiler error) FAIL: gcc.dg/pr28243.c (test for excess errors) FAIL: gcc.dg/tree-prof/inliner-1.c compilation, -fprofile-generate UNRESOLVED: gcc.dg/tree-prof/inliner-1.c execution, -fprofile-generate UNRESOLVED: gcc.dg/tree-prof/inliner-1.c compilation, -fprofile-use UNRESOLVED: gcc.dg/tree-prof/inliner-1.c execution, -fprofile-use FAIL: gcc.dg/tree-prof/update-cunroll-2.c execution: file update-cunroll-2.gcda does not exist, -fprofile-generate UNRESOLVED: gcc.dg/tree-prof/update-cunroll-2.c compilation, -fprofile-use UNRESOLVED: gcc.dg/tree-prof/update-cunroll-2.c execution, -fprofile-use FAIL: gcc.dg/tree-prof/update-loopch.c execution: file update-loopch.gcda does not exist, -fprofile-generate UNRESOLVED: gcc.dg/tree-prof/update-loopch.c compilation, -fprofile-use UNRESOLVED: gcc.dg/tree-prof/update-loopch.c execution, -fprofile-use FAIL: gcc.dg/tree-prof/update-tailcall.c execution: file update-tailcall.gcda does not exist, -fprofile-generate UNRESOLVED: gcc.dg/tree-prof/update-tailcall.c compilation, -fprofile-use UNRESOLVED: gcc.dg/tree-prof/update-tailcall.c execution, -fprofile-use FAIL: gcc.dg/tree-prof/val-prof-1.c compilation, -fprofile-generate UNRESOLVED: gcc.dg/tree-prof/val-prof-1.c execution, -fprofile-generate UNRESOLVED: gcc.dg/tree-prof/val-prof-1.c compilation, -fprofile-use UNRESOLVED: gcc.dg/tree-prof/val-prof-1.c execution, -fprofile-use FAIL: gcc.dg/tree-prof/val-prof-2.c compilation, -fprofile-generate UNRESOLVED: gcc.dg/tree-prof/val-prof-2.c execution, -fprofile-generate UNRESOLVED: gcc.dg/tree-prof/val-prof-2.c compilation, -fprofile-use UNRESOLVED: gcc.dg/tree-prof/val-prof-2.c execution, -fprofile-use FAIL: gcc.dg/tree-prof/val-prof-3.c compilation, -fprofile-generate UNRESOLVED: gcc.dg/tree-prof/val-prof-3.c execution, -fprofile-generate UNRESOLVED: gcc.dg/tree-prof/val-prof-3.c compilation, -fprofile-use UNRESOLVED: gcc.dg/tree-prof/val-prof-3.c execution, -fprofile-use FAIL: gcc.dg/tree-prof/val-prof-4.c compilation, -fprofile-generate UNRESOLVED: gcc.dg/tree-prof/val-prof-4.c execution, -fprofile-generate UNRESOLVED: gcc.dg/tree-prof/val-prof-4.c compilation, -fprofile-use UNRESOLVED: gcc.dg/tree-prof/val-prof-4.c execution, -fprofile-use FAIL: gcc.dg/tree-prof/val-prof-5.c compilation, -fprofile-generate UNRESOLVED: gcc.dg/tree-prof/val-prof-5.c execution, -fprofile-generate UNRESOLVED: gcc.dg/tree-prof/val-prof-5.c compilation, -fprofile-use UNRESOLVED: gcc.dg/tree-prof/val-prof-5.c execution, -fprofile-use XPASS: gcc.dg/tree-ssa/20040204-1.c scan-tree-dump-times link_error 0 FAIL: gcc.dg/tree-ssa/gen-vect-11.c (internal compiler error) FAIL: gcc.dg/tree-ssa/gen-vect-11.c (test for excess errors) WARNING: gcc.dg/tree-ssa/gen-vect-11.c compilation failed to produce executable FAIL: gcc.dg/tree-ssa/gen-vect-11a.c (internal compiler error) FAIL: gcc.dg/tree-ssa/gen-vect-11a.c (test for excess errors) WARNING: gcc.dg/tree-ssa/gen-vect-11a.c compilation failed to produce executable FAIL: gcc.dg/tree-ssa/gen-vect-11b.c (internal compiler error) FAIL: gcc.dg/tree-ssa/gen-vect-11b.c (test for excess errors) WARNING: gcc.dg/tree-ssa/gen-vect-11b.c compilation failed to produce executable FAIL: gcc.dg/tree-ssa/gen-vect-11c.c (internal compiler error) FAIL: gcc.dg/tree-ssa/gen-vect-11c.c (test for excess errors) WARNING: gcc.dg/tree-ssa/gen-vect-11c.c compilation failed to produce executable FAIL: gcc.dg/tree-ssa/gen-vect-28.c (internal compiler error) FAIL: gcc.dg/tree-ssa/gen-vect-28.c (test for excess errors) WARNING: gcc.dg/tree-ssa/gen-vect-28.c compilation failed to produce executable FAIL: gcc.dg/tree-ssa/loadpre1.c scan-tree-dump-times Eliminated: 1 1 FAIL: gcc.dg/tree-ssa/loadpre14.c scan-tree-dump-times Eliminated: 1 1 FAIL: gcc.dg/tree-ssa/loadpre15.c scan-tree-dump-times Eliminated: 1 1 FAIL: gcc.dg/tree-ssa/stdarg-5.c (internal compiler error) FAIL: gcc.dg/tree-ssa/stdarg-5.c (test for excess errors) FAIL: gcc.misc-tests/bprob-1.c execution: file bprob-1.gcda does not exist, -fprofile-arcs UNRESOLVED: gcc.misc-tests/bprob-1.c compilation, -fbranch-probabilities UNRESOLVED: gcc.misc-tests/bprob-1.c execution, -fbranch-probabilities FAIL: gcc.misc-tests/bprob-2.c execution: file bprob-2.gcda does not exist, -fprofile-arcs UNRESOLVED: gcc.misc-tests/bprob-2.c compilation, -fbranch-probabilities UNRESOLVED: gcc.misc-tests/bprob-2.c execution, -fbranch-probabilities FAIL: gcc.target/i386/math-torture/lceil.c -O0 (internal compiler error) FAIL: gcc.target/i386/math-torture/lceil.c -O0 (test for excess errors) FAIL: gcc.target/i386/math-torture/lceil.c -O1 (internal compiler error) FAIL: gcc.target/i386/math-torture/lceil.c -O1 (test for excess errors) FAIL: gcc.target/i386/math-torture/lceil.c -O2 (internal compiler error) FAIL: gcc.target/i386/math-torture/lceil.c -O2 (test for excess errors) FAIL: gcc.target/i386/math-torture/lceil.c -O3 -fomit-frame-pointer (internal compiler error) FAIL: gcc.target/i386/math-torture/lceil.c -O3 -fomit-frame-pointer (test for excess errors) FAIL: gcc.target/i386/math-torture/lceil.c -O3 -g (internal compiler error) FAIL: gcc.target/i386/math-torture/lceil.c -O3 -g (test for excess errors) FAIL: gcc.target/i386/math-torture/lceil.c -Os (internal compiler error) FAIL: gcc.target/i386/math-torture/lceil.c -Os (test for excess errors) FAIL: gcc.target/i386/math-torture/lfloor.c -O0 (internal compiler error) FAIL: gcc.target/i386/math-torture/lfloor.c -O0 (test for excess errors) FAIL: gcc.target/i386/math-torture/lfloor.c -O1 (internal compiler error) FAIL: gcc.target/i386/math-torture/lfloor.c -O1 (test for excess errors) FAIL: gcc.target/i386/math-torture/lfloor.c -O2 (internal compiler error) FAIL: gcc.target/i386/math-torture/lfloor.c -O2 (test for excess errors) FAIL: gcc.target/i386/math-torture/lfloor.c -O3 -fomit-frame-pointer (internal compiler error) FAIL: gcc.target/i386/math-torture/lfloor.c -O3 -fomit-frame-pointer (test for excess errors) FAIL: gcc.target/i386/math-torture/lfloor.c -O3 -g (internal compiler error) FAIL: gcc.target/i386/math-torture/lfloor.c -O3 -g (test for excess errors) FAIL: gcc.target/i386/math-torture/lfloor.c -Os (internal compiler error) FAIL: gcc.target/i386/math-torture/lfloor.c -Os (test for excess errors) === gcc Summary === # of expected passes 39775 # of unexpected failures 245 # of unexpected successes 1 # of expected failures 75 # of unresolved testcases 119 # of untested testcases 28 # of unsupported tests 456 /home/mstein/sim/mn10300-elf/build/gcc/xgcc version 4.3.0 20061105 (experimental) Compiler version: 4.3.0 20061105 (experimental) gcc Platform: mn10300-unknown-elf configure flags: --target=mn10300-elf --prefix=/n/07/mstein/cross-local/mn10300-elf --disable-nls --disable-build-warnings --with-ld=/n/07/mstein/cross-local/mn10300-elf/bin/mn10300-elf-ld --with-as=/n/07/mstein/cross-local/mn10300-elf/bin/mn10300-elf-as --disable-libssp --with-gmp=/n/07/mstein/gmp-stuff --enable-languages=c
Index Nav: | [Date Index] [Subject Index] [Author Index] [Thread Index] | |
---|---|---|
Message Nav: | [Date Prev] [Date Next] | [Thread Prev] [Thread Next] |