This is the mail archive of the
gcc-testresults@gcc.gnu.org
mailing list for the GCC project.
Results for 4.3.0 20061106 (experimental) testsuite on x86_64-redhat-linux-gnu
- From: Grigory Zagorodnev <grigory_zagorodnev at linux dot intel dot com>
- To: gcc-testresults at gcc dot gnu dot org
- Date: Tue, 7 Nov 2006 00:05:27 +0300
- Subject: Results for 4.3.0 20061106 (experimental) testsuite on x86_64-redhat-linux-gnu
LAST_UPDATED: Mon Nov 6 17:22:38 UTC 2006 (revision 118521)
Native configuration is x86_64-redhat-linux-gnu
=== g++ tests ===
Running target unix
XPASS: g++.dg/tree-ssa/ivopts-1.C scan-tree-dump-not &x\[5\]
=== g++ Summary ===
# of expected passes 13156
# of unexpected successes 1
# of expected failures 68
# of unsupported tests 102
/home/testbot/bootstrap/006844/bld/gcc/testsuite/g++/../../g++ version 4.3.0 20061106 (experimental)
=== gcc tests ===
Running target unix
FAIL: gcc.c-torture/execute/mayalias-2.c compilation, -O3 -g (internal compiler error)
UNRESOLVED: gcc.c-torture/execute/mayalias-2.c execution, -O3 -g
FAIL: gcc.dg/builtin-bswap-2.c (test for excess errors)
WARNING: gcc.dg/builtin-bswap-2.c compilation failed to produce executable
FAIL: gcc.dg/builtin-bswap-3.c (test for excess errors)
WARNING: gcc.dg/builtin-bswap-3.c compilation failed to produce executable
FAIL: gcc.dg/builtin-bswap-4.c (test for excess errors)
WARNING: gcc.dg/builtin-bswap-4.c compilation failed to produce executable
FAIL: gcc.dg/inline-16.c (test for excess errors)
WARNING: gcc.dg/torture/fp-int-convert-float128-timode.c -O0 compilation failed to produce executable
WARNING: gcc.dg/torture/fp-int-convert-float128-timode.c -O1 compilation failed to produce executable
WARNING: gcc.dg/torture/fp-int-convert-float128-timode.c -O2 compilation failed to produce executable
WARNING: gcc.dg/torture/fp-int-convert-float128-timode.c -O3 -fomit-frame-pointer compilation failed to produce executable
WARNING: gcc.dg/torture/fp-int-convert-float128-timode.c -O3 -g compilation failed to produce executable
WARNING: gcc.dg/torture/fp-int-convert-float128-timode.c -Os compilation failed to produce executable
WARNING: gcc.dg/torture/fp-int-convert-float128.c -O0 compilation failed to produce executable
WARNING: gcc.dg/torture/fp-int-convert-float128.c -O1 compilation failed to produce executable
WARNING: gcc.dg/torture/fp-int-convert-float128.c -O2 compilation failed to produce executable
WARNING: gcc.dg/torture/fp-int-convert-float128.c -O3 -fomit-frame-pointer compilation failed to produce executable
WARNING: gcc.dg/torture/fp-int-convert-float128.c -O3 -g compilation failed to produce executable
WARNING: gcc.dg/torture/fp-int-convert-float128.c -Os compilation failed to produce executable
FAIL: gcc.dg/tree-ssa/loadpre1.c scan-tree-dump-times Eliminated: 1 1
FAIL: gcc.dg/tree-ssa/loadpre14.c scan-tree-dump-times Eliminated: 1 1
FAIL: gcc.dg/tree-ssa/loadpre15.c scan-tree-dump-times Eliminated: 1 1
FAIL: gcc.target/i386/builtin-bswap-1.c (test for excess errors)
ERROR: gcc.target/i386/builtin-bswap-1.c: error executing dg-final: couldn't open "builtin-bswap-1.s": no such file or directory
UNRESOLVED: gcc.target/i386/builtin-bswap-1.c: error executing dg-final: couldn't open "builtin-bswap-1.s": no such file or directory
=== gcc Summary ===
# of expected passes 41861
# of unexpected failures 9
# of expected failures 123
# of unresolved testcases 2
# of untested testcases 28
# of unsupported tests 393
/home/testbot/bootstrap/006844/bld/gcc/xgcc version 4.3.0 20061106 (experimental)
=== gfortran tests ===
Running target unix
FAIL: gfortran.dg/csqrt_2.f -O0 execution test
FAIL: gfortran.dg/csqrt_2.f -O1 execution test
FAIL: gfortran.dg/csqrt_2.f -O2 execution test
FAIL: gfortran.dg/csqrt_2.f -O3 -fomit-frame-pointer execution test
FAIL: gfortran.dg/csqrt_2.f -O3 -fomit-frame-pointer -funroll-loops execution test
FAIL: gfortran.dg/csqrt_2.f -O3 -fomit-frame-pointer -funroll-all-loops -finline-functions execution test
FAIL: gfortran.dg/csqrt_2.f -O3 -g execution test
FAIL: gfortran.dg/csqrt_2.f -Os execution test
=== gfortran Summary ===
# of expected passes 15027
# of unexpected failures 8
# of expected failures 7
# of unsupported tests 17
/home/testbot/bootstrap/006844/bld/gcc/testsuite/gfortran/../../gfortran version 4.3.0 20061106 (experimental)
=== objc tests ===
Running target unix
=== objc Summary ===
# of expected passes 1760
# of expected failures 7
# of unsupported tests 24
/home/testbot/bootstrap/006844/bld/gcc/xgcc version 4.3.0 20061106 (experimental)
=== libffi tests ===
Running target unix
=== libffi Summary ===
# of expected passes 1084
# of unsupported tests 8
=== libgomp tests ===
Running target unix
FAIL: libgomp.c/atomic-2.c (test for excess errors)
WARNING: libgomp.c/atomic-2.c compilation failed to produce executable
FAIL: libgomp.c/critical-1.c execution test
FAIL: libgomp.fortran/pr29629.f90 -O0 execution test
=== libgomp Summary ===
# of expected passes 1540
# of unexpected failures 3
=== libjava tests ===
Running target unix
FAIL: PR15133 run
FAIL: jniutf execution - gij test
FAIL: pr18278 execution - gij test
FAIL: pr23739 run
FAIL: register2 run
FAIL: throwit execution - gij test
FAIL: PR16923 run
FAIL: ArrayStore execution - gij test
FAIL: CompareNaN -O3 execution - bytecode->native test
FAIL: Divide_1 -findirect-dispatch execution - bytecode->native test
FAIL: FileHandleGcTest execution - gij test
FAIL: FileHandleGcTest -O3 execution - source compiled test
FAIL: FileHandleGcTest execution - gij test
FAIL: Final execution - gij test
FAIL: Float_1 execution - gij test
FAIL: Float_1 execution - gij test
FAIL: G19990301_01 execution - gij test
FAIL: G19990301_01 execution - gij test
FAIL: G19990302_02 execution - gij test
FAIL: G19990303_01 execution - gij test
FAIL: G19990304_01 -O3 execution - bytecode->native test
FAIL: II execution - gij test
FAIL: InterfaceDispatch -findirect-dispatch execution - bytecode->native test
FAIL: InterfaceDispatch execution - gij test
FAIL: Invoke_2 execution - gij test
FAIL: MathBuiltin execution - gij test
FAIL: Matrix4f execution - gij test
FAIL: N19990310_4 execution - gij test
FAIL: PR12915 execution - gij test
FAIL: PR141 execution - gij test
FAIL: PR20056 execution - gij test
FAIL: PR25535 execution - gij test
FAIL: PR29013 execution - gij test
FAIL: PR3096 execution - gij test
FAIL: PR3731 execution - gij test
FAIL: PR3731 execution - gij test
FAIL: PR5057 execution - gij test
FAIL: PR5057 execution - gij test
FAIL: PR56 execution - gij test
FAIL: PR56 execution - gij test
FAIL: PR6820 execution - gij test
FAIL: Process_3 execution - gij test
FAIL: Process_3 execution - gij test
FAIL: RH194522 execution - gij test
FAIL: Shazam execution - gij test
FAIL: StackTrace2 -findirect-dispatch execution - bytecode->native test
FAIL: StackTrace2 execution - gij test
FAIL: String_overflow execution - gij test
FAIL: SyncGlobal -findirect-dispatch execution - bytecode->native test
FAIL: Thread_Monitor execution - gij test
FAIL: Throw_1 execution - gij test
FAIL: anon4 execution - gij test
FAIL: anonarray execution - gij test
FAIL: direct_write execution - gij test
FAIL: err10 execution - gij test
FAIL: err14 execution - gij test
FAIL: err3 -O3 execution - source compiled test
FAIL: err7 execution - gij test
FAIL: err9 -O3 -findirect-dispatch execution - bytecode->native test
FAIL: final_inner execution - gij test
FAIL: indirect_write -findirect-dispatch execution - bytecode->native test
FAIL: initexc execution - gij test
FAIL: inner1 execution - gij test
FAIL: inner1 execution - gij test
FAIL: inner3 execution - bytecode->native test
FAIL: pr13107 execution - gij test
FAIL: pr13107_2 -findirect-dispatch execution - bytecode->native test
FAIL: pr13107_3 execution - gij test
FAIL: pr16789 execution - gij test
FAIL: pr179 execution - gij test
FAIL: pr21844 execution - gij test
FAIL: pr21844 execution - gij test
FAIL: pr26990 execution - gij test
FAIL: pr83 execution - gij test
FAIL: pr83 execution - gij test
FAIL: pr8676 -O3 execution - bytecode->native test
FAIL: private_direct_read execution - gij test
FAIL: stacktrace -O3 execution - source compiled test
FAIL: stacktrace execution - gij test
FAIL: stringconst2 execution - gij test
FAIL: test_long execution - gij test
FAIL: test_long execution - gij test
FAIL: tp execution - gij test
FAIL: tp execution - gij test
FAIL: utilTest execution - gij test
=== libjava Summary ===
# of expected passes 6834
# of unexpected failures 85
# of expected failures 12
# of untested testcases 93
=== libmudflap tests ===
Running target unix
=== libmudflap Summary ===
# of expected passes 1814
=== libstdc++ tests ===
Running target unix
XPASS: 26_numerics/cmath/c99_classification_macros_c.cc (test for excess errors)
XPASS: 27_io/fpos/14320-1.cc execution test
=== libstdc++ Summary ===
# of expected passes 4453
# of unexpected successes 2
# of expected failures 14
Compiler version: 4.3.0 20061106 (experimental)
Platform: x86_64-redhat-linux-gnu
configure flags: --prefix=/home/testbot/bootstrap/006844/usr --program-suffix=-43 -enable-shared --enable-threads=posix --enable-checking --with-system-zlib --enable-__cxa_atexit --host=x86_64-redhat-linux --enable-languages=c,c++,fortran,java,objc