This is the mail archive of the
gcc-testresults@gcc.gnu.org
mailing list for the GCC project.
Results for 4.1.2 20061106 (prerelease) testsuite on i686-pc-linux-gnu
- From: CodeSourcery Automatic Testing System <gcc at codesourcery dot com>
- To: gcc-testresults at gcc dot gnu dot org
- Date: Mon, 6 Nov 2006 08:20:10 -0800
- Subject: Results for 4.1.2 20061106 (prerelease) testsuite on i686-pc-linux-gnu
LAST_UPDATED:
Native configuration is i686-pc-linux-gnu
=== g++ tests ===
Running target unix
XPASS: g++.dg/tree-ssa/pr14814.C scan-tree-dump-times &this 0
=== g++ Summary ===
# of expected passes 12355
# of unexpected successes 1
# of expected failures 67
# of unsupported tests 68
/scratch/gcc/nightly-2006-11-06-4.1/i686-pc-linux-gnu/build_gcc/build/test-4.1-0-i686-pc-linux-gnu/host-i686-pc-linux-gnu/fsf-4.1/bin/c++ version 4.1.2 20061106 (prerelease)
=== gcc tests ===
Running target unix
=== gcc Summary ===
# of expected passes 38890
# of expected failures 101
# of untested testcases 28
# of unsupported tests 246
/scratch/gcc/nightly-2006-11-06-4.1/i686-pc-linux-gnu/build_gcc/build/test-4.1-0-i686-pc-linux-gnu/host-i686-pc-linux-gnu/fsf-4.1/bin/gcc version 4.1.2 20061106 (prerelease)
=== libstdc++ tests ===
Running target unix
FAIL: 22_locale/messages/members/char/1.cc execution test
FAIL: 22_locale/messages/members/char/2.cc execution test
FAIL: 22_locale/messages/members/char/wrapped_env.cc execution test
FAIL: 22_locale/messages/members/char/wrapped_locale.cc execution test
FAIL: 22_locale/messages_byname/named_equivalence.cc execution test
=== libstdc++ Summary ===
# of expected passes 4028
# of unexpected failures 5
# of expected failures 13
# of unsupported tests 6
Compiler version: 4.1.2 20061106 (prerelease)
Platform: i686-pc-linux-gnu
configure flags: --target=i686-pc-linux-gnu --enable-languages=c,c++ --with-sysroot=/usr/local/tools/gcc-3.4.0/i686-pc-linux-gnu/sysroot --with-gnu-as --with-gnu-ld --prefix=/usr/local/tools/gcc-3.4.0