This is the mail archive of the
gcc-testresults@gcc.gnu.org
mailing list for the GCC project.
Results for 4.1.2 20061104 (prerelease) testsuite on sparc-sun-solaris2.7
- From: ebotcazou at libertysurf dot fr (Eric Botcazou)
- To: gcc-testresults at gcc dot gnu dot org
- Date: Sat, 04 Nov 2006 23:18:41 +0100
- Subject: Results for 4.1.2 20061104 (prerelease) testsuite on sparc-sun-solaris2.7
LAST_UPDATED: Sat Nov 4 07:55:17 UTC 2006 (revision 118474)
Native configuration is sparc-sun-solaris2.7
=== g++ tests ===
Running target unix
FAIL: g++.dg/debug/debug9.C -gdwarf-21 (test for excess errors)
FAIL: g++.dg/debug/debug9.C -gdwarf-21 -O2 (test for excess errors)
FAIL: g++.dg/debug/debug9.C -gdwarf-21 -O3 (test for excess errors)
WARNING: g++.dg/other/ucnid-1.C compilation failed to produce executable
XPASS: g++.dg/tree-ssa/pr14814.C scan-tree-dump-times &this 0
=== g++ Summary ===
# of expected passes 12179
# of unexpected failures 3
# of unexpected successes 1
# of expected failures 69
# of unsupported tests 143
/opt/build/eric/gcc-4_1-branch/gcc/testsuite/g++/../../g++ version 4.1.2 20061104 (prerelease)
=== gcc tests ===
Running target unix
FAIL: gcc.c-torture/execute/20061101-1.c execution, -O2
WARNING: gcc.dg/ucnid-2.c compilation failed to produce executable
WARNING: gcc.dg/ucnid-3.c compilation failed to produce executable
WARNING: gcc.dg/ucnid-4.c compilation failed to produce executable
XPASS: gcc.dg/vect/pr20122.c scan-tree-dump-times vectorized 1 loops 2
XPASS: gcc.dg/vect/vect-105.c scan-tree-dump-times vectorized 1 loops 1
XPASS: gcc.dg/vect/vect-75.c scan-tree-dump-times vectorized 1 loops 1
=== gcc Summary ===
# of expected passes 37940
# of unexpected failures 1
# of unexpected successes 3
# of expected failures 110
# of untested testcases 28
# of unsupported tests 411
/opt/build/eric/gcc-4_1-branch/gcc/xgcc version 4.1.2 20061104 (prerelease)
=== gfortran tests ===
Running target unix
=== gfortran Summary ===
# of expected passes 13171
# of expected failures 6
# of unsupported tests 95
/opt/build/eric/gcc-4_1-branch/gcc/testsuite/gfortran/../../gfortran version 4.1.2 20061104 (prerelease)
=== obj-c++ tests ===
Running target unix
FAIL: obj-c++.dg/cxx-ivars-2.mm execution test
FAIL: obj-c++.dg/encode-8.mm execution test
FAIL: obj-c++.dg/isa-field-1.mm (test for excess errors)
FAIL: obj-c++.dg/lookup-2.mm (test for excess errors)
WARNING: obj-c++.dg/lookup-2.mm compilation failed to produce executable
FAIL: obj-c++.dg/try-catch-2.mm (test for excess errors)
WARNING: obj-c++.dg/try-catch-2.mm compilation failed to produce executable
FAIL: obj-c++.dg/try-catch-9.mm (test for excess errors)
WARNING: obj-c++.dg/try-catch-9.mm compilation failed to produce executable
=== obj-c++ Summary ===
# of expected passes 423
# of unexpected failures 6
# of unsupported tests 13
/opt/build/eric/gcc-4_1-branch/gcc/testsuite/obj-c++/../../g++ version 4.1.2 20061104 (prerelease)
=== objc tests ===
Running target unix
=== objc Summary ===
# of expected passes 1692
# of unsupported tests 22
/opt/build/eric/gcc-4_1-branch/gcc/xgcc version 4.1.2 20061104 (prerelease)
=== libstdc++ tests ===
Running target unix
=== libstdc++ Summary ===
# of expected passes 3402
# of expected failures 14
# of unsupported tests 321
Compiler version: 4.1.2 20061104 (prerelease)
Platform: sparc-sun-solaris2.7
configure flags: --prefix=/opt/build/eric/gcc-4_1-branch --with-gmp=/opt/build/eric/local --with-mpfr=/opt/build/eric/local --with-local-prefix=/opt/build/eric/local --disable-libgcj --enable-languages=c,c++,fortran,java,objc,obj-c++
BOOT_CFLAGS=-g -O2