This is the mail archive of the gcc-testresults@gcc.gnu.org mailing list for the GCC project.
Index Nav: | [Date Index] [Subject Index] [Author Index] [Thread Index] | |
---|---|---|
Message Nav: | [Date Prev] [Date Next] | [Thread Prev] [Thread Next] |
Other format: | [Raw text] |
LAST_UPDATED: === acats tests === FAIL: c35507m FAIL: cd2a23e FAIL: cdd2a02 FAIL: cxh1001 === acats Summary === # of expected passes 2311 # of unexpected failures 4 Native configuration is x86_64-unknown-linux-gnu === gcc tests === Running target unix FAIL: gcc.c-torture/execute/mayalias-2.c compilation, -O3 -g (internal compiler error) UNRESOLVED: gcc.c-torture/execute/mayalias-2.c execution, -O3 -g UNRESOLVED: gcc.dg/torture/fp-int-convert-float128-timode.c -O0 compilation failed to produce executable UNRESOLVED: gcc.dg/torture/fp-int-convert-float128-timode.c -O1 compilation failed to produce executable UNRESOLVED: gcc.dg/torture/fp-int-convert-float128-timode.c -O2 compilation failed to produce executable UNRESOLVED: gcc.dg/torture/fp-int-convert-float128-timode.c -O3 -fomit-frame-pointer compilation failed to produce executable UNRESOLVED: gcc.dg/torture/fp-int-convert-float128-timode.c -O3 -g compilation failed to produce executable UNRESOLVED: gcc.dg/torture/fp-int-convert-float128-timode.c -Os compilation failed to produce executable UNRESOLVED: gcc.dg/torture/fp-int-convert-float128.c -O0 compilation failed to produce executable UNRESOLVED: gcc.dg/torture/fp-int-convert-float128.c -O1 compilation failed to produce executable UNRESOLVED: gcc.dg/torture/fp-int-convert-float128.c -O2 compilation failed to produce executable UNRESOLVED: gcc.dg/torture/fp-int-convert-float128.c -O3 -fomit-frame-pointer compilation failed to produce executable UNRESOLVED: gcc.dg/torture/fp-int-convert-float128.c -O3 -g compilation failed to produce executable UNRESOLVED: gcc.dg/torture/fp-int-convert-float128.c -Os compilation failed to produce executable FAIL: gcc.dg/tree-ssa/loadpre1.c scan-tree-dump-times Eliminated: 1 1 FAIL: gcc.dg/tree-ssa/loadpre14.c scan-tree-dump-times Eliminated: 1 1 FAIL: gcc.dg/tree-ssa/loadpre15.c scan-tree-dump-times Eliminated: 1 1 === gcc Summary === # of expected passes 41394 # of unexpected failures 4 # of expected failures 123 # of unresolved testcases 13 # of untested testcases 28 # of unsupported tests 392 /home/toon/compilers/obj-42/gcc/xgcc version 4.2.0 20061103 (prerelease) === gfortran tests === Running target unix === gfortran Summary === # of expected passes 14916 # of expected failures 15 # of unsupported tests 17 /home/toon/compilers/obj-42/gcc/testsuite/gfortran/../../gfortran version 4.2.0 20061103 (prerelease) === g++ tests === Running target unix XPASS: g++.dg/tree-ssa/ivopts-1.C scan-tree-dump-not &x\\[5\\] === g++ Summary === # of expected passes 13148 # of unexpected successes 1 # of expected failures 68 # of unsupported tests 102 /home/toon/compilers/obj-42/gcc/testsuite/g++/../../g++ version 4.2.0 20061103 (prerelease) === gnat tests === Running target unix FAIL: gnat.dg/frame_overflow.adb (test for errors, line 12) FAIL: gnat.dg/frame_overflow.adb (test for errors, line 21) === gnat Summary === # of expected passes 32 # of unexpected failures 2 === obj-c++ tests === Running target unix FAIL: obj-c++.dg/bitfield-1.mm (test for excess errors) FAIL: obj-c++.dg/bitfield-4.mm (test for excess errors) FAIL: obj-c++.dg/cxx-ivars-2.mm execution test FAIL: obj-c++.dg/encode-8.mm execution test FAIL: obj-c++.dg/isa-field-1.mm (test for excess errors) FAIL: obj-c++.dg/layout-1.mm (test for excess errors) FAIL: obj-c++.dg/lookup-2.mm (test for excess errors) UNRESOLVED: obj-c++.dg/lookup-2.mm compilation failed to produce executable FAIL: obj-c++.dg/try-catch-2.mm (test for excess errors) UNRESOLVED: obj-c++.dg/try-catch-2.mm compilation failed to produce executable FAIL: obj-c++.dg/try-catch-9.mm (test for excess errors) UNRESOLVED: obj-c++.dg/try-catch-9.mm compilation failed to produce executable === obj-c++ Summary === # of expected passes 426 # of unexpected failures 9 # of unresolved testcases 3 # of unsupported tests 13 /home/toon/compilers/obj-42/gcc/testsuite/obj-c++/../../g++ version 4.2.0 20061103 (prerelease) === objc tests === Running target unix === objc Summary === # of expected passes 1760 # of expected failures 7 # of unsupported tests 24 /home/toon/compilers/obj-42/gcc/xgcc version 4.2.0 20061103 (prerelease) === libffi tests === Running target unix === libffi Summary === # of expected passes 1084 # of unsupported tests 8 === libgomp tests === Running target unix === libgomp Summary === # of expected passes 1544 === libjava tests === Running target unix === libjava Summary === # of expected passes 7006 # of expected failures 12 # of untested testcases 8 === libmudflap tests === Running target unix === libmudflap Summary === # of expected passes 1814 === libstdc++ tests === Running target unix FAIL: abi_check XPASS: 26_numerics/cmath/c99_classification_macros_c.cc (test for excess errors) XPASS: 27_io/fpos/14320-1.cc execution test === libstdc++ Summary === # of expected passes 3820 # of unexpected failures 1 # of unexpected successes 2 # of expected failures 14 # of unsupported tests 316 Compiler version: 4.2.0 20061103 (prerelease) Platform: x86_64-unknown-linux-gnu configure flags: --prefix=/usr/rel --disable-multilib --disable-nls --enable-languages=c,ada,c++,fortran,java,objc,obj-c++
Index Nav: | [Date Index] [Subject Index] [Author Index] [Thread Index] | |
---|---|---|
Message Nav: | [Date Prev] [Date Next] | [Thread Prev] [Thread Next] |