This is the mail archive of the
gcc-testresults@gcc.gnu.org
mailing list for the GCC project.
Results for 4.3.0 20061102 (experimental) testsuite on sparc64-sun-solaris2.9
- From: ebotcazou at libertysurf dot fr (Eric Botcazou)
- To: gcc-testresults at gcc dot gnu dot org
- Date: Sat, 04 Nov 2006 00:43:49 +0100
- Subject: Results for 4.3.0 20061102 (experimental) testsuite on sparc64-sun-solaris2.9
LAST_UPDATED: Thu Nov 2 14:33:23 UTC 2006 (revision 118415M)
Native configuration is sparc64-sun-solaris2.9
=== g++ tests ===
Running target unix
WARNING: g++.dg/other/ucnid-1.C compilation failed to produce executable
XPASS: g++.old-deja/g++.other/init18.C execution test
XPASS: g++.old-deja/g++.other/init19.C execution test
=== g++ Summary ===
# of expected passes 12909
# of unexpected successes 2
# of expected failures 69
# of unsupported tests 173
/opt/build/eric/gcc/gcc/testsuite/g++/../../g++ version 4.3.0 20061102 (experimental)
=== gcc tests ===
Running target unix
FAIL: gcc.c-torture/execute/mayalias-2.c compilation, -O3 -g (internal compiler error)
UNRESOLVED: gcc.c-torture/execute/mayalias-2.c execution, -O3 -g
XPASS: gcc.dg/cpp/cmdlne-dI-M.c scan-file (^|\\\\n)cmdlne-dI-M.*:[^\\\\n]*cmdlne-dI-M.c
XPASS: gcc.dg/cpp/cmdlne-dM-M.c scan-file (^|\\\\n)cmdlne-dM-M[^\\\\n]*:[^\\\\n]*cmdlne-dM-M.c
FAIL: gcc.dg/builtin-bswap-1.c (test for excess errors)
ERROR: gcc.dg/builtin-bswap-1.c: error executing dg-final: couldn't open "builtin-bswap-1.s": no such file or directory
UNRESOLVED: gcc.dg/builtin-bswap-1.c: error executing dg-final: couldn't open "builtin-bswap-1.s": no such file or directory
FAIL: gcc.dg/builtin-bswap-2.c (test for excess errors)
WARNING: gcc.dg/builtin-bswap-2.c compilation failed to produce executable
FAIL: gcc.dg/builtin-bswap-3.c (test for excess errors)
WARNING: gcc.dg/builtin-bswap-3.c compilation failed to produce executable
FAIL: gcc.dg/builtin-bswap-4.c (test for excess errors)
WARNING: gcc.dg/builtin-bswap-4.c compilation failed to produce executable
FAIL: gcc.dg/builtins-57.c scan-tree-dump trunc
WARNING: program timed out.
FAIL: gcc.dg/c99-intconst-1.c (test for excess errors)
FAIL: gcc.dg/inline-16.c (test for excess errors)
WARNING: gcc.dg/ucnid-2.c compilation failed to produce executable
WARNING: gcc.dg/ucnid-3.c compilation failed to produce executable
WARNING: gcc.dg/ucnid-4.c compilation failed to produce executable
FAIL: largefile.c -O0 -g (test for excess errors)
FAIL: largefile.c -O0 (test for excess errors)
FAIL: largefile.c -O1 (test for excess errors)
FAIL: largefile.c -O2 (test for excess errors)
FAIL: largefile.c -O3 -fomit-frame-pointer (test for excess errors)
FAIL: largefile.c -O3 -g (test for excess errors)
FAIL: largefile.c -Os (test for excess errors)
FAIL: gcc.dg/torture/builtin-sin-mpfr-1.c -O0 (test for excess errors)
FAIL: gcc.dg/torture/builtin-sin-mpfr-1.c -O1 (test for excess errors)
FAIL: gcc.dg/torture/builtin-sin-mpfr-1.c -O2 (test for excess errors)
FAIL: gcc.dg/torture/builtin-sin-mpfr-1.c -O3 -fomit-frame-pointer (test for excess errors)
FAIL: gcc.dg/torture/builtin-sin-mpfr-1.c -O3 -fomit-frame-pointer -funroll-loops (test for excess errors)
FAIL: gcc.dg/torture/builtin-sin-mpfr-1.c -O3 -fomit-frame-pointer -funroll-all-loops -finline-functions (test for excess errors)
FAIL: gcc.dg/torture/builtin-sin-mpfr-1.c -O3 -g (test for excess errors)
FAIL: gcc.dg/torture/builtin-sin-mpfr-1.c -Os (test for excess errors)
FAIL: gcc.dg/tree-ssa/loadpre1.c scan-tree-dump-times Eliminated: 1 1
FAIL: gcc.dg/tree-ssa/loadpre14.c scan-tree-dump-times Eliminated: 1 1
FAIL: gcc.dg/tree-ssa/loadpre15.c scan-tree-dump-times Eliminated: 1 1
XPASS: gcc.dg/vect/pr20122.c scan-tree-dump-times vectorized 1 loops 2
XPASS: gcc.dg/vect/vect-105.c scan-tree-dump-times vectorized 1 loops 1
XPASS: gcc.dg/vect/vect-75.c scan-tree-dump-times vectorized 1 loops 1
FAIL: gcc.target/i386/math-torture/lceil.c -O0 (internal compiler error)
FAIL: gcc.target/i386/math-torture/lceil.c -O0 (test for excess errors)
FAIL: gcc.target/i386/math-torture/lceil.c -O1 (internal compiler error)
FAIL: gcc.target/i386/math-torture/lceil.c -O1 (test for excess errors)
FAIL: gcc.target/i386/math-torture/lceil.c -O2 (internal compiler error)
FAIL: gcc.target/i386/math-torture/lceil.c -O2 (test for excess errors)
FAIL: gcc.target/i386/math-torture/lceil.c -O3 -fomit-frame-pointer (internal compiler error)
FAIL: gcc.target/i386/math-torture/lceil.c -O3 -fomit-frame-pointer (test for excess errors)
FAIL: gcc.target/i386/math-torture/lceil.c -O3 -g (internal compiler error)
FAIL: gcc.target/i386/math-torture/lceil.c -O3 -g (test for excess errors)
FAIL: gcc.target/i386/math-torture/lceil.c -Os (internal compiler error)
FAIL: gcc.target/i386/math-torture/lceil.c -Os (test for excess errors)
FAIL: gcc.target/i386/math-torture/lfloor.c -O0 (internal compiler error)
FAIL: gcc.target/i386/math-torture/lfloor.c -O0 (test for excess errors)
FAIL: gcc.target/i386/math-torture/lfloor.c -O1 (internal compiler error)
FAIL: gcc.target/i386/math-torture/lfloor.c -O1 (test for excess errors)
FAIL: gcc.target/i386/math-torture/lfloor.c -O2 (internal compiler error)
FAIL: gcc.target/i386/math-torture/lfloor.c -O2 (test for excess errors)
FAIL: gcc.target/i386/math-torture/lfloor.c -O3 -fomit-frame-pointer (internal compiler error)
FAIL: gcc.target/i386/math-torture/lfloor.c -O3 -fomit-frame-pointer (test for excess errors)
FAIL: gcc.target/i386/math-torture/lfloor.c -O3 -g (internal compiler error)
FAIL: gcc.target/i386/math-torture/lfloor.c -O3 -g (test for excess errors)
FAIL: gcc.target/i386/math-torture/lfloor.c -Os (internal compiler error)
FAIL: gcc.target/i386/math-torture/lfloor.c -Os (test for excess errors)
=== gcc Summary ===
# of expected passes 40859
# of unexpected failures 50
# of unexpected successes 5
# of expected failures 121
# of unresolved testcases 2
# of untested testcases 35
# of unsupported tests 478
/opt/build/eric/gcc/gcc/xgcc version 4.3.0 20061102 (experimental)
=== gfortran tests ===
Running target unix
=== gfortran Summary ===
# of expected passes 14797
# of expected failures 8
# of unsupported tests 102
/opt/build/eric/gcc/gcc/testsuite/gfortran/../../gfortran version 4.3.0 20061102 (experimental)
=== obj-c++ tests ===
Running target unix
FAIL: obj-c++.dg/bitfield-1.mm (test for excess errors)
FAIL: obj-c++.dg/bitfield-4.mm (test for excess errors)
FAIL: obj-c++.dg/cxx-ivars-2.mm execution test
FAIL: obj-c++.dg/encode-8.mm execution test
FAIL: obj-c++.dg/gnu-runtime-2.mm (test for excess errors)
FAIL: obj-c++.dg/isa-field-1.mm (test for excess errors)
FAIL: obj-c++.dg/layout-1.mm (test for excess errors)
FAIL: obj-c++.dg/lookup-2.mm (test for excess errors)
WARNING: obj-c++.dg/lookup-2.mm compilation failed to produce executable
FAIL: obj-c++.dg/try-catch-2.mm (test for excess errors)
WARNING: obj-c++.dg/try-catch-2.mm compilation failed to produce executable
FAIL: obj-c++.dg/try-catch-9.mm (test for excess errors)
WARNING: obj-c++.dg/try-catch-9.mm compilation failed to produce executable
=== obj-c++ Summary ===
# of expected passes 425
# of unexpected failures 10
# of unsupported tests 13
/opt/build/eric/gcc/gcc/testsuite/obj-c++/../../g++ version 4.3.0 20061102 (experimental)
=== objc tests ===
Running target unix
=== objc Summary ===
# of expected passes 1760
# of expected failures 7
# of unsupported tests 24
/opt/build/eric/gcc/gcc/xgcc version 4.3.0 20061102 (experimental)
=== libffi tests ===
Running target unix
=== libffi Summary ===
# of expected passes 1084
# of unsupported tests 8
=== libgomp tests ===
Running target unix
=== libgomp Summary ===
# of expected passes 1324
# of unsupported tests 111
=== libjava tests ===
Running target unix
FAIL: events output
FAIL: Array_3 execution - gij test
FAIL: Array_3 execution - gij test
FAIL: Array_3 execution - gij test
FAIL: Array_3 execution - gij test
FAIL: FileHandleGcTest execution - source compiled test
FAIL: FileHandleGcTest execution - gij test
FAIL: FileHandleGcTest execution - bytecode->native test
FAIL: FileHandleGcTest execution - gij test
FAIL: FileHandleGcTest -findirect-dispatch execution - bytecode->native test
FAIL: FileHandleGcTest -O3 execution - source compiled test
FAIL: FileHandleGcTest execution - gij test
FAIL: FileHandleGcTest -O3 execution - bytecode->native test
FAIL: FileHandleGcTest execution - gij test
FAIL: FileHandleGcTest -O3 -findirect-dispatch execution - bytecode->native test
FAIL: PR27908 execution - gij test
FAIL: PR27908 execution - bytecode->native test
FAIL: PR27908 -findirect-dispatch execution - bytecode->native test
FAIL: PR27908 -O3 execution - source compiled test
FAIL: PR27908 execution - gij test
FAIL: PR27908 -O3 -findirect-dispatch execution - bytecode->native test
WARNING: program timed out.
FAIL: Process_3 -O3 -findirect-dispatch execution - bytecode->native test
WARNING: program timed out.
FAIL: Process_5 -O3 -findirect-dispatch execution - bytecode->native test
FAIL: Throw_2 execution - source compiled test
FAIL: Throw_2 execution - bytecode->native test
FAIL: Throw_2 -O3 execution - source compiled test
FAIL: Throw_2 -O3 execution - bytecode->native test
=== libjava Summary ===
# of expected passes 6953
# of unexpected failures 27
# of expected failures 12
# of untested testcases 34
=== libstdc++ tests ===
Running target unix
=== libstdc++ Summary ===
# of expected passes 3807
# of expected failures 17
# of unsupported tests 322
Compiler version: 4.3.0 20061102 (experimental)
Platform: sparc64-sun-solaris2.9
configure flags: sparc64-sun-solaris2.9 --prefix=/opt/build/eric/local/gcc --with-gmp=/opt/build/eric/local --with-mpfr=/opt/build/eric/local --with-local-prefix=/opt/build/eric/local --enable-checking=assert,misc,runtime --disable-multilib --enable-languages=c,c++,fortran,java,objc,obj-c++
BOOT_CFLAGS=-g -O2