This is the mail archive of the
gcc-testresults@gcc.gnu.org
mailing list for the GCC project.
Results for 4.3.0 20061103 (experimental) testsuite on x86_64-unknown-linux-gnu
- From: Toon Moene <toon at moene dot indiv dot nluug dot nl>
- To: gcc-testresults at gcc dot gnu dot org
- Date: Fri, 03 Nov 2006 17:49:01 +0100
- Subject: Results for 4.3.0 20061103 (experimental) testsuite on x86_64-unknown-linux-gnu
LAST_UPDATED: Fri Nov 3 06:20:05 UTC 2006 (revision 118450)
=== acats tests ===
FAIL: cdd2a02
FAIL: cxh1001
=== acats Summary ===
# of expected passes 2313
# of unexpected failures 2
Native configuration is x86_64-unknown-linux-gnu
=== gcc tests ===
Running target unix
FAIL: gcc.c-torture/execute/mayalias-2.c compilation, -O3 -g (internal compiler error)
UNRESOLVED: gcc.c-torture/execute/mayalias-2.c execution, -O3 -g
FAIL: gcc.dg/builtin-bswap-2.c (test for excess errors)
UNRESOLVED: gcc.dg/builtin-bswap-2.c compilation failed to produce executable
FAIL: gcc.dg/builtin-bswap-3.c (test for excess errors)
UNRESOLVED: gcc.dg/builtin-bswap-3.c compilation failed to produce executable
FAIL: gcc.dg/builtin-bswap-4.c (test for excess errors)
UNRESOLVED: gcc.dg/builtin-bswap-4.c compilation failed to produce executable
FAIL: gcc.dg/inline-16.c (test for excess errors)
UNRESOLVED: gcc.dg/torture/fp-int-convert-float128-timode.c -O0 compilation failed to produce executable
UNRESOLVED: gcc.dg/torture/fp-int-convert-float128-timode.c -O1 compilation failed to produce executable
UNRESOLVED: gcc.dg/torture/fp-int-convert-float128-timode.c -O2 compilation failed to produce executable
UNRESOLVED: gcc.dg/torture/fp-int-convert-float128-timode.c -O3 -fomit-frame-pointer compilation failed to produce executable
UNRESOLVED: gcc.dg/torture/fp-int-convert-float128-timode.c -O3 -g compilation failed to produce executable
UNRESOLVED: gcc.dg/torture/fp-int-convert-float128-timode.c -Os compilation failed to produce executable
UNRESOLVED: gcc.dg/torture/fp-int-convert-float128.c -O0 compilation failed to produce executable
UNRESOLVED: gcc.dg/torture/fp-int-convert-float128.c -O1 compilation failed to produce executable
UNRESOLVED: gcc.dg/torture/fp-int-convert-float128.c -O2 compilation failed to produce executable
UNRESOLVED: gcc.dg/torture/fp-int-convert-float128.c -O3 -fomit-frame-pointer compilation failed to produce executable
UNRESOLVED: gcc.dg/torture/fp-int-convert-float128.c -O3 -g compilation failed to produce executable
UNRESOLVED: gcc.dg/torture/fp-int-convert-float128.c -Os compilation failed to produce executable
FAIL: gcc.dg/tree-ssa/loadpre1.c scan-tree-dump-times Eliminated: 1 1
FAIL: gcc.dg/tree-ssa/loadpre14.c scan-tree-dump-times Eliminated: 1 1
FAIL: gcc.dg/tree-ssa/loadpre15.c scan-tree-dump-times Eliminated: 1 1
FAIL: gcc.target/i386/builtin-bswap-1.c (test for excess errors)
ERROR: gcc.target/i386/builtin-bswap-1.c: error executing dg-final: couldn't open "builtin-bswap-1.s": no such file or directory
UNRESOLVED: gcc.target/i386/builtin-bswap-1.c: error executing dg-final: couldn't open "builtin-bswap-1.s": no such file or directory
=== gcc Summary ===
# of expected passes 41829
# of unexpected failures 9
# of expected failures 123
# of unresolved testcases 17
# of untested testcases 28
# of unsupported tests 392
/home/toon/compilers/obj-t/gcc/xgcc version 4.3.0 20061103 (experimental)
=== gfortran tests ===
Running target unix
FAIL: gfortran.dg/csqrt_2.f -O0 execution test
FAIL: gfortran.dg/csqrt_2.f -O1 execution test
FAIL: gfortran.dg/csqrt_2.f -O2 execution test
FAIL: gfortran.dg/csqrt_2.f -O3 -fomit-frame-pointer execution test
FAIL: gfortran.dg/csqrt_2.f -O3 -fomit-frame-pointer -funroll-loops execution test
FAIL: gfortran.dg/csqrt_2.f -O3 -fomit-frame-pointer -funroll-all-loops -finline-functions execution test
FAIL: gfortran.dg/csqrt_2.f -O3 -g execution test
FAIL: gfortran.dg/csqrt_2.f -Os execution test
=== gfortran Summary ===
# of expected passes 15009
# of unexpected failures 8
# of expected failures 7
# of unsupported tests 17
/home/toon/compilers/obj-t/gcc/testsuite/gfortran/../../gfortran version 4.3.0 20061103 (experimental)
=== g++ tests ===
Running target unix
XPASS: g++.dg/tree-ssa/ivopts-1.C scan-tree-dump-not &x\\[5\\]
=== g++ Summary ===
# of expected passes 13156
# of unexpected successes 1
# of expected failures 68
# of unsupported tests 102
/home/toon/compilers/obj-t/gcc/testsuite/g++/../../g++ version 4.3.0 20061103 (experimental)
=== gnat tests ===
Running target unix
FAIL: gnat.dg/biased_uc.adb (test for excess errors)
FAIL: gnat.dg/frame_overflow.adb (test for errors, line 12)
FAIL: gnat.dg/frame_overflow.adb (test for errors, line 21)
=== gnat Summary ===
# of expected passes 108
# of unexpected failures 3
=== obj-c++ tests ===
Running target unix
FAIL: obj-c++.dg/bitfield-1.mm (test for excess errors)
FAIL: obj-c++.dg/bitfield-4.mm (test for excess errors)
FAIL: obj-c++.dg/comp-types-10.mm (internal compiler error)
FAIL: obj-c++.dg/comp-types-10.mm (test for excess errors)
FAIL: obj-c++.dg/cxx-ivars-2.mm execution test
FAIL: obj-c++.dg/encode-8.mm execution test
FAIL: obj-c++.dg/gnu-runtime-2.mm (test for excess errors)
FAIL: obj-c++.dg/isa-field-1.mm (test for excess errors)
FAIL: obj-c++.dg/layout-1.mm (test for excess errors)
FAIL: obj-c++.dg/lookup-2.mm (test for excess errors)
UNRESOLVED: obj-c++.dg/lookup-2.mm compilation failed to produce executable
FAIL: obj-c++.dg/try-catch-2.mm (test for excess errors)
UNRESOLVED: obj-c++.dg/try-catch-2.mm compilation failed to produce executable
FAIL: obj-c++.dg/try-catch-9.mm (internal compiler error)
FAIL: obj-c++.dg/try-catch-9.mm (test for excess errors)
UNRESOLVED: obj-c++.dg/try-catch-9.mm compilation failed to produce executable
=== obj-c++ Summary ===
# of expected passes 424
# of unexpected failures 13
# of unresolved testcases 3
# of unsupported tests 13
/home/toon/compilers/obj-t/gcc/testsuite/obj-c++/../../g++ version 4.3.0 20061103 (experimental)
=== objc tests ===
Running target unix
=== objc Summary ===
# of expected passes 1760
# of expected failures 7
# of unsupported tests 24
/home/toon/compilers/obj-t/gcc/xgcc version 4.3.0 20061103 (experimental)
=== libffi tests ===
Running target unix
=== libffi Summary ===
# of expected passes 1084
# of unsupported tests 8
=== libgomp tests ===
Running target unix
=== libgomp Summary ===
# of expected passes 1544
=== libjava tests ===
Running target unix
=== libjava Summary ===
# of expected passes 7006
# of expected failures 12
# of untested testcases 8
=== libmudflap tests ===
Running target unix
=== libmudflap Summary ===
# of expected passes 1814
=== libstdc++ tests ===
Running target unix
FAIL: abi_check
XPASS: 26_numerics/cmath/c99_classification_macros_c.cc (test for excess errors)
XPASS: 27_io/fpos/14320-1.cc execution test
=== libstdc++ Summary ===
# of expected passes 3820
# of unexpected failures 1
# of unexpected successes 2
# of expected failures 14
# of unsupported tests 316
Compiler version: 4.3.0 20061103 (experimental)
Platform: x86_64-unknown-linux-gnu
configure flags: --prefix=/usr/snp --disable-multilib --disable-nls --enable-languages=c,ada,c++,fortran,java,objc,obj-c++