This is the mail archive of the
gcc-testresults@gcc.gnu.org
mailing list for the GCC project.
Results for 4.2.0 20061101 (prerelease) testsuite on sparc-sun-solaris2.8
- From: ebotcazou at libertysurf dot fr (Eric Botcazou)
- To: gcc-testresults at gcc dot gnu dot org
- Date: Thu, 02 Nov 2006 12:01:18 +0100
- Subject: Results for 4.2.0 20061101 (prerelease) testsuite on sparc-sun-solaris2.8
LAST_UPDATED: Wed Nov 1 05:27:36 UTC 2006 (revision 118364)
=== acats tests ===
FAIL: c35507m
FAIL: cd2a23e
FAIL: cxh1001
=== acats Summary ===
# of expected passes 2312
# of unexpected failures 3
Native configuration is sparc-sun-solaris2.8
=== g++ tests ===
Running target unix
WARNING: g++.dg/other/ucnid-1.C compilation failed to produce executable
XPASS: g++.old-deja/g++.other/init18.C execution test
XPASS: g++.old-deja/g++.other/init19.C execution test
=== g++ Summary ===
# of expected passes 12938
# of unexpected successes 2
# of expected failures 70
# of unsupported tests 169
/opt/build/eric/gcc-4_2-branch/gcc/testsuite/g++/../../g++ version 4.2.0 20061101 (prerelease)
=== gcc tests ===
Running target unix
FAIL: gcc.c-torture/execute/mayalias-2.c compilation, -O3 -g (internal compiler error)
UNRESOLVED: gcc.c-torture/execute/mayalias-2.c execution, -O3 -g
FAIL: gcc.dg/pthread-init-1.c (test for excess errors)
FAIL: gcc.dg/pthread-init-2.c (test for excess errors)
WARNING: gcc.dg/ucnid-2.c compilation failed to produce executable
WARNING: gcc.dg/ucnid-3.c compilation failed to produce executable
WARNING: gcc.dg/ucnid-4.c compilation failed to produce executable
FAIL: gcc.dg/tree-ssa/loadpre1.c scan-tree-dump-times Eliminated: 1 1
FAIL: gcc.dg/tree-ssa/loadpre14.c scan-tree-dump-times Eliminated: 1 1
FAIL: gcc.dg/tree-ssa/loadpre15.c scan-tree-dump-times Eliminated: 1 1
XPASS: gcc.dg/vect/pr20122.c scan-tree-dump-times vectorized 1 loops 2
XPASS: gcc.dg/vect/vect-105.c scan-tree-dump-times vectorized 1 loops 1
XPASS: gcc.dg/vect/vect-75.c scan-tree-dump-times vectorized 1 loops 1
=== gcc Summary ===
# of expected passes 40457
# of unexpected failures 6
# of unexpected successes 3
# of expected failures 123
# of unresolved testcases 1
# of untested testcases 28
# of unsupported tests 476
/opt/build/eric/gcc-4_2-branch/gcc/xgcc version 4.2.0 20061101 (prerelease)
=== gfortran tests ===
Running target unix
FAIL: gfortran.dg/exponent_1.f90 -O0 execution test
FAIL: gfortran.dg/exponent_1.f90 -O1 execution test
FAIL: gfortran.dg/exponent_1.f90 -O2 execution test
FAIL: gfortran.dg/exponent_1.f90 -O3 -fomit-frame-pointer execution test
FAIL: gfortran.dg/exponent_1.f90 -O3 -fomit-frame-pointer -funroll-loops execution test
FAIL: gfortran.dg/exponent_1.f90 -O3 -fomit-frame-pointer -funroll-all-loops -finline-functions execution test
FAIL: gfortran.dg/exponent_1.f90 -O3 -g execution test
FAIL: gfortran.dg/exponent_1.f90 -Os execution test
FAIL: gfortran.dg/nearest_1.f90 -O0 execution test
FAIL: gfortran.dg/nearest_1.f90 -O1 execution test
FAIL: gfortran.dg/nearest_1.f90 -O2 execution test
FAIL: gfortran.dg/nearest_1.f90 -O3 -fomit-frame-pointer execution test
FAIL: gfortran.dg/nearest_1.f90 -O3 -fomit-frame-pointer -funroll-loops execution test
FAIL: gfortran.dg/nearest_1.f90 -O3 -fomit-frame-pointer -funroll-all-loops -finline-functions execution test
FAIL: gfortran.dg/nearest_1.f90 -O3 -g execution test
FAIL: gfortran.dg/nearest_1.f90 -Os execution test
=== gfortran Summary ===
# of expected passes 14656
# of unexpected failures 16
# of expected failures 8
# of unsupported tests 110
/opt/build/eric/gcc-4_2-branch/gcc/testsuite/gfortran/../../gfortran version 4.2.0 20061101 (prerelease)
=== gnat tests ===
Running target unix
=== gnat Summary ===
# of expected passes 34
=== obj-c++ tests ===
Running target unix
FAIL: obj-c++.dg/cxx-ivars-2.mm execution test
FAIL: obj-c++.dg/encode-8.mm execution test
FAIL: obj-c++.dg/isa-field-1.mm (test for excess errors)
FAIL: obj-c++.dg/lookup-2.mm (test for excess errors)
WARNING: obj-c++.dg/lookup-2.mm compilation failed to produce executable
FAIL: obj-c++.dg/try-catch-2.mm (test for excess errors)
WARNING: obj-c++.dg/try-catch-2.mm compilation failed to produce executable
FAIL: obj-c++.dg/try-catch-9.mm (test for excess errors)
WARNING: obj-c++.dg/try-catch-9.mm compilation failed to produce executable
=== obj-c++ Summary ===
# of expected passes 429
# of unexpected failures 6
# of unsupported tests 13
/opt/build/eric/gcc-4_2-branch/gcc/testsuite/obj-c++/../../g++ version 4.2.0 20061101 (prerelease)
=== objc tests ===
Running target unix
=== objc Summary ===
# of expected passes 1760
# of expected failures 7
# of unsupported tests 24
/opt/build/eric/gcc-4_2-branch/gcc/xgcc version 4.2.0 20061101 (prerelease)
=== libffi tests ===
Running target unix
=== libffi Summary ===
# of expected passes 1084
# of unsupported tests 8
=== libgomp tests ===
Running target unix
=== libgomp Summary ===
# of expected passes 1310
# of unsupported tests 118
=== libjava tests ===
Running target unix
FAIL: events output
FAIL: Array_3 execution - gij test
FAIL: Array_3 execution - gij test
FAIL: Array_3 execution - gij test
FAIL: Array_3 execution - gij test
FAIL: FileHandleGcTest execution - source compiled test
FAIL: FileHandleGcTest execution - gij test
FAIL: FileHandleGcTest execution - bytecode->native test
FAIL: FileHandleGcTest execution - gij test
FAIL: FileHandleGcTest -findirect-dispatch execution - bytecode->native test
FAIL: FileHandleGcTest -O3 execution - source compiled test
FAIL: FileHandleGcTest execution - gij test
FAIL: FileHandleGcTest -O3 execution - bytecode->native test
FAIL: FileHandleGcTest execution - gij test
FAIL: FileHandleGcTest -O3 -findirect-dispatch execution - bytecode->native test
WARNING: program timed out.
FAIL: PR27908 execution - source compiled test
WARNING: program timed out.
FAIL: PR27908 execution - gij test
WARNING: program timed out.
FAIL: PR27908 execution - bytecode->native test
WARNING: program timed out.
FAIL: PR27908 execution - gij test
WARNING: program timed out.
FAIL: PR27908 -findirect-dispatch execution - bytecode->native test
WARNING: program timed out.
FAIL: PR27908 -O3 execution - source compiled test
WARNING: program timed out.
FAIL: PR27908 execution - gij test
WARNING: program timed out.
FAIL: PR27908 -O3 execution - bytecode->native test
WARNING: program timed out.
FAIL: PR27908 execution - gij test
WARNING: program timed out.
FAIL: PR27908 -O3 -findirect-dispatch execution - bytecode->native test
FAIL: Throw_2 execution - source compiled test
FAIL: Throw_2 execution - gij test
FAIL: Throw_2 execution - bytecode->native test
FAIL: Throw_2 execution - gij test
FAIL: Throw_2 -findirect-dispatch execution - bytecode->native test
FAIL: Throw_2 -O3 execution - source compiled test
FAIL: Throw_2 execution - gij test
FAIL: Throw_2 -O3 execution - bytecode->native test
FAIL: Throw_2 execution - gij test
FAIL: Throw_2 -O3 -findirect-dispatch execution - bytecode->native test
=== libjava Summary ===
# of expected passes 6937
# of unexpected failures 35
# of expected failures 12
# of untested testcases 42
=== libstdc++ tests ===
Running target unix
=== libstdc++ Summary ===
# of expected passes 3807
# of expected failures 17
# of unsupported tests 322
Compiler version: 4.2.0 20061101 (prerelease)
Platform: sparc-sun-solaris2.8
configure flags: --prefix=/opt/build/eric/gcc-4_2-branch --with-gmp=/opt/build/eric/local --with-mpfr=/opt/build/eric/local --with-local-prefix=/opt/build/eric/local --disable-multilib --enable-languages=c,ada,c++,fortran,java,objc,obj-c++
BOOT_CFLAGS=-g -O2