This is the mail archive of the
gcc-testresults@gcc.gnu.org
mailing list for the GCC project.
Results for 4.3.0 20061030 (experimental) testsuite on powerpc-apple-darwin8.8.0
- From: gkeating at apple dot com (Geoffrey Keating)
- To: gcc-testresults at gcc dot gnu dot org
- Date: Tue, 31 Oct 2006 12:58:39 -0800 (PST)
- Subject: Results for 4.3.0 20061030 (experimental) testsuite on powerpc-apple-darwin8.8.0
LAST_UPDATED:
Native configuration is powerpc-apple-darwin8.8.0
=== g++ tests ===
Running target unix
FAIL: g++.dg/abi/rtti3.C scan-assembler .weak[ \\t]_?_ZTSPP1A
FAIL: g++.dg/abi/thunk4.C scan-assembler .weak[ \\t]_?_ZThn._N7Derived3FooEv
FAIL: g++.dg/ext/alignof2.C execution test
FAIL: g++.dg/other/unused1.C scan-assembler (string|ascii?)z?\\t"class2("|\\\\\\\\000)
FAIL: g++.dg/other/unused1.C scan-assembler (string|ascii?)z?\\t"printer("|\\\\\\\\000)
FAIL: g++.dg/warn/weak1.C (test for excess errors)
WARNING: g++.dg/warn/weak1.C compilation failed to produce executable
FAIL: g++.dg/special/conpr-3.C execution test
=== g++ Summary ===
# of expected passes 13070
# of unexpected failures 7
# of expected failures 67
# of unsupported tests 129
/Volumes/build/gcc-trunk/gcc/testsuite/g++/../../g++ version 4.3.0 20061030 (experimental)
=== gcc tests ===
Running target unix
FAIL: gcc.dg/cpp/_Pragma3.c (test for excess errors)
XPASS: gcc.dg/20020103-1.c scan-assembler-not LC[0-9]
FAIL: gcc.dg/builtins-57.c scan-tree-dump trunc
FAIL: gcc.dg/setjmp-3.c (test for excess errors)
FAIL: gcc.dg/setjmp-4.c (test for excess errors)
FAIL: gcc.dg/torture/builtin-sin-mpfr-1.c -O0 (test for excess errors)
FAIL: gcc.dg/torture/builtin-sin-mpfr-1.c -O1 (test for excess errors)
FAIL: gcc.dg/torture/builtin-sin-mpfr-1.c -O2 (test for excess errors)
FAIL: gcc.dg/torture/builtin-sin-mpfr-1.c -O3 -fomit-frame-pointer (test for excess errors)
FAIL: gcc.dg/torture/builtin-sin-mpfr-1.c -O3 -fomit-frame-pointer -funroll-loops (test for excess errors)
FAIL: gcc.dg/torture/builtin-sin-mpfr-1.c -O3 -fomit-frame-pointer -funroll-all-loops -finline-functions (test for excess errors)
FAIL: gcc.dg/torture/builtin-sin-mpfr-1.c -O3 -g (test for excess errors)
FAIL: gcc.dg/torture/builtin-sin-mpfr-1.c -Os (test for excess errors)
FAIL: gcc.dg/tree-ssa/loadpre1.c scan-tree-dump-times Eliminated: 1 1
FAIL: gcc.dg/tree-ssa/loadpre14.c scan-tree-dump-times Eliminated: 1 1
FAIL: gcc.dg/tree-ssa/loadpre15.c scan-tree-dump-times Eliminated: 1 1
FAIL: gcc.dg/vect/section-anchors-pr27770.c (test for excess errors)
FAIL: gcc.dg/vect/section-anchors-vect-69.c (test for excess errors)
FAIL: gcc.dg/vect/section-anchors-vect-69.c scan-tree-dump-times Alignment of access forced using peeling 4
FAIL: gcc.target/i386/math-torture/lceil.c -O0 (internal compiler error)
FAIL: gcc.target/i386/math-torture/lceil.c -O0 (test for excess errors)
FAIL: gcc.target/i386/math-torture/lceil.c -O1 (internal compiler error)
FAIL: gcc.target/i386/math-torture/lceil.c -O1 (test for excess errors)
FAIL: gcc.target/i386/math-torture/lceil.c -O2 (internal compiler error)
FAIL: gcc.target/i386/math-torture/lceil.c -O2 (test for excess errors)
FAIL: gcc.target/i386/math-torture/lceil.c -O3 -fomit-frame-pointer (internal compiler error)
FAIL: gcc.target/i386/math-torture/lceil.c -O3 -fomit-frame-pointer (test for excess errors)
FAIL: gcc.target/i386/math-torture/lceil.c -O3 -g (internal compiler error)
FAIL: gcc.target/i386/math-torture/lceil.c -O3 -g (test for excess errors)
FAIL: gcc.target/i386/math-torture/lceil.c -Os (internal compiler error)
FAIL: gcc.target/i386/math-torture/lceil.c -Os (test for excess errors)
FAIL: gcc.target/i386/math-torture/lfloor.c -O0 (internal compiler error)
FAIL: gcc.target/i386/math-torture/lfloor.c -O0 (test for excess errors)
FAIL: gcc.target/i386/math-torture/lfloor.c -O1 (internal compiler error)
FAIL: gcc.target/i386/math-torture/lfloor.c -O1 (test for excess errors)
FAIL: gcc.target/i386/math-torture/lfloor.c -O2 (internal compiler error)
FAIL: gcc.target/i386/math-torture/lfloor.c -O2 (test for excess errors)
FAIL: gcc.target/i386/math-torture/lfloor.c -O3 -fomit-frame-pointer (internal compiler error)
FAIL: gcc.target/i386/math-torture/lfloor.c -O3 -fomit-frame-pointer (test for excess errors)
FAIL: gcc.target/i386/math-torture/lfloor.c -O3 -g (internal compiler error)
FAIL: gcc.target/i386/math-torture/lfloor.c -O3 -g (test for excess errors)
FAIL: gcc.target/i386/math-torture/lfloor.c -Os (internal compiler error)
FAIL: gcc.target/i386/math-torture/lfloor.c -Os (test for excess errors)
FAIL: gcc.target/powerpc/stabs-attrib-vect-darwin.c scan-assembler .stabs.*vi:\\\\(0,16\\\\)=@V
=== gcc Summary ===
# of expected passes 42414
# of unexpected failures 43
# of unexpected successes 1
# of expected failures 116
# of untested testcases 28
# of unsupported tests 437
/Volumes/build/gcc-trunk/gcc/xgcc version 4.3.0 20061030 (experimental)
=== gfortran tests ===
Running target unix
FAIL: gfortran.dg/large_real_kind_1.f90 -O0 execution test
FAIL: gfortran.dg/large_real_kind_1.f90 -O1 execution test
FAIL: gfortran.dg/large_real_kind_1.f90 -O2 execution test
FAIL: gfortran.dg/large_real_kind_1.f90 -O3 -fomit-frame-pointer execution test
FAIL: gfortran.dg/large_real_kind_1.f90 -O3 -fomit-frame-pointer -funroll-loops execution test
FAIL: gfortran.dg/large_real_kind_1.f90 -O3 -fomit-frame-pointer -funroll-all-loops -finline-functions execution test
FAIL: gfortran.dg/large_real_kind_1.f90 -O3 -g execution test
FAIL: gfortran.dg/large_real_kind_1.f90 -Os execution test
FAIL: gfortran.dg/large_real_kind_2.F90 -O0 execution test
FAIL: gfortran.dg/large_real_kind_2.F90 -O1 execution test
FAIL: gfortran.dg/large_real_kind_2.F90 -O2 execution test
FAIL: gfortran.dg/large_real_kind_2.F90 -O3 -fomit-frame-pointer execution test
FAIL: gfortran.dg/large_real_kind_2.F90 -O3 -fomit-frame-pointer -funroll-loops execution test
FAIL: gfortran.dg/large_real_kind_2.F90 -O3 -fomit-frame-pointer -funroll-all-loops -finline-functions execution test
FAIL: gfortran.dg/large_real_kind_2.F90 -O3 -g execution test
FAIL: gfortran.dg/large_real_kind_2.F90 -Os execution test
FAIL: gfortran.dg/large_real_kind_form_io_2.f90 -O0 execution test
FAIL: gfortran.dg/large_real_kind_form_io_2.f90 -O1 execution test
FAIL: gfortran.dg/large_real_kind_form_io_2.f90 -O2 execution test
FAIL: gfortran.dg/large_real_kind_form_io_2.f90 -O3 -fomit-frame-pointer execution test
FAIL: gfortran.dg/large_real_kind_form_io_2.f90 -O3 -fomit-frame-pointer -funroll-loops execution test
FAIL: gfortran.dg/large_real_kind_form_io_2.f90 -O3 -fomit-frame-pointer -funroll-all-loops -finline-functions execution test
FAIL: gfortran.dg/large_real_kind_form_io_2.f90 -O3 -g execution test
FAIL: gfortran.dg/large_real_kind_form_io_2.f90 -Os execution test
FAIL: gfortran.dg/stat_1.f90 -O0 execution test
FAIL: gfortran.dg/stat_1.f90 -O1 execution test
FAIL: gfortran.dg/stat_1.f90 -O2 execution test
FAIL: gfortran.dg/stat_1.f90 -O3 -fomit-frame-pointer execution test
FAIL: gfortran.dg/stat_1.f90 -O3 -fomit-frame-pointer -funroll-loops execution test
FAIL: gfortran.dg/stat_1.f90 -O3 -fomit-frame-pointer -funroll-all-loops -finline-functions execution test
FAIL: gfortran.dg/stat_1.f90 -O3 -g execution test
FAIL: gfortran.dg/stat_1.f90 -Os execution test
FAIL: gfortran.dg/stat_2.f90 -O0 execution test
FAIL: gfortran.dg/stat_2.f90 -O1 execution test
FAIL: gfortran.dg/stat_2.f90 -O2 execution test
FAIL: gfortran.dg/stat_2.f90 -O3 -fomit-frame-pointer execution test
FAIL: gfortran.dg/stat_2.f90 -O3 -fomit-frame-pointer -funroll-loops execution test
FAIL: gfortran.dg/stat_2.f90 -O3 -fomit-frame-pointer -funroll-all-loops -finline-functions execution test
FAIL: gfortran.dg/stat_2.f90 -O3 -g execution test
FAIL: gfortran.dg/stat_2.f90 -Os execution test
FAIL: gfortran.dg/vect/pr19049.f90 -O (test for excess errors)
FAIL: gfortran.dg/vect/vect-1.f90 -O (test for excess errors)
FAIL: gfortran.dg/vect/vect-2.f90 -O (internal compiler error)
FAIL: gfortran.dg/vect/vect-2.f90 -O (test for excess errors)
FAIL: gfortran.dg/vect/vect-2.f90 -O scan-tree-dump-times vectorized 3 loops 1
FAIL: gfortran.dg/vect/vect-3.f90 -O (internal compiler error)
FAIL: gfortran.dg/vect/vect-3.f90 -O (test for excess errors)
FAIL: gfortran.dg/vect/vect-4.f90 -O (internal compiler error)
FAIL: gfortran.dg/vect/vect-4.f90 -O (test for excess errors)
FAIL: gfortran.dg/vect/vect-4.f90 -O scan-tree-dump-times vectorized 1 loops 1
FAIL: gfortran.dg/vect/vect-5.f90 -O (internal compiler error)
FAIL: gfortran.dg/vect/vect-5.f90 -O (test for excess errors)
WARNING: gfortran.dg/vect/vect-5.f90 -O compilation failed to produce executable
FAIL: gfortran.dg/vect/vect-5.f90 -O scan-tree-dump-times vectorized 2 loops 1
FAIL: gfortran.dg/vect/vect-5.f90 -O scan-tree-dump-times Alignment of access forced using peeling 1
FAIL: gfortran.dg/vect/vect-5.f90 -O scan-tree-dump-times Vectorizing an unaligned access 2
FAIL: gfortran.fortran-torture/execute/nan_inf_fmt.f90 execution, -O0
FAIL: gfortran.fortran-torture/execute/nan_inf_fmt.f90 execution, -O1
FAIL: gfortran.fortran-torture/execute/nan_inf_fmt.f90 execution, -O2
FAIL: gfortran.fortran-torture/execute/nan_inf_fmt.f90 execution, -O3 -fomit-frame-pointer
FAIL: gfortran.fortran-torture/execute/nan_inf_fmt.f90 execution, -O3 -fomit-frame-pointer -funroll-loops
FAIL: gfortran.fortran-torture/execute/nan_inf_fmt.f90 execution, -O3 -fomit-frame-pointer -funroll-all-loops -finline-functions
FAIL: gfortran.fortran-torture/execute/nan_inf_fmt.f90 execution, -O3 -g
FAIL: gfortran.fortran-torture/execute/nan_inf_fmt.f90 execution, -Os
=== gfortran Summary ===
# of expected passes 14776
# of unexpected failures 63
# of expected failures 7
# of unsupported tests 57
/Volumes/build/gcc-trunk/gcc/testsuite/gfortran/../../gfortran version 4.3.0 20061030 (experimental)
=== objc tests ===
Running target unix
=== objc Summary ===
# of expected passes 2979
# of expected failures 17
# of unsupported tests 1
/Volumes/build/gcc-trunk/gcc/xgcc version 4.3.0 20061030 (experimental)
Compiler version: 4.3.0 20061030 (experimental)
Platform: powerpc-apple-darwin8.8.0
configure flags: --enable-languages=c,c++,fortran,java,objc