This is the mail archive of the gcc-testresults@gcc.gnu.org mailing list for the GCC project.
Index Nav: | [Date Index] [Subject Index] [Author Index] [Thread Index] | |
---|---|---|
Message Nav: | [Date Prev] [Date Next] | [Thread Prev] [Thread Next] |
Other format: | [Raw text] |
LAST_UPDATED: Native configuration is i686-pc-linux-gnu === g++ tests === Running target unix XPASS: g++.dg/tree-ssa/ivopts-1.C scan-tree-dump-not &x\\[5\\] === g++ Summary === # of expected passes 13233 # of unexpected successes 1 # of expected failures 68 # of unsupported tests 73 /scratch/gcc/nightly-2006-10-28-4.2/i686-pc-linux-gnu/build_gcc/build/test-4.2-0-i686-pc-linux-gnu/host-i686-pc-linux-gnu/fsf-4.2/bin/c++ version 4.2.0 20061027 (prerelease) === gcc tests === Running target unix FAIL: gcc.c-torture/execute/mayalias-2.c compilation, -O3 -g (internal compiler error) UNRESOLVED: gcc.c-torture/execute/mayalias-2.c execution, -O3 -g FAIL: gcc.dg/tree-ssa/loadpre1.c scan-tree-dump-times Eliminated: 1 1 FAIL: gcc.dg/tree-ssa/loadpre14.c scan-tree-dump-times Eliminated: 1 1 FAIL: gcc.dg/tree-ssa/loadpre15.c scan-tree-dump-times Eliminated: 1 1 === gcc Summary === # of expected passes 41521 # of unexpected failures 4 # of expected failures 112 # of unresolved testcases 1 # of untested testcases 28 # of unsupported tests 284 /scratch/gcc/nightly-2006-10-28-4.2/i686-pc-linux-gnu/build_gcc/build/test-4.2-0-i686-pc-linux-gnu/host-i686-pc-linux-gnu/fsf-4.2/bin/gcc version 4.2.0 20061027 (prerelease) === libstdc++ tests === Running target unix === libstdc++ Summary === # of expected passes 4440 # of expected failures 16 # of unsupported tests 6 Compiler version: 4.2.0 20061027 (prerelease) Platform: i686-pc-linux-gnu configure flags: --target=i686-pc-linux-gnu --enable-languages=c,c++ --with-sysroot=/usr/local/tools/gcc-3.4.0/i686-pc-linux-gnu/sysroot --with-gnu-as --with-gnu-ld --prefix=/usr/local/tools/gcc-3.4.0
Index Nav: | [Date Index] [Subject Index] [Author Index] [Thread Index] | |
---|---|---|
Message Nav: | [Date Prev] [Date Next] | [Thread Prev] [Thread Next] |