This is the mail archive of the
gcc-testresults@gcc.gnu.org
mailing list for the GCC project.
Results for 4.3.0 20061027 (experimental) testsuite on sh4-unknown-linux-gnu
- From: Kaz Kojima <kkojima at rr dot iij4u dot or dot jp>
- To: gcc-testresults at gcc dot gnu dot org
- Date: Sat, 28 Oct 2006 06:40:33 +0900 (JST)
- Subject: Results for 4.3.0 20061027 (experimental) testsuite on sh4-unknown-linux-gnu
Remote host: linux 2.6.12 sh4
GNU C Library version 2.3.5
LAST_UPDATED: Fri Oct 27 01:20:44 UTC 2006 (revision 118079)
Target is sh4-unknown-linux-gnu
Host is i686-pc-linux-gnu
=== g++ tests ===
Running target unix
WARNING: Assuming target board is the local machine (which is probably wrong).
=== g++ Summary ===
# of expected passes 13133
# of expected failures 67
# of unsupported tests 122
/exp/ldroot/dodes/xsh-gcc-orig/gcc/testsuite/g++/../../g++ version 4.3.0 20061027 (experimental)
Host is i686-pc-linux-gnu
=== gcc tests ===
Running target unix
WARNING: Assuming target board is the local machine (which is probably wrong).
FAIL: gcc.c-torture/execute/builtin-prefetch-6.c execution, -O0
FAIL: gcc.c-torture/execute/builtin-prefetch-6.c execution, -O1
FAIL: gcc.c-torture/execute/builtin-prefetch-6.c execution, -O2
FAIL: gcc.c-torture/execute/builtin-prefetch-6.c execution, -O3 -fomit-frame-pointer
FAIL: gcc.c-torture/execute/builtin-prefetch-6.c execution, -O3 -fomit-frame-pointer -funroll-loops
FAIL: gcc.c-torture/execute/builtin-prefetch-6.c execution, -O3 -fomit-frame-pointer -funroll-all-loops -finline-functions
FAIL: gcc.c-torture/execute/builtin-prefetch-6.c execution, -O3 -g
FAIL: gcc.c-torture/execute/builtin-prefetch-6.c execution, -Os
FAIL: gcc.c-torture/execute/mayalias-2.c compilation, -O3 -g (internal compiler error)
UNRESOLVED: gcc.c-torture/execute/mayalias-2.c execution, -O3 -g
FAIL: gcc.dg/builtins-43.c scan-tree-dump-times link_error 0
FAIL: gcc.dg/builtins-44.c scan-tree-dump-times link_error 0
FAIL: gcc.dg/builtins-45.c scan-tree-dump-times link_error 0
FAIL: gcc.dg/pr28796-2.c execution test
FAIL: gcc.dg/unordered-3.c (test for excess errors)
FAIL: gcc.dg/tree-ssa/loadpre1.c scan-tree-dump-times Eliminated: 1 1
FAIL: gcc.dg/tree-ssa/loadpre14.c scan-tree-dump-times Eliminated: 1 1
FAIL: gcc.dg/tree-ssa/loadpre15.c scan-tree-dump-times Eliminated: 1 1
=== gcc Summary ===
# of expected passes 40520
# of unexpected failures 17
# of expected failures 81
# of unresolved testcases 1
# of untested testcases 28
# of unsupported tests 353
/exp/ldroot/dodes/xsh-gcc-orig/gcc/xgcc version 4.3.0 20061027 (experimental)
Host is i686-pc-linux-gnu
=== gfortran tests ===
Running target unix
WARNING: Assuming target board is the local machine (which is probably wrong).
FAIL: gfortran.dg/bounds_check_fail_1.f90 -O0 output pattern test, is Fortran runtime error: , should match out of bounds for array 'x', upper bound of dimension 1 exceeded.*at line 5
FAIL: gfortran.dg/bounds_check_fail_1.f90 -O1 output pattern test, is Fortran runtime error: , should match out of bounds for array 'x', upper bound of dimension 1 exceeded.*at line 5
FAIL: gfortran.dg/bounds_check_fail_1.f90 -O3 -fomit-frame-pointer output pattern test, is Fortran runtime error: , should match out of bounds for array 'x', upper bound of dimension 1 exceeded.*at line 5
FAIL: gfortran.dg/bounds_check_fail_1.f90 -O3 -fomit-frame-pointer -funroll-loops output pattern test, is Fortran runtime error: , should match out of bounds for array 'x', upper bound of dimension 1 exceeded.*at line 5
FAIL: gfortran.dg/bounds_check_fail_1.f90 -O3 -fomit-frame-pointer -funroll-all-loops -finline-functions output pattern test, is Fortran runtime error: , should match out of bounds for array 'x', upper bound of dimension 1 exceeded.*at line 5
FAIL: gfortran.dg/common_5.f -O (test for warnings, line 6)
FAIL: gfortran.dg/deallocate_stat.f90 -O3 -fomit-frame-pointer execution test
FAIL: gfortran.dg/nearest_1.f90 -O0 execution test
FAIL: gfortran.dg/nearest_1.f90 -O1 execution test
FAIL: gfortran.dg/nearest_1.f90 -O2 execution test
FAIL: gfortran.dg/nearest_1.f90 -O3 -fomit-frame-pointer execution test
FAIL: gfortran.dg/nearest_1.f90 -O3 -fomit-frame-pointer -funroll-loops execution test
FAIL: gfortran.dg/nearest_1.f90 -O3 -fomit-frame-pointer -funroll-all-loops -finline-functions execution test
FAIL: gfortran.dg/nearest_1.f90 -O3 -g execution test
FAIL: gfortran.dg/nearest_1.f90 -Os execution test
=== gfortran Summary ===
# of expected passes 14671
# of unexpected failures 15
# of expected failures 14
# of unsupported tests 99
/exp/ldroot/dodes/xsh-gcc-orig/gcc/testsuite/gfortran/../../gfortran version 4.3.0 20061027 (experimental)
Host is i686-pc-linux-gnu
=== objc tests ===
Running target unix
WARNING: Assuming target board is the local machine (which is probably wrong).
=== objc Summary ===
# of expected passes 1760
# of expected failures 7
# of unsupported tests 24
/exp/ldroot/dodes/xsh-gcc-orig/gcc/xgcc version 4.3.0 20061027 (experimental)
Host is sh4-unknown-linux-gnu
=== libffi tests ===
Running target unix
WARNING: Assuming target board is the local machine (which is probably wrong).
=== libffi Summary ===
# of expected passes 1084
# of unsupported tests 8
Host is sh4-unknown-linux-gnu
=== libgomp tests ===
Running target unix
WARNING: Assuming target board is the local machine (which is probably wrong).
FAIL: libgomp.fortran/threadprivate2.f90 -O2 execution test
FAIL: libgomp.fortran/threadprivate2.f90 -O3 -fomit-frame-pointer execution test
FAIL: libgomp.fortran/threadprivate2.f90 -O3 -fomit-frame-pointer -funroll-loops execution test
FAIL: libgomp.fortran/threadprivate2.f90 -O3 -fomit-frame-pointer -funroll-all-loops -finline-functions execution test
FAIL: libgomp.fortran/threadprivate2.f90 -O3 -g execution test
=== libgomp Summary ===
# of expected passes 1509
# of unexpected failures 5
# of unsupported tests 7
Host is sh4-unknown-linux-gnu
=== libjava tests ===
Running target unix
WARNING: Assuming target board is the local machine (which is probably wrong).
FAIL: ExtraClassLoader -O3 execution - source compiled test
=== libjava Summary ===
# of expected passes 5286
# of unexpected failures 1
# of expected failures 12
# of untested testcases 11
Host is sh4-unknown-linux-gnu
=== libmudflap tests ===
Running target unix
WARNING: Assuming target board is the local machine (which is probably wrong).
=== libmudflap Summary ===
# of expected passes 1814
Host is sh4-unknown-linux-gnu
=== libstdc++ tests ===
Running target unix
WARNING: Assuming target board is the local machine (which is probably wrong).
XPASS: 26_numerics/cmath/c99_classification_macros_c.cc (test for excess errors)
=== libstdc++ Summary ===
# of expected passes 4440
# of unexpected successes 1
# of expected failures 15
# of unsupported tests 6
Compiler version: 4.3.0 20061027 (experimental)
Platform: sh4-unknown-linux-gnu
configure flags: --host=i686-pc-linux-gnu --target=sh4-unknown-linux-gnu --enable-shared --enable-threads=posix --enable-clocale=gnu --enable-libgcj --with-ld=/usr/local/bin/sh4-unknown-linux-gnu-ld --with-as=/usr/local/bin/sh4-unknown-linux-gnu-as --wit
h-sysroot=/exp/ldroot --enable-languages=c,c++,fortran,java,objc