This is the mail archive of the
gcc-testresults@gcc.gnu.org
mailing list for the GCC project.
Results for 4.1.2 20061020 (prerelease) [gcc-4_1-branch revision 117905] testsuite on ia64-unknown-linux-gnu
- From: hjl at gnu-11 dot sc dot intel dot com (H.J. Lu)
- To: gcc-testresults at gcc dot gnu dot org
- Date: Fri, 20 Oct 2006 15:47:23 -0700 (PDT)
- Subject: Results for 4.1.2 20061020 (prerelease) [gcc-4_1-branch revision 117905] testsuite on ia64-unknown-linux-gnu
LAST_UPDATED: Fri Oct 20 17:37:00 UTC 2006 (revision 117905)
Native configuration is ia64-unknown-linux-gnu
=== gcc tests ===
Running target unix
FAIL: gcc.c-torture/execute/20050604-1.c execution, -O3 -fomit-frame-pointer
FAIL: gcc.c-torture/execute/20050604-1.c execution, -O3 -fomit-frame-pointer -funroll-loops
FAIL: gcc.c-torture/execute/20050604-1.c execution, -O3 -fomit-frame-pointer -funroll-all-loops -finline-functions
FAIL: gcc.c-torture/execute/20050604-1.c execution, -O3 -g
FAIL: gcc.dg/builtin-apply4.c execution test
XPASS: gcc.dg/tree-ssa/loop-1.c scan-assembler-times foo 5
XPASS: gcc.dg/vect/pr16105.c scan-tree-dump-times vectorized 1 loops 1
XPASS: gcc.dg/vect/pr20122.c scan-tree-dump-times vectorized 1 loops 2
XPASS: gcc.dg/vect/vect-105.c scan-tree-dump-times vectorized 1 loops 1
XPASS: gcc.dg/vect/vect-30.c scan-tree-dump-times vectorized 1 loops 2
XPASS: gcc.dg/vect/vect-42.c scan-tree-dump-times vectorized 1 loops 1
XPASS: gcc.dg/vect/vect-43.c scan-tree-dump-times vectorized 1 loops 1
XPASS: gcc.dg/vect/vect-74.c scan-tree-dump-times vectorized 1 loops 1
XPASS: gcc.dg/vect/vect-75.c scan-tree-dump-times vectorized 1 loops 1
XPASS: gcc.dg/vect/vect-8.c scan-tree-dump-times vectorized 1 loops 1
=== gcc Summary ===
# of expected passes 37634
# of unexpected failures 5
# of unexpected successes 10
# of expected failures 132
# of untested testcases 28
# of unsupported tests 320
/export/build/gnu/gcc-4.1/build-ia64-linux/gcc/xgcc version 4.1.2 20061020 (prerelease) [gcc-4_1-branch revision 117905]
=== gfortran tests ===
Running target unix
XPASS: gfortran.dg/csqrt_2.f -O0 execution test
XPASS: gfortran.dg/csqrt_2.f -O1 execution test
XPASS: gfortran.dg/csqrt_2.f -O2 execution test
XPASS: gfortran.dg/csqrt_2.f -O3 -fomit-frame-pointer execution test
XPASS: gfortran.dg/csqrt_2.f -O3 -fomit-frame-pointer -funroll-loops execution test
XPASS: gfortran.dg/csqrt_2.f -O3 -fomit-frame-pointer -funroll-all-loops -finline-functions execution test
XPASS: gfortran.dg/csqrt_2.f -O3 -g execution test
XPASS: gfortran.dg/csqrt_2.f -Os execution test
FAIL: gfortran.dg/vect/vect-4.f90 -O scan-tree-dump-times Alignment of access forced using peeling 1
FAIL: gfortran.dg/vect/vect-4.f90 -O scan-tree-dump-times Vectorizing an unaligned access 1
XPASS: gfortran.dg/vect/vect-5.f90 -O scan-tree-dump-times vectorized 2 loops 1
=== gfortran Summary ===
# of expected passes 13277
# of unexpected failures 2
# of unexpected successes 9
# of expected failures 9
# of unsupported tests 18
/export/build/gnu/gcc-4.1/build-ia64-linux/gcc/testsuite/gfortran/../../gfortran version 4.1.2 20061020 (prerelease) [gcc-4_1-branch revision 117905]
=== g++ tests ===
Running target unix
XPASS: g++.dg/tree-ssa/pr14814.C scan-tree-dump-times &this 0
=== g++ Summary ===
# of expected passes 11737
# of unexpected successes 1
# of expected failures 67
# of unsupported tests 104
/export/build/gnu/gcc-4.1/build-ia64-linux/gcc/testsuite/g++/../../g++ version 4.1.2 20061020 (prerelease) [gcc-4_1-branch revision 117905]
=== objc tests ===
Running target unix
=== objc Summary ===
# of expected passes 1690
# of unsupported tests 23
/export/build/gnu/gcc-4.1/build-ia64-linux/gcc/xgcc version 4.1.2 20061020 (prerelease) [gcc-4_1-branch revision 117905]
=== libffi tests ===
Running target unix
=== libffi Summary ===
# of expected passes 228
# of unsupported tests 2
=== libjava tests ===
Running target unix
=== libjava Summary ===
# of expected passes 4060
# of expected failures 10
# of untested testcases 8
=== libmudflap tests ===
Running target unix
=== libmudflap Summary ===
# of expected passes 1799
=== libstdc++ tests ===
Running target unix
XPASS: 26_numerics/cmath/c99_classification_macros_c.cc (test for excess errors)
XPASS: 27_io/fpos/14320-1.cc execution test
=== libstdc++ Summary ===
# of expected passes 4038
# of unexpected successes 2
# of expected failures 11
# of unsupported tests 4
Compiler version: 4.1.2 20061020 (prerelease) [gcc-4_1-branch revision 117905]
Platform: ia64-unknown-linux-gnu
configure flags: --enable-clocale=gnu --with-system-zlib --with-demangler-in-ld --enable-shared --enable-threads=posix --enable-haifa --enable-checking=assert --prefix=/usr/gcc-4.1 --with-local-prefix=/usr/local --enable-languages=c,c++,fortran,java,objc