This is the mail archive of the
gcc-testresults@gcc.gnu.org
mailing list for the GCC project.
Results for 4.1.2 20061019 (prerelease) testsuite on hppa2.0w-hp-hpux11.11
- From: John David Anglin <dave at hiauly3 dot hia dot nrc dot ca>
- To: dave at hiauly3 dot hia dot nrc dot ca, gcc-testresults at gcc dot gnu dot org
- Date: Thu, 19 Oct 2006 19:57:47 -0400 (EDT)
- Subject: Results for 4.1.2 20061019 (prerelease) testsuite on hppa2.0w-hp-hpux11.11
LAST_UPDATED: Thu Oct 19 00:48:13 UTC 2006 (revision 117874)
=== acats tests ===
=== acats Summary ===
# of expected passes 2317
# of unexpected failures 0
Native configuration is hppa2.0w-hp-hpux11.11
=== g++ tests ===
Running target unix
XPASS: g++.dg/tree-ssa/pr14814.C scan-tree-dump-times &this 0
=== g++ Summary ===
# of expected passes 11881
# of unexpected successes 1
# of expected failures 67
# of unsupported tests 153
/mnt/gnu/gcc/objdir/gcc/testsuite/g++/../../g++ version 4.1.2 20061019 (prerelease)
=== gcc tests ===
Running target unix
XPASS: gcc.dg/cpp/cmdlne-dI-M.c scan-file (^|\\\\n)cmdlne-dI-M.*:[^\\\\n]*cmdlne-dI-M.c
XPASS: gcc.dg/cpp/cmdlne-dM-M.c scan-file (^|\\\\n)cmdlne-dM-M[^\\\\n]*:[^\\\\n]*cmdlne-dM-M.c
=== gcc Summary ===
# of expected passes 37014
# of unexpected successes 2
# of expected failures 76
# of untested testcases 28
# of unsupported tests 425
/mnt/gnu/gcc/objdir/gcc/xgcc version 4.1.2 20061019 (prerelease)
=== gfortran tests ===
Running target unix
=== gfortran Summary ===
# of expected passes 13126
# of expected failures 4
# of unsupported tests 90
/mnt/gnu/gcc/objdir/gcc/testsuite/gfortran/../../gfortran version 4.1.2 20061019 (prerelease)
=== obj-c++ tests ===
Running target unix
FAIL: obj-c++.dg/cxx-ivars-2.mm execution test
FAIL: obj-c++.dg/encode-8.mm execution test
FAIL: obj-c++.dg/isa-field-1.mm (test for excess errors)
FAIL: obj-c++.dg/lookup-2.mm (test for excess errors)
WARNING: obj-c++.dg/lookup-2.mm compilation failed to produce executable
FAIL: obj-c++.dg/try-catch-2.mm (test for excess errors)
WARNING: obj-c++.dg/try-catch-2.mm compilation failed to produce executable
FAIL: obj-c++.dg/try-catch-9.mm (test for excess errors)
WARNING: obj-c++.dg/try-catch-9.mm compilation failed to produce executable
=== obj-c++ Summary ===
# of expected passes 423
# of unexpected failures 6
# of unsupported tests 13
/mnt/gnu/gcc/objdir/gcc/testsuite/obj-c++/../../g++ version 4.1.2 20061019 (prerelease)
=== objc tests ===
Running target unix
=== objc Summary ===
# of expected passes 1690
# of unsupported tests 23
/mnt/gnu/gcc/objdir/gcc/xgcc version 4.1.2 20061019 (prerelease)
=== libstdc++ tests ===
Running target unix
=== libstdc++ Summary ===
# of expected passes 3388
# of expected failures 12
# of unsupported tests 329
Compiler version: 4.1.2 20061019 (prerelease)
Platform: hppa2.0w-hp-hpux11.11
configure flags: --with-gnu-as --with-as=/opt/gnu/bin/as --enable-shared --with-local-prefix=/opt/gnu --prefix=/opt/gnu/gcc/gcc-4.1.2 --with-gmp=/opt/gnu/gcc/gcc-4.1.2 --enable-threads=posix --enable-debug=no --disable-nls --enable-languages=c,ada,c++,fortran,java,objc,obj-c++