This is the mail archive of the
gcc-testresults@gcc.gnu.org
mailing list for the GCC project.
Results for 4.2.0 20061018 (experimental) testsuite on x86_64-unknown-linux-gnu
- From: peter at linux dot site (Peter Schmid)
- To: gcc-testresults at gcc dot gnu dot org
- Date: Wed, 18 Oct 2006 19:42:17 +0200
- Subject: Results for 4.2.0 20061018 (experimental) testsuite on x86_64-unknown-linux-gnu
LAST_UPDATED:
Native configuration is x86_64-unknown-linux-gnu
=== gcc tests ===
Running target unix
WARNING: program timed out.
FAIL: gcc.c-torture/compile/20001226-1.c -O0 (test for excess errors)
FAIL: gcc.c-torture/execute/mayalias-2.c compilation, -O3 -g (internal compiler error)
UNRESOLVED: gcc.c-torture/execute/mayalias-2.c execution, -O3 -g
WARNING: gcc.dg/torture/fp-int-convert-float128-timode.c -O0 compilation failed to produce executable
WARNING: gcc.dg/torture/fp-int-convert-float128-timode.c -O1 compilation failed to produce executable
WARNING: gcc.dg/torture/fp-int-convert-float128-timode.c -O2 compilation failed to produce executable
WARNING: gcc.dg/torture/fp-int-convert-float128-timode.c -O3 -fomit-frame-pointer compilation failed to produce executable
WARNING: gcc.dg/torture/fp-int-convert-float128-timode.c -O3 -g compilation failed to produce executable
WARNING: gcc.dg/torture/fp-int-convert-float128-timode.c -Os compilation failed to produce executable
WARNING: gcc.dg/torture/fp-int-convert-float128.c -O0 compilation failed to produce executable
WARNING: gcc.dg/torture/fp-int-convert-float128.c -O1 compilation failed to produce executable
WARNING: gcc.dg/torture/fp-int-convert-float128.c -O2 compilation failed to produce executable
WARNING: gcc.dg/torture/fp-int-convert-float128.c -O3 -fomit-frame-pointer compilation failed to produce executable
WARNING: gcc.dg/torture/fp-int-convert-float128.c -O3 -g compilation failed to produce executable
WARNING: gcc.dg/torture/fp-int-convert-float128.c -Os compilation failed to produce executable
FAIL: gcc.dg/tree-ssa/ivopts-2.c scan-tree-dump-not \\n candidates .*,.*,.*\\n[^\\n]*\\nFinal cost
=== gcc Summary ===
# of expected passes 42110
# of unexpected failures 3
# of expected failures 123
# of unresolved testcases 1
# of untested testcases 28
# of unsupported tests 387
/home/peter/devel/build-gcc/gcc/xgcc version 4.2.0 20061018 (experimental)
=== gfortran tests ===
Running target unix
XPASS: gfortran.dg/csqrt_2.f -O0 execution test
XPASS: gfortran.dg/csqrt_2.f -O1 execution test
XPASS: gfortran.dg/csqrt_2.f -O2 execution test
XPASS: gfortran.dg/csqrt_2.f -O3 -fomit-frame-pointer execution test
XPASS: gfortran.dg/csqrt_2.f -O3 -fomit-frame-pointer -funroll-loops execution test
XPASS: gfortran.dg/csqrt_2.f -O3 -fomit-frame-pointer -funroll-all-loops -finline-functions execution test
XPASS: gfortran.dg/csqrt_2.f -O3 -g execution test
XPASS: gfortran.dg/csqrt_2.f -Os execution test
=== gfortran Summary ===
# of expected passes 14790
# of unexpected successes 8
# of expected failures 7
# of unsupported tests 17
/home/peter/devel/build-gcc/gcc/testsuite/gfortran/../../gfortran version 4.2.0 20061018 (experimental)
=== g++ tests ===
Running target unix
XPASS: g++.dg/tree-ssa/ivopts-1.C scan-tree-dump-not &x\\[5\\]
=== g++ Summary ===
# of expected passes 13139
# of unexpected successes 1
# of expected failures 67
# of unsupported tests 101
/home/peter/devel/build-gcc/gcc/testsuite/g++/../../g++ version 4.2.0 20061018 (experimental)
=== objc tests ===
Running target unix
=== objc Summary ===
# of expected passes 1760
# of expected failures 7
# of unsupported tests 24
/home/peter/devel/build-gcc/gcc/xgcc version 4.2.0 20061018 (experimental)
=== libgomp tests ===
Running target unix
=== libgomp Summary ===
# of expected passes 1528
=== libmudflap tests ===
Running target unix
=== libmudflap Summary ===
# of expected passes 1814
=== libstdc++ tests ===
Running target unix
XPASS: 26_numerics/cmath/c99_classification_macros_c.cc (test for excess errors)
XPASS: 27_io/fpos/14320-1.cc execution test
=== libstdc++ Summary ===
# of expected passes 4445
# of unexpected successes 2
# of expected failures 14
# of unsupported tests 4
Compiler version: 4.2.0 20061018 (experimental)
Platform: x86_64-unknown-linux-gnu
configure flags: --enable-threads --enable-libstdcxx-debug --libdir=/usr/local/lib64 --libexecdir=/usr/local/lib64 --enable-ssp --disable-nls --enable-decimal-float --enable-shared --enable-__cxa_atexit --enable-languages=c,c++,fortran,objc