This is the mail archive of the gcc-testresults@gcc.gnu.org mailing list for the GCC project.


Index Nav: [Date Index] [Subject Index] [Author Index] [Thread Index]
Message Nav: [Date Prev] [Date Next] [Thread Prev] [Thread Next]
Other format: [Raw text]

Results for 4.2.0 20061016 (experimental) testsuite on hppa2.0w-hp-hpux11.11


LAST_UPDATED: 
Native configuration is hppa2.0w-hp-hpux11.11

		=== g++ tests ===


Running target unix
XPASS: g++.dg/tree-ssa/ivopts-1.C scan-tree-dump-not &x\\[5\\]

		=== g++ Summary ===

# of expected passes		12581
# of unexpected successes	1
# of expected failures		70
# of unsupported tests		180
/scratch/gcc/nightly-2006-10-16-mainline/hppa2.0w-hp-hpux11.11/build_gcc/build/test-mainline-0-hppa2.0w-hp-hpux11.11/host-hppa2.0w-hp-hpux11.11/fsf-mainline/bin/c++  version 4.2.0 20061016 (experimental)

		=== gcc tests ===


Running target unix
WARNING: program timed out.
FAIL: gcc.c-torture/compile/20001226-1.c  -O3 -g  (test for excess errors)

		=== gcc Summary ===

# of expected passes		39435
# of unexpected failures	1
# of expected failures		81
# of untested testcases		28
# of unsupported tests		487
/scratch/gcc/nightly-2006-10-16-mainline/hppa2.0w-hp-hpux11.11/build_gcc/build/test-mainline-0-hppa2.0w-hp-hpux11.11/host-hppa2.0w-hp-hpux11.11/fsf-mainline/bin/gcc  version 4.2.0 20061016 (experimental)

		=== libstdc++ tests ===


Running target unix
FAIL: 26_numerics/cmath/c99_classification_macros_c.cc (test for excess errors)
FAIL: abi/header_cxxabi.c (test for excess errors)

		=== libstdc++ Summary ===

# of expected passes		3785
# of unexpected failures	2
# of expected failures		15
# of unsupported tests		332

Compiler version: 4.2.0 20061016 (experimental) 
Platform: hppa2.0w-hp-hpux11.11
configure flags: --enable-languages=c,c++ --disable-nls --with-gnu-as --without-gnu-ld --prefix=/usr/local/tools/gcc-3.4.0


Index Nav: [Date Index] [Subject Index] [Author Index] [Thread Index]
Message Nav: [Date Prev] [Date Next] [Thread Prev] [Thread Next]