This is the mail archive of the
gcc-testresults@gcc.gnu.org
mailing list for the GCC project.
Results for 4.2.0 20061015 (experimental) gcc testsuite on mips-unknown-elf
- From: mstein at phenix dot rootshell dot be (mstein)
- To: gcc-testresults at gcc dot gnu dot org
- Date: Mon, 16 Oct 2006 07:00:59 +0200 (CEST)
- Subject: Results for 4.2.0 20061015 (experimental) gcc testsuite on mips-unknown-elf
Ubuntu 5 on pentium3-smp
cross tool versions:
GNU assembler 2.17.50 20061008
GNU gdb 6.5.50.20061008-cvs
GNU ld version 2.17.50 20061008
GNU Make 3.80
expect version 5.42.1
host gcc version: gcc (GCC) 4.2.0 20061014 (experimental)
LAST_UPDATED: Sun Oct 15 00:21:37 UTC 2006 (revision 117739)
Target is mips-unknown-elf
Host is i686-pc-linux-gnu
=== gcc tests ===
Running target mips-sim
FAIL: gcc.c-torture/execute/mayalias-2.c compilation, -O3 -g (internal compiler error)
UNRESOLVED: gcc.c-torture/execute/mayalias-2.c execution, -O3 -g
XPASS: gcc.dg/tree-ssa/20040204-1.c scan-tree-dump-times link_error 0
=== gcc Summary ===
# of expected passes 39942
# of unexpected failures 1
# of unexpected successes 1
# of expected failures 74
# of unresolved testcases 1
# of untested testcases 28
# of unsupported tests 362
/home/mstein/sim/mips-elf/build/gcc/xgcc version 4.2.0 20061015 (experimental)
Compiler version: 4.2.0 20061015 (experimental) gcc
Platform: mips-unknown-elf
configure flags: --target=mips-elf --prefix=/n/07/mstein/cross-local/mips-elf --disable-nls --disable-build-warnings --with-ld=/n/07/mstein/cross-local/mips-elf/bin/mips-elf-ld --with-as=/n/07/mstein/cross-local/mips-elf/bin/mips-elf-as --disable-libssp --enable-languages=c