This is the mail archive of the
gcc-testresults@gcc.gnu.org
mailing list for the GCC project.
Results for 4.2.0 20061005 (experimental) testsuite on sparc-unknown-linux-gnu
- From: "Christian Joensson" <christian dot joensson at gmail dot com>
- To: gcc-testresults at gcc dot gnu dot org
- Date: Wed, 11 Oct 2006 08:13:41 +0200
- Subject: Results for 4.2.0 20061005 (experimental) testsuite on sparc-unknown-linux-gnu
Fedora Core release 5.91 (FC6 Test2)/TI UltraSparc IIi (Sabre) sun4u:
binutils-2.17.50.0.3-3.sparc
bison-2.3-2.1.sparc
dejagnu-1.4.4-5.1.noarch
expect-5.43.0-5.1.sparc
gcc-4.1.1-14.sparc.sparc
glibc-2.4.90-17.sparc
glibc-2.4.90-17.sparc64
glibc-devel-2.4.90-17.sparc
glibc-devel-2.4.90-17.sparc64
glibc-headers-2.4.90-17.sparc
glibc-kernheaders-3.0-45.3.sparc
gmp-4.1.4-7.sparc
gmp-devel-4.1.4-7.sparc
kernel-2.6.16-1.2241sp7.sparc64
libgcc-4.1.1-14.sparc.sparc
libgcj-4.1.1-14.sparc.sparc
libgcj-devel-4.1.1-14.sparc.sparc
libstdc++-4.1.1-14.sparc.sparc
libstdc++-devel-4.1.1-14.sparc.sparc
make-3.81-1.1.sparc
tcl-8.4.13-3.al3.sparc
LAST_UPDATED: Thu Oct 5 06:48:27 UTC 2006 (revision 117449M)
Native configuration is sparc-unknown-linux-gnu
=== gcc tests ===
Running target unix
FAIL: gcc.c-torture/execute/mayalias-2.c compilation, -O3 -g
(internal compiler error)
UNRESOLVED: gcc.c-torture/execute/mayalias-2.c execution, -O3 -g
FAIL: gcc.dg/debug/dwarf2/dwarf-file1.c scan-assembler File Entry:
FAIL: gcc.dg/torture/pr26565.c -O0 execution test
XPASS: gcc.dg/vect/pr20122.c scan-tree-dump-times vectorized 1 loops 2
XPASS: gcc.dg/vect/vect-105.c scan-tree-dump-times vectorized 1 loops 1
XPASS: gcc.dg/vect/vect-75.c scan-tree-dump-times vectorized 1 loops 1
=== gcc Summary ===
# of expected passes 40552
# of unexpected failures 3
# of unexpected successes 3
# of expected failures 121
# of unresolved testcases 1
# of untested testcases 28
# of unsupported tests 409
/usr/local/src/trunk/objdir32/gcc/xgcc version 4.2.0 20061005 (experimental)
=== gfortran tests ===
Running target unix
XPASS: gfortran.dg/csqrt_2.f -O0 execution test
XPASS: gfortran.dg/csqrt_2.f -O1 execution test
XPASS: gfortran.dg/csqrt_2.f -O2 execution test
XPASS: gfortran.dg/csqrt_2.f -O3 -fomit-frame-pointer execution test
XPASS: gfortran.dg/csqrt_2.f -O3 -fomit-frame-pointer -funroll-loops
execution test
XPASS: gfortran.dg/csqrt_2.f -O3 -fomit-frame-pointer
-funroll-all-loops -finline-functions execution test
XPASS: gfortran.dg/csqrt_2.f -O3 -g execution test
XPASS: gfortran.dg/csqrt_2.f -Os execution test
FAIL: gfortran.dg/exponent_1.f90 -O0 execution test
FAIL: gfortran.dg/exponent_1.f90 -O1 execution test
FAIL: gfortran.dg/exponent_1.f90 -O2 execution test
FAIL: gfortran.dg/exponent_1.f90 -O3 -fomit-frame-pointer execution test
FAIL: gfortran.dg/exponent_1.f90 -O3 -fomit-frame-pointer
-funroll-loops execution test
FAIL: gfortran.dg/exponent_1.f90 -O3 -fomit-frame-pointer
-funroll-all-loops -finline-functions execution test
FAIL: gfortran.dg/exponent_1.f90 -O3 -g execution test
FAIL: gfortran.dg/exponent_1.f90 -Os execution test
FAIL: gfortran.dg/nearest_1.f90 -O0 execution test
FAIL: gfortran.dg/nearest_1.f90 -O1 execution test
FAIL: gfortran.dg/nearest_1.f90 -O2 execution test
FAIL: gfortran.dg/nearest_1.f90 -O3 -fomit-frame-pointer execution test
FAIL: gfortran.dg/nearest_1.f90 -O3 -fomit-frame-pointer
-funroll-loops execution test
FAIL: gfortran.dg/nearest_1.f90 -O3 -fomit-frame-pointer
-funroll-all-loops -finline-functions execution test
FAIL: gfortran.dg/nearest_1.f90 -O3 -g execution test
FAIL: gfortran.dg/nearest_1.f90 -Os execution test
=== gfortran Summary ===
# of expected passes 14170
# of unexpected failures 16
# of unexpected successes 8
# of expected failures 8
# of unsupported tests 96
/usr/local/src/trunk/objdir32/gcc/testsuite/gfortran/../../gfortran
version 4.2.0 20061005 (experimental)
=== g++ tests ===
Running target unix
=== g++ Summary ===
# of expected passes 13115
# of expected failures 66
# of unsupported tests 111
/usr/local/src/trunk/objdir32/gcc/testsuite/g++/../../g++ version
4.2.0 20061005 (experimental)
=== obj-c++ tests ===
Running target unix
FAIL: obj-c++.dg/comp-types-10.mm (internal compiler error)
FAIL: obj-c++.dg/comp-types-10.mm (test for excess errors)
FAIL: obj-c++.dg/cxx-ivars-2.mm execution test
FAIL: obj-c++.dg/encode-8.mm execution test
FAIL: obj-c++.dg/isa-field-1.mm (test for excess errors)
FAIL: obj-c++.dg/lookup-2.mm (test for excess errors)
WARNING: obj-c++.dg/lookup-2.mm compilation failed to produce executable
FAIL: obj-c++.dg/try-catch-2.mm (test for excess errors)
WARNING: obj-c++.dg/try-catch-2.mm compilation failed to produce executable
FAIL: obj-c++.dg/try-catch-9.mm (internal compiler error)
FAIL: obj-c++.dg/try-catch-9.mm (test for excess errors)
WARNING: obj-c++.dg/try-catch-9.mm compilation failed to produce executable
=== obj-c++ Summary ===
# of expected passes 428
# of unexpected failures 9
# of unsupported tests 13
/usr/local/src/trunk/objdir32/gcc/testsuite/obj-c++/../../g++ version
4.2.0 20061005 (experimental)
=== objc tests ===
Running target unix
=== objc Summary ===
# of expected passes 1760
# of expected failures 7
# of unsupported tests 24
/usr/local/src/trunk/objdir32/gcc/xgcc version 4.2.0 20061005 (experimental)
=== treelang tests ===
Running target unix
FAIL: treelang/compile/var_defs.tree (test for excess errors)
=== treelang Summary ===
# of expected passes 49
# of unexpected failures 1
=== libffi tests ===
Running target unix
=== libffi Summary ===
# of expected passes 1084
# of unsupported tests 8
=== libgomp tests ===
Running target unix
FAIL: libgomp.fortran/omp_cond3.F90 -O (test for excess errors)
WARNING: libgomp.fortran/omp_cond3.F90 -O compilation failed to
produce executable
FAIL: libgomp.fortran/omp_parse1.f90 -O0 (test for excess errors)
WARNING: libgomp.fortran/omp_parse1.f90 -O0 compilation failed to
produce executable
FAIL: libgomp.fortran/omp_parse1.f90 -O1 (test for excess errors)
WARNING: libgomp.fortran/omp_parse1.f90 -O1 compilation failed to
produce executable
FAIL: libgomp.fortran/omp_parse1.f90 -O2 (test for excess errors)
WARNING: libgomp.fortran/omp_parse1.f90 -O2 compilation failed to
produce executable
FAIL: libgomp.fortran/omp_parse1.f90 -O3 -fomit-frame-pointer (test
for excess errors)
WARNING: libgomp.fortran/omp_parse1.f90 -O3 -fomit-frame-pointer
compilation failed to produce executable
FAIL: libgomp.fortran/omp_parse1.f90 -O3 -fomit-frame-pointer
-funroll-loops (test for excess errors)
WARNING: libgomp.fortran/omp_parse1.f90 -O3 -fomit-frame-pointer
-funroll-loops compilation failed to produce executable
FAIL: libgomp.fortran/omp_parse1.f90 -O3 -fomit-frame-pointer
-funroll-all-loops -finline-functions (test for excess errors)
WARNING: libgomp.fortran/omp_parse1.f90 -O3 -fomit-frame-pointer
-funroll-all-loops -finline-functions compilation failed to produce
executable
FAIL: libgomp.fortran/omp_parse1.f90 -O3 -g (test for excess errors)
WARNING: libgomp.fortran/omp_parse1.f90 -O3 -g compilation failed to
produce executable
FAIL: libgomp.fortran/omp_parse1.f90 -Os (test for excess errors)
WARNING: libgomp.fortran/omp_parse1.f90 -Os compilation failed to
produce executable
=== libgomp Summary ===
# of expected passes 1496
# of unexpected failures 9
# of unsupported tests 7
=== libjava tests ===
Running target unix
FAIL: events run
=== libjava Summary ===
# of expected passes 6998
# of unexpected failures 1
# of expected failures 12
# of untested testcases 9
=== libmudflap tests ===
Running target unix
FAIL: libmudflap.c/pass54-frag.c execution test
FAIL: libmudflap.c/pass54-frag.c execution test
FAIL: libmudflap.c/pass54-frag.c (-static) execution test
FAIL: libmudflap.c/pass54-frag.c (-static) execution test
=== libmudflap Summary ===
# of expected passes 1810
# of unexpected failures 4
=== libstdc++ tests ===
Running target unix
FAIL: abi_check
FAIL: 22_locale/money_get/get/char/11.cc execution test
FAIL: 22_locale/money_get/get/char/12.cc execution test
FAIL: 22_locale/money_get/get/char/13.cc execution test
FAIL: 22_locale/money_get/get/char/15.cc execution test
FAIL: 22_locale/money_get/get/char/16.cc execution test
FAIL: 22_locale/money_get/get/char/3.cc execution test
FAIL: 22_locale/money_get/get/char/4.cc execution test
FAIL: 22_locale/money_get/get/char/5.cc execution test
FAIL: 22_locale/money_get/get/char/wrapped_env.cc execution test
FAIL: 22_locale/money_get/get/char/wrapped_locale.cc execution test
FAIL: 22_locale/money_get/get/wchar_t/12.cc execution test
FAIL: 22_locale/money_get/get/wchar_t/3.cc execution test
FAIL: 22_locale/money_get/get/wchar_t/4.cc execution test
FAIL: 22_locale/money_get/get/wchar_t/5.cc execution test
FAIL: 22_locale/money_get/get/wchar_t/wrapped_env.cc execution test
FAIL: 22_locale/money_get/get/wchar_t/wrapped_locale.cc execution test
FAIL: 22_locale/num_get/get/char/1.cc execution test
FAIL: 22_locale/num_get/get/char/10.cc execution test
FAIL: 22_locale/num_get/get/char/4.cc execution test
FAIL: 22_locale/num_get/get/char/wrapped_env.cc execution test
FAIL: 22_locale/num_get/get/char/wrapped_locale.cc execution test
FAIL: 22_locale/num_get/get/wchar_t/1.cc execution test
FAIL: 22_locale/num_get/get/wchar_t/10.cc execution test
FAIL: 22_locale/num_get/get/wchar_t/4.cc execution test
FAIL: 22_locale/num_get/get/wchar_t/wrapped_env.cc execution test
FAIL: 22_locale/num_get/get/wchar_t/wrapped_locale.cc execution test
XPASS: 26_numerics/cmath/c99_classification_macros_c.cc (test for excess errors)
FAIL: 26_numerics/complex/13450.cc execution test
FAIL: 26_numerics/complex/complex_inserters_extractors.cc execution test
FAIL: 27_io/basic_istream/extractors_arithmetic/char/01.cc execution test
FAIL: 27_io/basic_istream/extractors_arithmetic/char/12.cc execution test
FAIL: 27_io/basic_istream/extractors_arithmetic/wchar_t/01.cc execution test
FAIL: 27_io/basic_istream/extractors_arithmetic/wchar_t/12.cc execution test
=== libstdc++ Summary ===
# of expected passes 4387
# of unexpected failures 33
# of unexpected successes 1
# of expected failures 15
# of unsupported tests 4
Compiler version: 4.2.0 20061005 (experimental)
Platform: sparc-unknown-linux-gnu
configure flags: sparc-linux --enable-__cxa_atexit --enable-shared
--disable-multilib
--enable-languages=c,c++,fortran,java,objc,obj-c++,treelang