This is the mail archive of the
gcc-testresults@gcc.gnu.org
mailing list for the GCC project.
Results for 4.2.0 20061007 (experimental) testsuite on hppa2.0w-hp-hpux11.11
- From: CodeSourcery Automatic Testing System <gcc at codesourcery dot com>
- To: gcc-testresults at gcc dot gnu dot org
- Date: Sat, 7 Oct 2006 15:25:37 -0400 (EDT)
- Subject: Results for 4.2.0 20061007 (experimental) testsuite on hppa2.0w-hp-hpux11.11
LAST_UPDATED: Sat Oct 7 07:14:35 UTC 2006 (/trunk revision 117527)
Native configuration is hppa2.0w-hp-hpux11.11
=== g++ tests ===
Running target unix
XPASS: g++.dg/tree-ssa/ivopts-1.C scan-tree-dump-not &x\\[5\\]
=== g++ Summary ===
# of expected passes 12564
# of unexpected successes 1
# of expected failures 70
# of unsupported tests 180
/scratch/gcc/nightly-2006-10-07-mainline/hppa2.0w-hp-hpux11.11/build_gcc/build/test-mainline-0-hppa2.0w-hp-hpux11.11-hppa2.0w-hp-hpux11.11/fsf-mainline/bin/c++ version 4.2.0 20061007 (experimental)
=== gcc tests ===
Running target unix
WARNING: program timed out.
FAIL: gcc.c-torture/compile/20001226-1.c -O3 -g (test for excess errors)
FAIL: gcc.dg/pr29330.c (test for excess errors)
FAIL: gcc.dg/pthread-init-1.c (test for excess errors)
FAIL: gcc.dg/pthread-init-2.c (test for excess errors)
=== gcc Summary ===
# of expected passes 39408
# of unexpected failures 4
# of expected failures 81
# of untested testcases 28
# of unsupported tests 466
/scratch/gcc/nightly-2006-10-07-mainline/hppa2.0w-hp-hpux11.11/build_gcc/build/test-mainline-0-hppa2.0w-hp-hpux11.11-hppa2.0w-hp-hpux11.11/fsf-mainline/bin/gcc version 4.2.0 20061007 (experimental)
=== libstdc++ tests ===
Running target unix
FAIL: 26_numerics/cmath/c99_classification_macros_c.cc (test for excess errors)
=== libstdc++ Summary ===
# of expected passes 3767
# of unexpected failures 1
# of expected failures 15
# of unsupported tests 332
Compiler version: 4.2.0 20061007 (experimental)
Platform: hppa2.0w-hp-hpux11.11
configure flags: --build=hppa2.0w-hp-hpux11.11 --host=hppa2.0w-hp-hpux11.11 --target=hppa2.0w-hp-hpux11.11 --enable-languages=c,c++ --enable-shared --enable-threads --disable-libmudflap --disable-libssp --disable-libgomp --disable-libstdcxx-pch --with-gnu-as --with-as=/scratch/gcc/nightly-2006-10-07-mainline/hppa2.0w-hp-hpux11.11/build_gcc/install/bin/as --without-gnu-ld --with-ld=/usr/ccs/bin/ld --prefix=/scratch/gcc/nightly-2006-10-07-mainline/hppa2.0w-hp-hpux11.11/build_gcc/install --disable-nls