This is the mail archive of the gcc-testresults@gcc.gnu.org mailing list for the GCC project.
Index Nav: | [Date Index] [Subject Index] [Author Index] [Thread Index] | |
---|---|---|
Message Nav: | [Date Prev] [Date Next] | [Thread Prev] [Thread Next] |
Other format: | [Raw text] |
Remote host: linux 2.6.12 sh4 GNU C Library version 2.3.5 LAST_UPDATED: Thu Oct 5 01:57:49 UTC 2006 (revision 117447) Target is sh4-unknown-linux-gnu Host is i686-pc-linux-gnu === g++ tests === Running target unix WARNING: Assuming target board is the local machine (which is probably wrong). === g++ Summary === # of expected passes 13089 # of expected failures 66 # of unsupported tests 121 /exp/ldroot/dodes/xsh-gcc-orig/gcc/testsuite/g++/../../g++ version 4.2.0 20061005 (experimental) Host is i686-pc-linux-gnu === gcc tests === Running target unix WARNING: Assuming target board is the local machine (which is probably wrong). FAIL: gcc.c-torture/execute/builtin-prefetch-6.c execution, -O0 FAIL: gcc.c-torture/execute/builtin-prefetch-6.c execution, -O1 FAIL: gcc.c-torture/execute/builtin-prefetch-6.c execution, -O2 FAIL: gcc.c-torture/execute/builtin-prefetch-6.c execution, -O3 -fomit-frame-pointer FAIL: gcc.c-torture/execute/builtin-prefetch-6.c execution, -O3 -fomit-frame-pointer -funroll-loops FAIL: gcc.c-torture/execute/builtin-prefetch-6.c execution, -O3 -fomit-frame-pointer -funroll-all-loops -finline-functions FAIL: gcc.c-torture/execute/builtin-prefetch-6.c execution, -O3 -g FAIL: gcc.c-torture/execute/builtin-prefetch-6.c execution, -Os FAIL: gcc.c-torture/execute/mayalias-2.c compilation, -O3 -g (internal compiler error) UNRESOLVED: gcc.c-torture/execute/mayalias-2.c execution, -O3 -g FAIL: gcc.dg/debug/dwarf2/dwarf-file1.c scan-assembler File Entry: FAIL: gcc.dg/pthread-init-1.c (test for excess errors) FAIL: gcc.dg/pthread-init-2.c (test for excess errors) === gcc Summary === # of expected passes 40113 # of unexpected failures 12 # of expected failures 81 # of unresolved testcases 1 # of untested testcases 28 # of unsupported tests 352 /exp/ldroot/dodes/xsh-gcc-orig/gcc/xgcc version 4.2.0 20061005 (experimental) Host is i686-pc-linux-gnu === gfortran tests === Running target unix WARNING: Assuming target board is the local machine (which is probably wrong). FAIL: gfortran.dg/common_5.f -O (test for warnings, line 6) FAIL: gfortran.dg/exponent_1.f90 -O0 execution test FAIL: gfortran.dg/exponent_1.f90 -O1 execution test FAIL: gfortran.dg/exponent_1.f90 -O2 execution test FAIL: gfortran.dg/exponent_1.f90 -O3 -fomit-frame-pointer execution test FAIL: gfortran.dg/exponent_1.f90 -O3 -fomit-frame-pointer -funroll-loops execution test FAIL: gfortran.dg/exponent_1.f90 -O3 -fomit-frame-pointer -funroll-all-loops -finline-functions execution test FAIL: gfortran.dg/exponent_1.f90 -O3 -g execution test FAIL: gfortran.dg/exponent_1.f90 -Os execution test FAIL: gfortran.dg/nearest_1.f90 -O0 execution test FAIL: gfortran.dg/nearest_1.f90 -O1 execution test FAIL: gfortran.dg/nearest_1.f90 -O2 execution test FAIL: gfortran.dg/nearest_1.f90 -O3 -fomit-frame-pointer execution test FAIL: gfortran.dg/nearest_1.f90 -O3 -fomit-frame-pointer -funroll-loops execution test FAIL: gfortran.dg/nearest_1.f90 -O3 -fomit-frame-pointer -funroll-all-loops -finline-functions execution test FAIL: gfortran.dg/nearest_1.f90 -O3 -g execution test FAIL: gfortran.dg/nearest_1.f90 -Os execution test === gfortran Summary === # of expected passes 14149 # of unexpected failures 17 # of expected failures 14 # of unsupported tests 99 /exp/ldroot/dodes/xsh-gcc-orig/gcc/testsuite/gfortran/../../gfortran version 4.2.0 20061005 (experimental) Host is i686-pc-linux-gnu === objc tests === Running target unix WARNING: Assuming target board is the local machine (which is probably wrong). === objc Summary === # of expected passes 1760 # of expected failures 7 # of unsupported tests 24 /exp/ldroot/dodes/xsh-gcc-orig/gcc/xgcc version 4.2.0 20061005 (experimental) Host is sh4-unknown-linux-gnu === libffi tests === Running target unix WARNING: Assuming target board is the local machine (which is probably wrong). === libffi Summary === # of expected passes 1084 # of unsupported tests 8 Host is sh4-unknown-linux-gnu === libgomp tests === Running target unix WARNING: Assuming target board is the local machine (which is probably wrong). FAIL: libgomp.fortran/omp_cond3.F90 -O (test for excess errors) WARNING: libgomp.fortran/omp_cond3.F90 -O compilation failed to produce executable FAIL: libgomp.fortran/omp_parse1.f90 -O0 (test for excess errors) WARNING: libgomp.fortran/omp_parse1.f90 -O0 compilation failed to produce executable FAIL: libgomp.fortran/omp_parse1.f90 -O1 (test for excess errors) WARNING: libgomp.fortran/omp_parse1.f90 -O1 compilation failed to produce executable FAIL: libgomp.fortran/omp_parse1.f90 -O2 (test for excess errors) WARNING: libgomp.fortran/omp_parse1.f90 -O2 compilation failed to produce executable FAIL: libgomp.fortran/omp_parse1.f90 -O3 -fomit-frame-pointer (test for excess errors) WARNING: libgomp.fortran/omp_parse1.f90 -O3 -fomit-frame-pointer compilation failed to produce executable FAIL: libgomp.fortran/omp_parse1.f90 -O3 -fomit-frame-pointer -funroll-loops (test for excess errors) WARNING: libgomp.fortran/omp_parse1.f90 -O3 -fomit-frame-pointer -funroll-loops compilation failed to produce executable FAIL: libgomp.fortran/omp_parse1.f90 -O3 -fomit-frame-pointer -funroll-all-loops -finline-functions (test for excess errors) WARNING: libgomp.fortran/omp_parse1.f90 -O3 -fomit-frame-pointer -funroll-all-loops -finline-functions compilation failed to produce executable FAIL: libgomp.fortran/omp_parse1.f90 -O3 -g (test for excess errors) WARNING: libgomp.fortran/omp_parse1.f90 -O3 -g compilation failed to produce executable FAIL: libgomp.fortran/omp_parse1.f90 -Os (test for excess errors) WARNING: libgomp.fortran/omp_parse1.f90 -Os compilation failed to produce executable FAIL: libgomp.fortran/threadprivate2.f90 -O2 execution test FAIL: libgomp.fortran/threadprivate2.f90 -O3 -fomit-frame-pointer execution test FAIL: libgomp.fortran/threadprivate2.f90 -O3 -fomit-frame-pointer -funroll-loops execution test FAIL: libgomp.fortran/threadprivate2.f90 -O3 -fomit-frame-pointer -funroll-all-loops -finline-functions execution test FAIL: libgomp.fortran/threadprivate2.f90 -O3 -g execution test === libgomp Summary === # of expected passes 1491 # of unexpected failures 14 # of unsupported tests 7 Host is sh4-unknown-linux-gnu === libjava tests === Running target unix WARNING: Assuming target board is the local machine (which is probably wrong). FAIL: ExtraClassLoader -O3 execution - source compiled test === libjava Summary === # of expected passes 5286 # of unexpected failures 1 # of expected failures 12 # of untested testcases 11 Host is sh4-unknown-linux-gnu === libmudflap tests === Running target unix WARNING: Assuming target board is the local machine (which is probably wrong). === libmudflap Summary === # of expected passes 1814 Host is sh4-unknown-linux-gnu === libstdc++ tests === Running target unix WARNING: Assuming target board is the local machine (which is probably wrong). XPASS: 26_numerics/cmath/c99_classification_macros_c.cc (test for excess errors) === libstdc++ Summary === # of expected passes 4415 # of unexpected successes 1 # of expected failures 15 # of unsupported tests 6 Compiler version: 4.2.0 20061005 (experimental) Platform: sh4-unknown-linux-gnu configure flags: --host=i686-pc-linux-gnu --target=sh4-unknown-linux-gnu --enable-shared --enable-threads=posix --enable-clocale=gnu --enable-libgcj --with-ld=/usr/local/bin/sh4-unknown-linux-gnu-ld --with-as=/usr/local/bin/sh4-unknown-linux-gnu-as --wit h-sysroot=/exp/ldroot --enable-languages=c,c++,fortran,java,objc
Index Nav: | [Date Index] [Subject Index] [Author Index] [Thread Index] | |
---|---|---|
Message Nav: | [Date Prev] [Date Next] | [Thread Prev] [Thread Next] |