This is the mail archive of the
gcc-testresults@gcc.gnu.org
mailing list for the GCC project.
Results for 4.1.1 (CodeSourcery ARM Sourcery G++ 2006q3-23) testsuite on arm-none-linux-gnueabi
- From: CodeSourcery Automatic Testing System <gcc at codesourcery dot com>
- To: gcc-testresults at gcc dot gnu dot org
- Date: Wed, 4 Oct 2006 10:07:42 -0700
- Subject: Results for 4.1.1 (CodeSourcery ARM Sourcery G++ 2006q3-23) testsuite on arm-none-linux-gnueabi
LAST_UPDATED: Wed Oct 4 06:18:03 UTC 2006 (/branches/csl/sourcerygxx-4_1 revision 117391)
Target is arm-none-linux-gnueabi
Host is i686-pc-linux-gnu
=== g++ tests ===
Running target qemu-system
FAIL: g++.dg/abi/local1.C execution test
XPASS: g++.dg/other/packed1.C execution test
XPASS: g++.dg/tree-ssa/pr14814.C scan-tree-dump-times &this 0
XPASS: g++.old-deja/g++.other/init5.C execution test
=== g++ Summary ===
# of expected passes 11988
# of unexpected failures 1
# of unexpected successes 3
# of expected failures 66
# of unsupported tests 124
/scratch/gcc/nightly-2006-10-03-csl-arm/arm-none-linux-gnueabi/build_gcc/build/test-2006q3-23-arm-none-linux-gnueabi-i686-pc-linux-gnu/arm-2006q3/bin/arm-none-linux-gnueabi-c++ version 4.1.1 (CodeSourcery ARM Sourcery G++ 2006q3-23)
Host is i686-pc-linux-gnu
=== gcc tests ===
Running target qemu-system
XPASS: gcc.dg/vect/pr16105.c scan-tree-dump-times vectorized 1 loops 1
XPASS: gcc.dg/vect/pr20122.c scan-tree-dump-times vectorized 1 loops 2
XPASS: gcc.dg/vect/vect-105.c scan-tree-dump-times vectorized 1 loops 1
XPASS: gcc.dg/vect/vect-30.c scan-tree-dump-times vectorized 1 loops 2
XPASS: gcc.dg/vect/vect-42.c scan-tree-dump-times vectorized 1 loops 1
XPASS: gcc.dg/vect/vect-43.c scan-tree-dump-times vectorized 1 loops 1
XPASS: gcc.dg/vect/vect-74.c scan-tree-dump-times vectorized 1 loops 1
XPASS: gcc.dg/vect/vect-75.c scan-tree-dump-times vectorized 1 loops 1
XPASS: gcc.dg/vect/vect-8.c scan-tree-dump-times vectorized 1 loops 1
FAIL: gcc.dg/vect/fast-math-vect-reduc-5.c scan-tree-dump-times vectorized 3 loops 1
=== gcc Summary ===
# of expected passes 41252
# of unexpected failures 1
# of unexpected successes 9
# of expected failures 132
# of untested testcases 28
# of unsupported tests 349
/scratch/gcc/nightly-2006-10-03-csl-arm/arm-none-linux-gnueabi/build_gcc/build/test-2006q3-23-arm-none-linux-gnueabi-i686-pc-linux-gnu/arm-2006q3/bin/arm-none-linux-gnueabi-gcc version 4.1.1 (CodeSourcery ARM Sourcery G++ 2006q3-23)
Host is i686-pc-linux-gnu
=== libstdc++ tests ===
Running target qemu-system
=== libstdc++ Summary ===
# of expected passes 3387
# of expected failures 13
# of unsupported tests 327
Host is i686-pc-linux-gnu
=== g++ tests ===
Running target qemu-system/-mthumb
FAIL: g++.dg/abi/local1.C execution test
XPASS: g++.dg/other/packed1.C execution test
XPASS: g++.dg/tree-ssa/pr14814.C scan-tree-dump-times &this 0
XPASS: g++.old-deja/g++.other/init5.C execution test
=== g++ Summary ===
# of expected passes 11984
# of unexpected failures 1
# of unexpected successes 3
# of expected failures 66
# of unsupported tests 126
/scratch/gcc/nightly-2006-10-03-csl-arm/arm-none-linux-gnueabi/build_gcc/build/test-2006q3-23-arm-none-linux-gnueabi-i686-pc-linux-gnu/arm-2006q3/bin/arm-none-linux-gnueabi-c++ version 4.1.1 (CodeSourcery ARM Sourcery G++ 2006q3-23)
Host is i686-pc-linux-gnu
=== gcc tests ===
Running target qemu-system/-mthumb
XPASS: gcc.c-torture/execute/941014-1.c execution, -O0
FAIL: gcc.dg/nested-func-4.c (test for excess errors)
WARNING: gcc.dg/nested-func-4.c compilation failed to produce executable
FAIL: gcc.dg/sibcall-3.c execution test
FAIL: gcc.dg/sibcall-4.c execution test
XPASS: gcc.dg/tree-ssa/20040204-1.c scan-tree-dump-times link_error 0
=== gcc Summary ===
# of expected passes 37252
# of unexpected failures 3
# of unexpected successes 2
# of expected failures 76
# of untested testcases 28
# of unsupported tests 2192
/scratch/gcc/nightly-2006-10-03-csl-arm/arm-none-linux-gnueabi/build_gcc/build/test-2006q3-23-arm-none-linux-gnueabi-i686-pc-linux-gnu/arm-2006q3/bin/arm-none-linux-gnueabi-gcc version 4.1.1 (CodeSourcery ARM Sourcery G++ 2006q3-23)
Host is i686-pc-linux-gnu
=== libstdc++ tests ===
Running target qemu-system/-mthumb
FAIL: 22_locale/money_put/put/char/4.cc execution test
FAIL: 22_locale/num_put/put/char/4.cc execution test
FAIL: 22_locale/num_put/put/wchar_t/4.cc execution test
=== libstdc++ Summary ===
# of expected passes 3384
# of unexpected failures 3
# of expected failures 13
# of unsupported tests 327
Compiler version: 4.1.1 (CodeSourcery ARM Sourcery G++ 2006q3-23)
Platform: arm-none-linux-gnueabi
configure flags: --build=i686-pc-linux-gnu --host=i686-pc-linux-gnu --target=arm-none-linux-gnueabi --enable-languages=c,c++ --enable-shared --enable-threads --disable-libmudflap --disable-libssp --disable-libgomp --disable-libstdcxx-pch --with-gnu-as --with-gnu-ld --prefix=/opt/codesourcery --enable-symvers=gnu --enable-__cxa_atexit --with-versuffix='CodeSourcery ARM Sourcery G++ 2006q3-23' --with-pkgversion='CodeSourcery ARM Sourcery G++ 2006q3-23' --with-bugurl=mailto:arm-gnu@codesourcery.com --disable-nls --with-sysroot=/opt/codesourcery/arm-none-linux-gnueabi/libc --with-build-sysroot=/scratch/gcc/nightly-2006-10-03-csl-arm/arm-none-linux-gnueabi/build_gcc/install/arm-none-linux-gnueabi/libc