This is the mail archive of the
gcc-testresults@gcc.gnu.org
mailing list for the GCC project.
Results for 4.2.0 20061003 (experimental) testsuite on hppa2.0w-hp-hpux11.11
- From: CodeSourcery Automatic Testing System <gcc at codesourcery dot com>
- To: gcc-testresults at gcc dot gnu dot org
- Date: Tue, 3 Oct 2006 15:37:15 -0400 (EDT)
- Subject: Results for 4.2.0 20061003 (experimental) testsuite on hppa2.0w-hp-hpux11.11
LAST_UPDATED: Tue Oct 3 07:16:56 UTC 2006 (/trunk revision 117391)
Native configuration is hppa2.0w-hp-hpux11.11
=== g++ tests ===
Running target unix
XPASS: g++.dg/tree-ssa/ivopts-1.C scan-tree-dump-not &x\\[5\\]
=== g++ Summary ===
# of expected passes 12560
# of unexpected successes 1
# of expected failures 70
# of unsupported tests 180
/scratch/gcc/nightly-2006-10-03-mainline/hppa2.0w-hp-hpux11.11/build_gcc/build/test-mainline-0-hppa2.0w-hp-hpux11.11-hppa2.0w-hp-hpux11.11/fsf-mainline/bin/c++ version 4.2.0 20061003 (experimental)
=== gcc tests ===
Running target unix
WARNING: program timed out.
FAIL: gcc.c-torture/compile/20001226-1.c -O3 -g (test for excess errors)
FAIL: gcc.dg/pthread-init-1.c (test for excess errors)
FAIL: gcc.dg/pthread-init-2.c (test for excess errors)
=== gcc Summary ===
# of expected passes 39338
# of unexpected failures 3
# of expected failures 81
# of untested testcases 28
# of unsupported tests 485
/scratch/gcc/nightly-2006-10-03-mainline/hppa2.0w-hp-hpux11.11/build_gcc/build/test-mainline-0-hppa2.0w-hp-hpux11.11-hppa2.0w-hp-hpux11.11/fsf-mainline/bin/gcc version 4.2.0 20061003 (experimental)
=== libstdc++ tests ===
Running target unix
FAIL: 26_numerics/cmath/c99_classification_macros_c.cc (test for excess errors)
=== libstdc++ Summary ===
# of expected passes 3763
# of unexpected failures 1
# of expected failures 15
# of unsupported tests 332
Compiler version: 4.2.0 20061003 (experimental)
Platform: hppa2.0w-hp-hpux11.11
configure flags: --build=hppa2.0w-hp-hpux11.11 --host=hppa2.0w-hp-hpux11.11 --target=hppa2.0w-hp-hpux11.11 --enable-languages=c,c++ --enable-shared --enable-threads --disable-libmudflap --disable-libssp --disable-libgomp --disable-libstdcxx-pch --with-gnu-as --with-as=/scratch/gcc/nightly-2006-10-03-mainline/hppa2.0w-hp-hpux11.11/build_gcc/install/bin/as --without-gnu-ld --with-ld=/usr/ccs/bin/ld --prefix=/scratch/gcc/nightly-2006-10-03-mainline/hppa2.0w-hp-hpux11.11/build_gcc/install --disable-nls