This is the mail archive of the mailing list for the GCC project.

Index Nav: [Date Index] [Subject Index] [Author Index] [Thread Index]
Message Nav: [Date Prev] [Date Next] [Thread Prev] [Thread Next]
Other format: [Raw text]

Results for 3.4.6 testsuite on powerpc-unknown-linux-gnu

This is using the GCC 3.4.6 Release tarball and is based on the
DIY Linux Reference Build recipe from:

Using these packages:

FSF binutils-2.16.1

Running under a 2.6.18 kernel.

LAST_UPDATED: Obtained from SVN: tags/gcc_3_4_6_release revision 111785

Native configuration is powerpc-unknown-linux-gnu

		=== g++ tests ===

Running target unix
XPASS: g++.dg/other/packed1.C execution test
XPASS: g++.old-deja/g++.other/init5.C execution test

		=== g++ Summary ===

# of expected passes		9972
# of unexpected successes	2
# of expected failures		66
# of unsupported tests		71
/home/pkgmgr/src/gcc-build/gcc/testsuite/../g++  version 3.4.6

		=== gcc tests ===

Running target unix
FAIL: gcc.dg/20020103-1.c scan-assembler-not LC[0-9]
FAIL: gcc.dg/ppc-sdata-1.c scan-assembler sdat@sdarel\\\\(13\\\\)
FAIL: gcc.dg/ppc-sdata-1.c scan-assembler sdat2@sda21\\\\(2\\\\)

		=== gcc Summary ===

# of expected passes		25047
# of unexpected failures	3
# of expected failures		69
# of untested testcases		7
# of unsupported tests		331
/home/pkgmgr/src/gcc-build/gcc/xgcc version 3.4.6

		=== libstdc++ tests ===

Running target unix
XPASS: 22_locale/locale/cons/ execution test
XPASS: 26_numerics/ (test for excess errors)

		=== libstdc++ Summary ===

# of expected passes		2737
# of unexpected successes	2
# of expected failures		5

Compiler version: 3.4.6 
Platform: powerpc-unknown-linux-gnu
configure flags: --libexecdir=/usr/lib --enable-shared --disable-multilib --enable-languages=c,c++ --enable-clocale=gnu --enable-threads=posix --enable-__cxa_atexit

Index Nav: [Date Index] [Subject Index] [Author Index] [Thread Index]
Message Nav: [Date Prev] [Date Next] [Thread Prev] [Thread Next]