This is the mail archive of the gcc-testresults@gcc.gnu.org mailing list for the GCC project.


Index Nav: [Date Index] [Subject Index] [Author Index] [Thread Index]
Message Nav: [Date Prev] [Date Next] [Thread Prev] [Thread Next]
Other format: [Raw text]

Results for 3.4.6 testsuite on i386-unknown-freebsd6.0


i386-unknown-freebsd6.0

FreeBSD 6.0-RELEASE FreeBSD 6.0-RELEASE #0: Thu Nov  3 09:36:13 UTC 2005     root@x64.samsco.home:/usr/obj/usr/src/sys/GENERIC  i386

i386-bsd-freebsd6.0, Intel(R) Xeon(TM) CPU 3.00GHz, 1xCPU, 3000MHz, 2038MB

configure options: --prefix=/usr/software --program-suffix=-3.4.6

Bootstrapped with:
Using built-in specs.
Target: i386-unknown-freebsd6.0
Configured with: /usr/software/src/gcc-4.1.1/configure --prefix=/usr/software --program-suffix=-4.1.1 --enable-languages=c,c++
Thread model: posix
gcc version 4.1.1
LAST_UPDATED: Obtained from SVN: tags/gcc_3_4_6_release revision 111785

Native configuration is i386-unknown-freebsd6.0

		=== g++ tests ===


Running target unix
FAIL: g++.old-deja/g++.law/profile1.C (test for excess errors)

		=== g++ Summary ===

# of expected passes		10001
# of unexpected failures	1
# of expected failures		67
# of unsupported tests		54
/usr/software/src/objdir-gcc-3.4.6-withall-4.1.1bootstrap/gcc/testsuite/../g++  version 3.4.6

		=== g77 tests ===


Running target unix

		=== g77 Summary ===

# of expected passes		1812
# of unsupported tests		6
/usr/software/src/objdir-gcc-3.4.6-withall-4.1.1bootstrap/gcc/testsuite/../g77  version 3.4.6

		=== gcc tests ===


Running target unix
FAIL: gcc.c-torture/execute/conversion.c execution,  -O0 
FAIL: gcc.c-torture/execute/conversion.c execution,  -O1 
FAIL: gcc.c-torture/execute/conversion.c execution,  -O2 
FAIL: gcc.c-torture/execute/conversion.c execution,  -Os 
FAIL: gcc.c-torture/execute/va-arg-25.c execution,  -Os 
FAIL: gcc.c-torture/execute/ieee/rbug.c execution,  -O3 -fomit-frame-pointer 
FAIL: gcc.c-torture/execute/ieee/rbug.c execution,  -O3 -g 
FAIL: gcc.dg/builtins-20.c (test for excess errors)
FAIL: gcc.dg/const-elim-1.c scan-assembler-not L\\\\\$?C[^A-Z]
FAIL: gcc.dg/i386-387-3.c scan-assembler fldpi
FAIL: gcc.dg/i386-387-4.c scan-assembler fldpi
FAIL: largefile.c -O0 -g (test for excess errors)
FAIL: largefile.c  -O0  (test for excess errors)
FAIL: largefile.c  -O1  (test for excess errors)
FAIL: largefile.c  -O2  (test for excess errors)
FAIL: largefile.c  -O3 -fomit-frame-pointer  (test for excess errors)
FAIL: largefile.c  -O3 -g  (test for excess errors)
FAIL: largefile.c  -Os  (test for excess errors)

		=== gcc Summary ===

# of expected passes		25307
# of unexpected failures	18
# of expected failures		70
# of untested testcases		14
# of unsupported tests		223
/usr/software/src/objdir-gcc-3.4.6-withall-4.1.1bootstrap/gcc/xgcc version 3.4.6

		=== objc tests ===


Running target unix

		=== objc Summary ===

# of expected passes		1352
# of unsupported tests		8
/usr/software/src/objdir-gcc-3.4.6-withall-4.1.1bootstrap/gcc/xgcc  version 3.4.6

		=== libffi tests ===


Running target unix
FAIL: libffi.call/closure_fn0.c (test for excess errors)
FAIL: libffi.call/closure_fn1.c (test for excess errors)
FAIL: libffi.call/closure_fn2.c (test for excess errors)
FAIL: libffi.call/closure_fn3.c (test for excess errors)
FAIL: libffi.call/closure_fn4.c (test for excess errors)
FAIL: libffi.call/closure_fn5.c (test for excess errors)
FAIL: libffi.call/cls_12byte.c (test for excess errors)
FAIL: libffi.call/cls_16byte.c (test for excess errors)
FAIL: libffi.call/cls_18byte.c (test for excess errors)
FAIL: libffi.call/cls_19byte.c (test for excess errors)
FAIL: libffi.call/cls_1_1byte.c (test for excess errors)
FAIL: libffi.call/cls_1_1byte.c output pattern test, is 157 12: 169
FAIL: libffi.call/cls_20byte.c (test for excess errors)
FAIL: libffi.call/cls_20byte1.c (test for excess errors)
FAIL: libffi.call/cls_24byte.c (test for excess errors)
FAIL: libffi.call/cls_2byte.c (test for excess errors)
FAIL: libffi.call/cls_2byte.c execution test
FAIL: libffi.call/cls_3_1byte.c (test for excess errors)
FAIL: libffi.call/cls_3byte1.c (test for excess errors)
FAIL: libffi.call/cls_3byte1.c execution test
FAIL: libffi.call/cls_3byte2.c (test for excess errors)
FAIL: libffi.call/cls_3byte2.c execution test
FAIL: libffi.call/cls_4_1byte.c (test for excess errors)
FAIL: libffi.call/cls_4_1byte.c execution test
FAIL: libffi.call/cls_4byte.c (test for excess errors)
FAIL: libffi.call/cls_4byte.c execution test
FAIL: libffi.call/cls_5byte.c (test for excess errors)
FAIL: libffi.call/cls_64byte.c (test for excess errors)
FAIL: libffi.call/cls_6byte.c (test for excess errors)
FAIL: libffi.call/cls_7byte.c (test for excess errors)
FAIL: libffi.call/cls_7byte.c execution test
FAIL: libffi.call/cls_8byte.c (test for excess errors)
FAIL: libffi.call/cls_8byte.c execution test
FAIL: libffi.call/cls_9byte1.c (test for excess errors)
FAIL: libffi.call/cls_9byte2.c (test for excess errors)
FAIL: libffi.call/cls_align_double.c (test for excess errors)
FAIL: libffi.call/cls_align_float.c (test for excess errors)
FAIL: libffi.call/cls_align_longdouble.c (test for excess errors)
FAIL: libffi.call/cls_align_pointer.c (test for excess errors)
FAIL: libffi.call/cls_align_sint16.c (test for excess errors)
FAIL: libffi.call/cls_align_sint32.c (test for excess errors)
FAIL: libffi.call/cls_align_sint64.c (test for excess errors)
FAIL: libffi.call/cls_align_uint16.c (test for excess errors)
FAIL: libffi.call/cls_align_uint32.c (test for excess errors)
FAIL: libffi.call/cls_align_uint64.c (test for excess errors)
FAIL: libffi.call/cls_double.c (test for excess errors)
FAIL: libffi.call/cls_float.c (test for excess errors)
FAIL: libffi.call/cls_multi_schar.c (test for excess errors)
FAIL: libffi.call/cls_multi_sshort.c (test for excess errors)
FAIL: libffi.call/cls_multi_sshortchar.c (test for excess errors)
FAIL: libffi.call/cls_multi_uchar.c (test for excess errors)
FAIL: libffi.call/cls_multi_ushort.c (test for excess errors)
FAIL: libffi.call/cls_multi_ushortchar.c (test for excess errors)
FAIL: libffi.call/cls_schar.c (test for excess errors)
FAIL: libffi.call/cls_sint.c (test for excess errors)
FAIL: libffi.call/cls_sshort.c (test for excess errors)
FAIL: libffi.call/cls_uchar.c (test for excess errors)
FAIL: libffi.call/cls_uint.c (test for excess errors)
FAIL: libffi.call/cls_ulonglong.c (test for excess errors)
FAIL: libffi.call/cls_ushort.c (test for excess errors)
FAIL: libffi.call/float.c (test for excess errors)
FAIL: libffi.call/float1.c (test for excess errors)
FAIL: libffi.call/float2.c (test for excess errors)
FAIL: libffi.call/many.c (test for excess errors)
FAIL: libffi.call/nested_struct.c (test for excess errors)
FAIL: libffi.call/nested_struct1.c (test for excess errors)
FAIL: libffi.call/nested_struct2.c (test for excess errors)
FAIL: libffi.call/nested_struct3.c (test for excess errors)
FAIL: libffi.call/problem1.c (test for excess errors)
FAIL: libffi.call/promotion.c (test for excess errors)
FAIL: libffi.call/pyobjc-tc.c (test for excess errors)
FAIL: libffi.call/return_ll.c (test for excess errors)
FAIL: libffi.call/return_sc.c (test for excess errors)
FAIL: libffi.call/return_uc.c (test for excess errors)
FAIL: libffi.call/strlen.c (test for excess errors)
FAIL: libffi.call/struct1.c (test for excess errors)
FAIL: libffi.call/struct2.c (test for excess errors)
FAIL: libffi.call/struct3.c (test for excess errors)
FAIL: libffi.call/struct3.c execution test
FAIL: libffi.call/struct4.c (test for excess errors)
FAIL: libffi.call/struct5.c (test for excess errors)
FAIL: libffi.call/struct5.c execution test
FAIL: libffi.call/struct6.c (test for excess errors)
FAIL: libffi.call/struct7.c (test for excess errors)
FAIL: libffi.call/struct8.c (test for excess errors)
FAIL: libffi.call/struct9.c (test for excess errors)
FAIL: libffi.call/struct9.c execution test
FAIL: libffi.special/unwindtest.cc  -lstdc++ (test for excess errors)
WARNING: libffi.special/unwindtest.cc  -lstdc++ compilation failed to produce executable

		=== libffi Summary ===

# of expected passes		115
# of unexpected failures	88
# of unsupported tests		2
		=== libjava tests ===


Running target unix
FAIL: Throw_2 execution - source compiled test
FAIL: Throw_2 execution - gij test
FAIL: Throw_2 execution - bytecode->native test
FAIL: Throw_2 -O3 execution - source compiled test
FAIL: Throw_2 execution - gij test
FAIL: Throw_2 -O3 execution - bytecode->native test

		=== libjava Summary ===

# of expected passes		3259
# of unexpected failures	6
# of expected failures		10
# of untested testcases		14
		=== libstdc++ tests ===


Running target unix
FAIL: 22_locale/collate/compare/wchar_t/2.cc (test for excess errors)
WARNING: 22_locale/collate/compare/wchar_t/2.cc compilation failed to produce executable
FAIL: 22_locale/collate/compare/wchar_t/wrapped_env.cc (test for excess errors)
WARNING: 22_locale/collate/compare/wchar_t/wrapped_env.cc compilation failed to produce executable
FAIL: 22_locale/collate/compare/wchar_t/wrapped_locale.cc (test for excess errors)
WARNING: 22_locale/collate/compare/wchar_t/wrapped_locale.cc compilation failed to produce executable
FAIL: 22_locale/collate/hash/wchar_t/2.cc (test for excess errors)
WARNING: 22_locale/collate/hash/wchar_t/2.cc compilation failed to produce executable
FAIL: 22_locale/collate/hash/wchar_t/wrapped_env.cc (test for excess errors)
WARNING: 22_locale/collate/hash/wchar_t/wrapped_env.cc compilation failed to produce executable
FAIL: 22_locale/collate/hash/wchar_t/wrapped_locale.cc (test for excess errors)
WARNING: 22_locale/collate/hash/wchar_t/wrapped_locale.cc compilation failed to produce executable
FAIL: 22_locale/collate/transform/wchar_t/2.cc (test for excess errors)
WARNING: 22_locale/collate/transform/wchar_t/2.cc compilation failed to produce executable
FAIL: 22_locale/collate/transform/wchar_t/wrapped_env.cc (test for excess errors)
WARNING: 22_locale/collate/transform/wchar_t/wrapped_env.cc compilation failed to produce executable
FAIL: 22_locale/collate/transform/wchar_t/wrapped_locale.cc (test for excess errors)
WARNING: 22_locale/collate/transform/wchar_t/wrapped_locale.cc compilation failed to produce executable
FAIL: 22_locale/ctype/is/wchar_t/1.cc execution test
FAIL: 22_locale/ctype/scan/wchar_t/1.cc execution test
XPASS: 22_locale/locale/cons/12658_thread.cc execution test

		=== libstdc++ Summary ===

# of expected passes		2717
# of unexpected failures	11
# of unexpected successes	1
# of expected failures		5

Compiler version: 3.4.6 
Platform: i386-unknown-freebsd6.0
configure flags: --prefix=/usr/software --program-suffix=-3.4.6


Index Nav: [Date Index] [Subject Index] [Author Index] [Thread Index]
Message Nav: [Date Prev] [Date Next] [Thread Prev] [Thread Next]