This is the mail archive of the gcc-testresults@gcc.gnu.org mailing list for the GCC project.


Index Nav: [Date Index] [Subject Index] [Author Index] [Thread Index]
Message Nav: [Date Prev] [Date Next] [Thread Prev] [Thread Next]
Other format: [Raw text]

Results for 3.4.6 testsuite on sparc-sun-solaris2.8


sparc-sun-solaris2.8

sparc-sun-solaris8, Sun-Fire-V210, 2xCPU, 1336MHz, 4096MB

SunOS 5.8 Generic_108528-29 sun4u sparc SUNW,Sun-Fire-V210

configuration options: --prefix=/usr/software --program-suffix=-3.4.6 --enable-languages=c,c++ 

bootstrapped with locally built gcc-3.4.6:
Reading specs from /usr/software/lib/gcc/sparc-sun-solaris2.8/3.4.6/specs
Configured with: /usr/software/src/gcc-3.4.6/configure --prefix=/usr/software --program-suffix=-3.4.6 --enable-languages=c,c++ --enable-shared
Thread model: posix
gcc version 3.4.6
LAST_UPDATED: Obtained from SVN: tags/gcc_3_4_6_release revision 111785

Native configuration is sparc-sun-solaris2.8

		=== g++ tests ===


Running target unix
WARNING: g++.dg/eh/simd-1.C compilation failed to produce executable
WARNING: g++.dg/eh/simd-2.C compilation failed to produce executable

		=== g++ Summary ===

# of expected passes		9928
# of expected failures		68
# of unsupported tests		77
/usr/software/src/objdir-gcc-3.4.6-sysdisk-cc-onlyc-cpp-selfhost/gcc/testsuite/../g++  version 3.4.6

		=== gcc tests ===


Running target unix
UNRESOLVED: gcc.c-torture/execute/simd-4.c execution,  -O0 
UNRESOLVED: gcc.dg/compat/vector-1 c_compat_x_tst.o-c_compat_y_tst.o link 
UNRESOLVED: gcc.dg/compat/vector-1 c_compat_x_tst.o-c_compat_y_tst.o execute 
UNRESOLVED: gcc.dg/compat/vector-2 c_compat_x_tst.o-c_compat_y_tst.o link 
UNRESOLVED: gcc.dg/compat/vector-2 c_compat_x_tst.o-c_compat_y_tst.o execute 
XPASS: gcc.dg/uninit-4.c uninitialized variable warning (test for bogus messages, line 26)
UNRESOLVED: gcc.dg/visibility-1.c
UNRESOLVED: gcc.dg/visibility-2.c
UNRESOLVED: gcc.dg/visibility-3.c
UNRESOLVED: gcc.dg/visibility-4.c
UNRESOLVED: gcc.dg/visibility-5.c
UNRESOLVED: gcc.dg/visibility-6.c
UNRESOLVED: gcc.dg/visibility-7.c
UNRESOLVED: gcc.dg/visibility-8.c
FAIL: largefile.c -O0 -g (test for excess errors)
FAIL: largefile.c  -O0  (test for excess errors)
FAIL: largefile.c  -O1  (test for excess errors)
FAIL: largefile.c  -O2  (test for excess errors)
FAIL: largefile.c  -O3 -fomit-frame-pointer  (test for excess errors)
FAIL: largefile.c  -O3 -g  (test for excess errors)
FAIL: largefile.c  -Os  (test for excess errors)

		=== gcc Summary ===

# of expected passes		24862
# of unexpected failures	7
# of unexpected successes	1
# of expected failures		78
# of unresolved testcases	13
# of untested testcases		14
# of unsupported tests		367
/usr/software/src/objdir-gcc-3.4.6-sysdisk-cc-onlyc-cpp-selfhost/gcc/xgcc version 3.4.6

		=== libstdc++ tests ===


Running target unix
XPASS: 22_locale/locale/cons/12658_thread.cc execution test

		=== libstdc++ Summary ===

# of expected passes		2736
# of unexpected successes	1
# of expected failures		6

Compiler version: 3.4.6 
Platform: sparc-sun-solaris2.8
configure flags: --prefix=/usr/software --program-suffix=-3.4.6 --enable-languages=c,c++


Index Nav: [Date Index] [Subject Index] [Author Index] [Thread Index]
Message Nav: [Date Prev] [Date Next] [Thread Prev] [Thread Next]