This is the mail archive of the gcc-testresults@gcc.gnu.org mailing list for the GCC project.
Index Nav: | [Date Index] [Subject Index] [Author Index] [Thread Index] | |
---|---|---|
Message Nav: | [Date Prev] [Date Next] | [Thread Prev] [Thread Next] |
Other format: | [Raw text] |
LAST_UPDATED: Tue Sep 19 02:59:28 UTC 2006 (revision 117050) Native configuration is s390x-ibm-linux-gnu === g++ tests === Running target unix === g++ Summary === # of expected passes 13043 # of expected failures 66 # of unsupported tests 114 /build/BUILD/gcc/obj-s390x-redhat-linux/gcc/testsuite/g++/../../g++ version 4.2.0 20060919 (experimental) === gcc tests === Running target unix FAIL: gcc.c-torture/execute/mayalias-2.c compilation, -O3 -g (internal compiler error) UNRESOLVED: gcc.c-torture/execute/mayalias-2.c execution, -O3 -g XPASS: gcc.dg/cpp/cmdlne-dI-M.c scan-file (^|\\\\n)cmdlne-dI-M.*:[^\\\\n]*cmdlne-dI-M.c XPASS: gcc.dg/cpp/cmdlne-dM-M.c scan-file (^|\\\\n)cmdlne-dM-M[^\\\\n]*:[^\\\\n]*cmdlne-dM-M.c FAIL: gcc.dg/debug/dwarf2/dwarf-file1.c scan-assembler File Entry: XPASS: gcc.dg/tree-ssa/20040204-1.c scan-tree-dump-times link_error 0 XPASS: gcc.dg/tree-ssa/sra-2.c scan-tree-dump-times link_error 0 === gcc Summary === # of expected passes 40077 # of unexpected failures 2 # of unexpected successes 4 # of expected failures 76 # of unresolved testcases 1 # of untested testcases 28 # of unsupported tests 346 /build/BUILD/gcc/obj-s390x-redhat-linux/gcc/xgcc version 4.2.0 20060919 (experimental) === gfortran tests === Running target unix === gfortran Summary === # of expected passes 14106 # of expected failures 14 # of unsupported tests 75 /build/BUILD/gcc/obj-s390x-redhat-linux/gcc/testsuite/gfortran/../../gfortran version 4.2.0 20060919 (experimental) === obj-c++ tests === Running target unix FAIL: obj-c++.dg/bitfield-1.mm (test for excess errors) FAIL: obj-c++.dg/bitfield-4.mm (test for excess errors) FAIL: obj-c++.dg/cxx-ivars-2.mm execution test FAIL: obj-c++.dg/encode-3.mm (test for excess errors) FAIL: obj-c++.dg/encode-3.mm execution test FAIL: obj-c++.dg/encode-8.mm execution test FAIL: obj-c++.dg/isa-field-1.mm (test for excess errors) FAIL: obj-c++.dg/layout-1.mm (test for excess errors) FAIL: obj-c++.dg/lookup-2.mm (test for excess errors) WARNING: obj-c++.dg/lookup-2.mm compilation failed to produce executable FAIL: obj-c++.dg/try-catch-2.mm (test for excess errors) WARNING: obj-c++.dg/try-catch-2.mm compilation failed to produce executable FAIL: obj-c++.dg/try-catch-9.mm (test for excess errors) WARNING: obj-c++.dg/try-catch-9.mm compilation failed to produce executable === obj-c++ Summary === # of expected passes 424 # of unexpected failures 11 # of unsupported tests 13 /build/BUILD/gcc/obj-s390x-redhat-linux/gcc/testsuite/obj-c++/../../g++ version 4.2.0 20060919 (experimental) === objc tests === Running target unix === objc Summary === # of expected passes 1754 # of expected failures 7 # of unsupported tests 24 /build/BUILD/gcc/obj-s390x-redhat-linux/gcc/xgcc version 4.2.0 20060919 (experimental) === libffi tests === Running target unix === libffi Summary === # of expected passes 1084 # of unsupported tests 8 === libgomp tests === Running target unix === libgomp Summary === # of expected passes 1500 === libjava tests === Running target unix === libjava Summary === # of expected passes 6989 # of expected failures 12 # of untested testcases 8 === libmudflap tests === Running target unix === libmudflap Summary === # of expected passes 1814 === libstdc++ tests === Running target unix XPASS: 26_numerics/cmath/c99_classification_macros_c.cc (test for excess errors) XPASS: 27_io/fpos/14320-1.cc execution test === libstdc++ Summary === # of expected passes 1552 # of unexpected successes 2 # of expected failures 5 # of unsupported tests 4 Compiler version: 4.2.0 20060919 (experimental) Platform: s390x-ibm-linux-gnu configure flags: --prefix=/usr --mandir=/usr/share/man --infodir=/usr/share/info --enable-shared --enable-threads=posix --enable-checking=release --with-system-zlib --enable-__cxa_atexit --disable-libunwind-exceptions --host=s390x-redhat-linux --enable-languages=c,c++,fortran,java,objc,obj-c++
Index Nav: | [Date Index] [Subject Index] [Author Index] [Thread Index] | |
---|---|---|
Message Nav: | [Date Prev] [Date Next] | [Thread Prev] [Thread Next] |