This is the mail archive of the
gcc-testresults@gcc.gnu.org
mailing list for the GCC project.
Results for 4.2.0 20060915 (experimental) testsuite on i386-apple-darwin8.7.2
- From: ssen at apple dot com (Shantonu Sen)
- To: gcc-testresults at gcc dot gnu dot org
- Date: Thu, 14 Sep 2006 22:02:24 -0700 (PDT)
- Subject: Results for 4.2.0 20060915 (experimental) testsuite on i386-apple-darwin8.7.2
Built with TOT odcctools on an Intel iMac Core 2 Duo, with MACOSX_DEPLOYMENT_TARGET unset
LAST_UPDATED: Fri Sep 15 01:56:22 UTC 2006 (revision )
Native configuration is i386-apple-darwin8.7.2
=== g++ tests ===
Running target unix
FAIL: tmpdir-g++.dg-struct-layout-1/t026 cp_compat_x_tst.o-cp_compat_y_tst.o execute
FAIL: g++.dg/abi/thunk4.C scan-assembler .weak[ \\t]_?_ZThn._N7Derived3FooEv
FAIL: g++.dg/cpp/_Pragma1.C (test for excess errors)
FAIL: g++.dg/ext/visibility/class1.C scan-assembler InitEv@PLT
FAIL: g++.dg/other/unused1.C scan-assembler (string|asci)z?\\t"class2"
FAIL: g++.dg/other/unused1.C scan-assembler (string|asci)z?\\t"printer"
XPASS: g++.dg/tree-ssa/ivopts-1.C scan-tree-dump-not offset: -4B
XPASS: g++.dg/tree-ssa/ivopts-1.C scan-tree-dump-not &x\\[5\\]
FAIL: g++.dg/warn/weak1.C (test for excess errors)
WARNING: g++.dg/warn/weak1.C compilation failed to produce executable
FAIL: g++.dg/special/conpr-3.C execution test
=== g++ Summary ===
# of expected passes 13015
# of unexpected failures 8
# of unexpected successes 2
# of expected failures 66
# of unsupported tests 107
/Volumes/HD/ltmp/ssen/gcc-build/gcc/testsuite/g++/../../g++ version 4.2.0 20060915 (experimental)
=== gcc tests ===
Running target unix
FAIL: gcc.dg/cpp/_Pragma6.c (test for excess errors)
FAIL: gcc.dg/builtin-apply4.c execution test
FAIL: gcc.dg/sibcall-6.c execution test
FAIL: gcc.dg/visibility-11.c scan-assembler memcpy@PLT
FAIL: gcc.dg/tree-ssa/gen-vect-11b.c scan-tree-dump-times vectorized 0 loops 1
FAIL: gcc.dg/tree-ssa/gen-vect-11c.c scan-tree-dump-times vectorized 0 loops 1
FAIL: gcc.dg/tree-ssa/loop-3.c scan-tree-dump-times step: 1
FAIL: gcc.target/i386/980211-1.c (test for excess errors)
FAIL: gcc.target/i386/local2.c scan-assembler-not sub[^\\\\n]*sp
FAIL: gcc.target/i386/pr21291.c (test for excess errors)
FAIL: gcc.target/i386/pr27827.c scan-assembler fmul[ \\t]*%st
FAIL: gcc.target/i386/ssefn-1.c scan-assembler-not movsd
FAIL: gcc.target/i386/ssefn-1.c scan-assembler-not mulsd
=== gcc Summary ===
# of expected passes 41033
# of unexpected failures 13
# of expected failures 111
# of untested testcases 28
# of unsupported tests 378
/Volumes/HD/ltmp/ssen/gcc-build/gcc/xgcc version 4.2.0 20060915 (experimental)
=== gfortran tests ===
Running target unix
FAIL: gfortran.dg/stat_1.f90 -O0 execution test
FAIL: gfortran.dg/stat_1.f90 -O1 execution test
FAIL: gfortran.dg/stat_1.f90 -O2 execution test
FAIL: gfortran.dg/stat_1.f90 -O3 -fomit-frame-pointer execution test
FAIL: gfortran.dg/stat_1.f90 -O3 -fomit-frame-pointer -funroll-loops execution test
FAIL: gfortran.dg/stat_1.f90 -O3 -fomit-frame-pointer -funroll-all-loops -finline-functions execution test
FAIL: gfortran.dg/stat_1.f90 -O3 -g execution test
FAIL: gfortran.dg/stat_1.f90 -Os execution test
FAIL: gfortran.dg/stat_2.f90 -O0 execution test
FAIL: gfortran.dg/stat_2.f90 -O1 execution test
FAIL: gfortran.dg/stat_2.f90 -O2 execution test
FAIL: gfortran.dg/stat_2.f90 -O3 -fomit-frame-pointer execution test
FAIL: gfortran.dg/stat_2.f90 -O3 -fomit-frame-pointer -funroll-loops execution test
FAIL: gfortran.dg/stat_2.f90 -O3 -fomit-frame-pointer -funroll-all-loops -finline-functions execution test
FAIL: gfortran.dg/stat_2.f90 -O3 -g execution test
FAIL: gfortran.dg/stat_2.f90 -Os execution test
=== gfortran Summary ===
# of expected passes 14075
# of unexpected failures 16
# of expected failures 7
# of unsupported tests 46
/Volumes/HD/ltmp/ssen/gcc-build/gcc/testsuite/gfortran/../../gfortran version 4.2.0 20060915 (experimental)
=== obj-c++ tests ===
Running target unix
FAIL: obj-c++.dg/encode-3.mm (test for excess errors)
FAIL: obj-c++.dg/stubify-1.mm (test for excess errors)
ERROR: obj-c++.dg/stubify-1.mm: error executing dg-final: couldn't open "stubify-1.s": no such file or directory
UNRESOLVED: obj-c++.dg/stubify-1.mm: error executing dg-final: couldn't open "stubify-1.s": no such file or directory
FAIL: obj-c++.dg/stubify-2.mm (test for excess errors)
ERROR: obj-c++.dg/stubify-2.mm: error executing dg-final: couldn't open "stubify-2.mm.08.jump": no such file or directory
UNRESOLVED: obj-c++.dg/stubify-2.mm: error executing dg-final: couldn't open "stubify-2.mm.08.jump": no such file or directory
=== obj-c++ Summary ===
# of expected passes 460
# of unexpected failures 3
# of unresolved testcases 2
/Volumes/HD/ltmp/ssen/gcc-build/gcc/testsuite/obj-c++/../../g++ version 4.2.0 20060915 (experimental)
=== objc tests ===
Running target unix
WARNING: program timed out.
FAIL: objc/execute/protocol-isEqual-1.m execution, -O3 -fomit-frame-pointer -fnext-runtime
ERROR: (DejaGnu) proc "
=== objc Summary ===
# of expected passes 2262
# of unexpected failures 1
/Volumes/HD/ltmp/ssen/gcc-build/gcc/xgcc version 4.2.0 20060915 (experimental)
=== libgomp tests ===
Running target unix
FAIL: libgomp.c++/ctor-1.C -O0 (test for excess errors)
FAIL: libgomp.c++/ctor-1.C -O1 (test for excess errors)
FAIL: libgomp.c++/ctor-1.C -O2 (test for excess errors)
FAIL: libgomp.c++/ctor-1.C -O3 -fomit-frame-pointer (test for excess errors)
FAIL: libgomp.c++/ctor-1.C -O3 -fomit-frame-pointer -funroll-loops (test for excess errors)
FAIL: libgomp.c++/ctor-1.C -O3 -fomit-frame-pointer -funroll-all-loops -finline-functions (test for excess errors)
FAIL: libgomp.c++/ctor-1.C -O3 -g (test for excess errors)
FAIL: libgomp.c++/ctor-1.C -Os (test for excess errors)
FAIL: libgomp.c++/ctor-2.C -O0 (test for excess errors)
FAIL: libgomp.c++/ctor-2.C -O1 (test for excess errors)
FAIL: libgomp.c++/ctor-2.C -O2 (test for excess errors)
FAIL: libgomp.c++/ctor-2.C -O3 -fomit-frame-pointer (test for excess errors)
FAIL: libgomp.c++/ctor-2.C -O3 -fomit-frame-pointer -funroll-loops (test for excess errors)
FAIL: libgomp.c++/ctor-2.C -O3 -fomit-frame-pointer -funroll-all-loops -finline-functions (test for excess errors)
FAIL: libgomp.c++/ctor-2.C -O3 -g (test for excess errors)
FAIL: libgomp.c++/ctor-2.C -Os (test for excess errors)
FAIL: libgomp.c++/ctor-3.C -O0 (test for excess errors)
FAIL: libgomp.c++/ctor-3.C -O1 (test for excess errors)
FAIL: libgomp.c++/ctor-3.C -O2 (test for excess errors)
FAIL: libgomp.c++/ctor-3.C -O3 -fomit-frame-pointer (test for excess errors)
FAIL: libgomp.c++/ctor-3.C -O3 -fomit-frame-pointer -funroll-loops (test for excess errors)
FAIL: libgomp.c++/ctor-3.C -O3 -fomit-frame-pointer -funroll-all-loops -finline-functions (test for excess errors)
FAIL: libgomp.c++/ctor-3.C -O3 -g (test for excess errors)
FAIL: libgomp.c++/ctor-3.C -Os (test for excess errors)
FAIL: libgomp.c++/ctor-4.C -O0 (test for excess errors)
FAIL: libgomp.c++/ctor-4.C -O1 (test for excess errors)
FAIL: libgomp.c++/ctor-4.C -O2 (test for excess errors)
FAIL: libgomp.c++/ctor-4.C -O3 -fomit-frame-pointer (test for excess errors)
FAIL: libgomp.c++/ctor-4.C -O3 -fomit-frame-pointer -funroll-loops (test for excess errors)
FAIL: libgomp.c++/ctor-4.C -O3 -fomit-frame-pointer -funroll-all-loops -finline-functions (test for excess errors)
FAIL: libgomp.c++/ctor-4.C -O3 -g (test for excess errors)
FAIL: libgomp.c++/ctor-4.C -Os (test for excess errors)
FAIL: libgomp.c++/ctor-6.C -O0 (test for excess errors)
FAIL: libgomp.c++/ctor-6.C -O1 (test for excess errors)
FAIL: libgomp.c++/ctor-6.C -O2 (test for excess errors)
FAIL: libgomp.c++/ctor-6.C -O3 -fomit-frame-pointer (test for excess errors)
FAIL: libgomp.c++/ctor-6.C -O3 -fomit-frame-pointer -funroll-loops (test for excess errors)
FAIL: libgomp.c++/ctor-6.C -O3 -fomit-frame-pointer -funroll-all-loops -finline-functions (test for excess errors)
FAIL: libgomp.c++/ctor-6.C -O3 -g (test for excess errors)
FAIL: libgomp.c++/ctor-6.C -Os (test for excess errors)
FAIL: libgomp.c++/ctor-7.C -O0 (test for excess errors)
FAIL: libgomp.c++/ctor-7.C -O1 (test for excess errors)
FAIL: libgomp.c++/ctor-7.C -O2 (test for excess errors)
FAIL: libgomp.c++/ctor-7.C -O3 -fomit-frame-pointer (test for excess errors)
FAIL: libgomp.c++/ctor-7.C -O3 -fomit-frame-pointer -funroll-loops (test for excess errors)
FAIL: libgomp.c++/ctor-7.C -O3 -fomit-frame-pointer -funroll-all-loops -finline-functions (test for excess errors)
FAIL: libgomp.c++/ctor-7.C -O3 -g (test for excess errors)
FAIL: libgomp.c++/ctor-7.C -Os (test for excess errors)
FAIL: libgomp.c++/loop-1.C -O (test for excess errors)
FAIL: libgomp.c++/loop-2.C -O (test for excess errors)
FAIL: libgomp.c++/loop-3.C -O (test for excess errors)
FAIL: libgomp.c++/loop-4.C -O (test for excess errors)
FAIL: libgomp.c++/loop-5.C -O (test for excess errors)
FAIL: libgomp.c++/loop-6.C -O0 (test for excess errors)
FAIL: libgomp.c++/loop-6.C -O1 (test for excess errors)
FAIL: libgomp.c++/loop-6.C -O2 (test for excess errors)
FAIL: libgomp.c++/loop-6.C -O3 -fomit-frame-pointer (test for excess errors)
FAIL: libgomp.c++/loop-6.C -O3 -fomit-frame-pointer -funroll-loops (test for excess errors)
FAIL: libgomp.c++/loop-6.C -O3 -fomit-frame-pointer -funroll-all-loops -finline-functions (test for excess errors)
FAIL: libgomp.c++/loop-6.C -O3 -g (test for excess errors)
FAIL: libgomp.c++/loop-6.C -Os (test for excess errors)
FAIL: libgomp.c++/loop-7.C -O0 (test for excess errors)
FAIL: libgomp.c++/loop-7.C -O1 (test for excess errors)
FAIL: libgomp.c++/loop-7.C -O2 (test for excess errors)
FAIL: libgomp.c++/loop-7.C -O3 -fomit-frame-pointer (test for excess errors)
FAIL: libgomp.c++/loop-7.C -O3 -fomit-frame-pointer -funroll-loops (test for excess errors)
FAIL: libgomp.c++/loop-7.C -O3 -fomit-frame-pointer -funroll-all-loops -finline-functions (test for excess errors)
FAIL: libgomp.c++/loop-7.C -O3 -g (test for excess errors)
FAIL: libgomp.c++/loop-7.C -Os (test for excess errors)
FAIL: libgomp.c++/master-1.C -O0 (test for excess errors)
FAIL: libgomp.c++/master-1.C -O1 (test for excess errors)
FAIL: libgomp.c++/master-1.C -O2 (test for excess errors)
FAIL: libgomp.c++/master-1.C -O3 -fomit-frame-pointer (test for excess errors)
FAIL: libgomp.c++/master-1.C -O3 -fomit-frame-pointer -funroll-loops (test for excess errors)
FAIL: libgomp.c++/master-1.C -O3 -fomit-frame-pointer -funroll-all-loops -finline-functions (test for excess errors)
FAIL: libgomp.c++/master-1.C -O3 -g (test for excess errors)
FAIL: libgomp.c++/master-1.C -Os (test for excess errors)
FAIL: libgomp.c++/nested-1.C -O0 (test for excess errors)
FAIL: libgomp.c++/nested-1.C -O1 (test for excess errors)
FAIL: libgomp.c++/nested-1.C -O2 (test for excess errors)
FAIL: libgomp.c++/nested-1.C -O3 -fomit-frame-pointer (test for excess errors)
FAIL: libgomp.c++/nested-1.C -O3 -fomit-frame-pointer -funroll-loops (test for excess errors)
FAIL: libgomp.c++/nested-1.C -O3 -fomit-frame-pointer -funroll-all-loops -finline-functions (test for excess errors)
FAIL: libgomp.c++/nested-1.C -O3 -g (test for excess errors)
FAIL: libgomp.c++/nested-1.C -Os (test for excess errors)
FAIL: libgomp.c++/parallel-1.C -O (test for excess errors)
FAIL: libgomp.c++/pr26691.C -O (test for excess errors)
FAIL: libgomp.c++/pr26943.C -O0 (test for excess errors)
FAIL: libgomp.c++/pr26943.C -O1 (test for excess errors)
FAIL: libgomp.c++/pr26943.C -O2 (test for excess errors)
FAIL: libgomp.c++/pr26943.C -O3 -fomit-frame-pointer (test for excess errors)
FAIL: libgomp.c++/pr26943.C -O3 -fomit-frame-pointer -funroll-loops (test for excess errors)
FAIL: libgomp.c++/pr26943.C -O3 -fomit-frame-pointer -funroll-all-loops -finline-functions (test for excess errors)
FAIL: libgomp.c++/pr26943.C -O3 -g (test for excess errors)
FAIL: libgomp.c++/pr26943.C -Os (test for excess errors)
FAIL: libgomp.c++/pr27337.C -O0 (test for excess errors)
FAIL: libgomp.c++/pr27337.C -O1 (test for excess errors)
FAIL: libgomp.c++/pr27337.C -O2 (test for excess errors)
FAIL: libgomp.c++/pr27337.C -O3 -fomit-frame-pointer (test for excess errors)
FAIL: libgomp.c++/pr27337.C -O3 -fomit-frame-pointer -funroll-loops (test for excess errors)
FAIL: libgomp.c++/pr27337.C -O3 -fomit-frame-pointer -funroll-all-loops -finline-functions (test for excess errors)
FAIL: libgomp.c++/pr27337.C -O3 -g (test for excess errors)
FAIL: libgomp.c++/pr27337.C -Os (test for excess errors)
FAIL: libgomp.c++/reduction-1.C -O (test for excess errors)
FAIL: libgomp.c++/reduction-2.C -O (test for excess errors)
FAIL: libgomp.c++/reduction-3.C -O (test for excess errors)
FAIL: libgomp.c++/sections-1.C -O (test for excess errors)
FAIL: libgomp.c++/shared-1.C -O (test for excess errors)
FAIL: libgomp.c++/shared-2.C -O (test for excess errors)
FAIL: libgomp.c++/single-1.C -O (test for excess errors)
FAIL: libgomp.c++/single-2.C -O (test for excess errors)
FAIL: libgomp.c++/single-3.C -O (test for excess errors)
FAIL: libgomp.fortran/vla5.f90 -O2 execution test
=== libgomp Summary ===
# of expected passes 1167
# of unexpected failures 113
# of unsupported tests 111
=== libstdc++ tests ===
Running target unix
XPASS: 21_strings/basic_string/element_access/char/21674.cc execution test
XPASS: 21_strings/basic_string/element_access/wchar_t/21674.cc execution test
XPASS: 23_containers/vector/resize/1.cc execution test
XPASS: 26_numerics/cmath/c99_classification_macros_c.cc (test for excess errors)
FAIL: 26_numerics/complex/13450.cc execution test
FAIL: 26_numerics/complex/complex_value.cc execution test
XPASS: 27_io/ios_base/storage/2.cc execution test
FAIL: ext/pb_ds/example/priority_queue_dijkstra.cc execution test
=== libstdc++ Summary ===
# of expected passes 3717
# of unexpected failures 3
# of unexpected successes 5
# of expected failures 11
# of unsupported tests 321
Compiler version: 4.2.0 20060915 (experimental)
Platform: i386-apple-darwin8.7.2
configure flags: --prefix=/usr/local/gcc --disable-checking --with-as=/usr/local/gcc/bin/as --with-ld=/usr/local/gcc/bin/ld --with-gmp=/usr/local/gmp --enable-languages=c,c++,fortran,objc,obj-c++