This is the mail archive of the
gcc-testresults@gcc.gnu.org
mailing list for the GCC project.
Results for 4.2.0 20060905 (experimental) testsuite on hppa64-hp-hpux11.11
- From: CodeSourcery Automatic Testing System <gcc at codesourcery dot com>
- To: gcc-testresults at gcc dot gnu dot org
- Date: Tue, 5 Sep 2006 16:44:57 -0400 (EDT)
- Subject: Results for 4.2.0 20060905 (experimental) testsuite on hppa64-hp-hpux11.11
LAST_UPDATED: Tue Sep 5 07:18:28 UTC 2006 (/trunk revision 116693)
Native configuration is hppa64-hp-hpux11.11
=== g++ tests ===
Running target unix
FAIL: g++.dg/opt/inline4.C (test for excess errors)
XPASS: g++.dg/tree-ssa/ivopts-1.C scan-tree-dump-not &x\\[5\\]
=== g++ Summary ===
# of expected passes 12272
# of unexpected failures 1
# of unexpected successes 1
# of expected failures 70
# of unsupported tests 141
/scratch/gcc/nightly-2006-09-05-mainline/hppa64-hp-hpux11.11/build_gcc/install/bin/c++ version 4.2.0 20060905 (experimental)
=== gcc tests ===
Running target unix
WARNING: program timed out.
FAIL: gcc.c-torture/compile/20001226-1.c -O2 (test for excess errors)
WARNING: program timed out.
FAIL: gcc.c-torture/compile/20001226-1.c -O3 -fomit-frame-pointer (test for excess errors)
WARNING: program timed out.
FAIL: gcc.c-torture/compile/20001226-1.c -O3 -g (test for excess errors)
WARNING: program timed out.
FAIL: gcc.c-torture/compile/20001226-1.c -Os (test for excess errors)
FAIL: gcc.c-torture/execute/mayalias-2.c compilation, -O3 -g (internal compiler error)
UNRESOLVED: gcc.c-torture/execute/mayalias-2.c execution, -O3 -g
FAIL: gcc.dg/20020425-1.c (test for excess errors)
XPASS: gcc.dg/funcorder.c scan-assembler-not link_error,%r
FAIL: gcc.dg/nrv3.c scan-tree-dump-times return slot optimization 2
FAIL: gcc.dg/torture/asm-subreg-1.c -O1 (test for excess errors)
FAIL: gcc.dg/torture/asm-subreg-1.c -O2 (test for excess errors)
FAIL: gcc.dg/torture/asm-subreg-1.c -O3 -fomit-frame-pointer (test for excess errors)
FAIL: gcc.dg/torture/asm-subreg-1.c -O3 -g (test for excess errors)
FAIL: gcc.dg/torture/asm-subreg-1.c -Os (test for excess errors)
=== gcc Summary ===
# of expected passes 39059
# of unexpected failures 12
# of unexpected successes 1
# of expected failures 82
# of unresolved testcases 1
# of untested testcases 28
# of unsupported tests 420
/scratch/gcc/nightly-2006-09-05-mainline/hppa64-hp-hpux11.11/build_gcc/install/bin/gcc version 4.2.0 20060905 (experimental)
=== libstdc++ tests ===
Running target unix
FAIL: 26_numerics/cmath/c99_classification_macros_c.cc (test for excess errors)
=== libstdc++ Summary ===
# of expected passes 3702
# of unexpected failures 1
# of expected failures 13
# of unsupported tests 331
Compiler version: 4.2.0 20060905 (experimental)
Platform: hppa64-hp-hpux11.11
configure flags: --build=hppa64-hp-hpux11.11 --host=hppa64-hp-hpux11.11 --target=hppa64-hp-hpux11.11 --enable-languages=c,c++ --enable-shared --enable-threads --disable-libmudflap --disable-libssp --disable-libgomp --disable-libstdcxx-pch --with-gnu-as --with-as=/scratch/gcc/nightly-2006-09-05-mainline/hppa64-hp-hpux11.11/build_gcc/install/bin/as --without-gnu-ld --with-ld=/usr/ccs/bin/ld --prefix=/scratch/gcc/nightly-2006-09-05-mainline/hppa64-hp-hpux11.11/build_gcc/install --disable-nls